{"text_format":"1","workbook":"xlsx","n_sheets":4,"sheets":["Instructions","Rate Change Requests","Rates","Lookups"],"not_rendered":{"charts":0,"images":1,"macros":1,"external_links":0,"defined_names":8,"comments":0,"pivot_tables":0},"unopened":[],"bounds":{"document_bytes":16777216,"sheet_cells":100000,"rows_first":2000,"rows_last":500,"rows_between":2000,"halvings":0,"cell_chars":16384,"cell_head_chars":4096},"cells_cut":0,"cells_raw":0,"read":"whole","date_system":"1900"}

{"sheet":"Instructions","index":0,"n_rows":22,"n_cols":4,"rows_kept":22,"cut":false,"hidden":false,"merged":[[6,3,6,5],[17,1,17,2],[15,1,15,2],[10,3,10,5],[11,3,11,5],[22,1,22,5],[1,1,1,5],[14,3,15,5],[17,3,17,5],[19,3,19,5],[20,3,20,5],[16,2,16,5],[2,1,2,5],[18,2,18,5],[3,2,3,5],[4,2,4,5],[5,2,5,5],[12,3,13,5],[7,2,7,5],[9,2,9,5],[8,3,8,5]]}
[]
[]
[null,"Instructions for 2022 Rate Change Requests"]
[null,"1. ","Access the Rate Change Requests tab."]
[null,"2. ","Enter the Contract Number (starting with \"GC\") at the top."]
[null,"3. ","Edit Contractor Name, if necessary."]
[null,null,"▪","Editing the displayed contractor name will disable the auto-lookup function."]
[null,"4. ","Click 'Lock Cells' to lock in Contract Number and current rates (Column E) as displayed."]
[null,null,"▪","Requested rates cannot be entered until the Contract number is locked in."]
[null,"5. ","Enter the requested rates in Column F."]
[null,null,"▪","Increase requests greater than 15% are not allowed."]
[null,null,"▪","New rates must be entered with two (2) decimal places, as currency."]
[null,null,"▪","All rate increases must include entry of rate increase justification in Column I. Justification must be relevant to the pay item description."]
[]
[null,null,"▪","Only enter a rate if requesting a change (increase or decrease). Do not enter a requested rate amount that is the same as the current rate."]
[]
[null,"6. ","Save the completed workbook with the following name and format:"]
[null,null,null,"GCXXX 2022 Rate Change Request.xlsm"]
[null,"7. ","Send your request and the workbook via email to PRP.Contracts@dep.state.fl.us"]
[null,null,"▪","Attach only one workbook per email."]
[null,null,"▪","Use the following email subject line:  GCXXX 2022 Rate Change Request"]
[null,null,"▪","The email must be sent no later than 11:59 pm, Thursday March 21, 2022. "]

{"sheet":"Rate Change Requests","index":1,"n_rows":467,"n_cols":12,"rows_kept":467,"cut":false,"hidden":false,"merged":[[3,0,3,1],[2,0,2,1],[1,0,1,1],[4,0,4,1],[465,1,465,2],[459,1,459,2],[460,1,460,2],[461,1,461,2],[462,1,462,2],[463,1,463,2],[464,1,464,2],[453,1,453,2],[454,1,454,2],[455,1,455,2],[456,1,456,2],[457,1,457,2],[458,1,458,2],[447,1,447,2],[448,1,448,2],[449,1,449,2],[450,1,450,2],[451,1,451,2],[452,1,452,2],[441,1,441,2],[442,1,442,2],[443,1,443,2],[444,1,444,2],[445,1,445,2],[446,1,446,2],[435,1,435,2],[436,1,436,2],[437,1,437,2],[438,1,438,2],[439,1,439,2],[440,1,440,2],[429,1,429,2],[430,1,430,2],[431,1,431,2],[432,1,432,2],[433,1,433,2],[434,1,434,2],[422,1,422,2],[423,1,423,2],[424,1,424,2],[425,1,425,2],[427,1,427,2],[428,1,428,2],[416,1,416,2],[417,1,417,2],[418,1,418,2],[419,1,419,2],[420,1,420,2],[421,1,421,2],[409,1,409,2],[410,1,410,2],[411,1,411,2],[412,1,412,2],[413,1,413,2],[415,1,415,2],[403,1,403,2],[404,1,404,2],[405,1,405,2],[406,1,406,2],[407,1,407,2],[408,1,408,2],[397,1,397,2],[398,1,398,2],[399,1,399,2],[400,1,400,2],[401,1,401,2],[402,1,402,2],[391,1,391,2],[392,1,392,2],[393,1,393,2],[394,1,394,2],[395,1,395,2],[396,1,396,2],[384,1,384,2],[385,1,385,2],[386,1,386,2],[388,1,388,2],[389,1,389,2],[390,1,390,2],[378,1,378,2],[379,1,379,2],[380,1,380,2],[381,1,381,2],[382,1,382,2],[383,1,383,2],[372,1,372,2],[373,1,373,2],[374,1,374,2],[375,1,375,2],[376,1,376,2],[377,1,377,2],[366,1,366,2],[367,1,367,2],[368,1,368,2],[369,1,369,2],[370,1,370,2],[371,1,371,2],[360,1,360,2],[361,1,361,2],[362,1,362,2],[363,1,363,2],[364,1,364,2],[365,1,365,2],[354,1,354,2],[355,1,355,2],[356,1,356,2],[357,1,357,2],[358,1,358,2],[359,1,359,2],[348,1,348,2],[349,1,349,2],[350,1,350,2],[351,1,351,2],[352,1,352,2],[353,1,353,2],[342,1,342,2],[343,1,343,2],[344,1,344,2],[345,1,345,2],[346,1,346,2],[347,1,347,2],[336,1,336,2],[337,1,337,2],[338,1,338,2],[339,1,339,2],[340,1,340,2],[341,1,341,2],[330,1,330,2],[331,1,331,2],[332,1,332,2],[333,1,333,2],[334,1,334,2],[335,1,335,2],[323,1,323,2],[324,1,324,2],[325,1,325,2],[326,1,326,2],[327,1,327,2],[329,1,329,2],[316,1,316,2],[317,1,317,2],[318,1,318,2],[319,1,319,2],[320,1,320,2],[321,1,321,2],[310,1,310,2],[311,1,311,2],[312,1,312,2],[313,1,313,2],[314,1,314,2],[315,1,315,2],[303,1,303,2],[304,1,304,2],[305,1,305,2],[306,1,306,2],[307,1,307,2],[308,1,308,2],[297,1,297,2],[298,1,298,2],[299,1,299,2],[300,1,300,2],[301,1,301,2],[302,1,302,2],[289,1,289,2],[290,1,290,2],[291,1,291,2],[292,1,292,2],[295,1,295,2],[296,1,296,2],[283,1,283,2],[284,1,284,2],[285,1,285,2],[286,1,286,2],[287,1,287,2],[288,1,288,2],[277,1,277,2],[278,1,278,2],[279,1,279,2],[280,1,280,2],[281,1,281,2],[282,1,282,2],[271,1,271,2],[272,1,272,2],[273,1,273,2],[274,1,274,2],[275,1,275,2],[276,1,276,2],[265,1,265,2],[266,1,266,2],[267,1,267,2],[268,1,268,2],[269,1,269,2],[270,1,270,2],[259,1,259,2],[260,1,260,2],[261,1,261,2],[262,1,262,2],[263,1,263,2],[264,1,264,2],[253,1,253,2],[254,1,254,2],[255,1,255,2],[256,1,256,2],[257,1,257,2],[258,1,258,2],[247,1,247,2],[248,1,248,2],[249,1,249,2],[250,1,250,2],[251,1,251,2],[252,1,252,2],[241,1,241,2],[242,1,242,2],[243,1,243,2],[244,1,244,2],[245,1,245,2],[246,1,246,2],[235,1,235,2],[236,1,236,2],[237,1,237,2],[238,1,238,2],[239,1,239,2],[240,1,240,2],[229,1,229,2],[230,1,230,2],[231,1,231,2],[232,1,232,2],[233,1,233,2],[234,1,234,2],[223,1,223,2],[224,1,224,2],[225,1,225,2],[226,1,226,2],[227,1,227,2],[228,1,228,2],[217,1,217,2],[218,1,218,2],[219,1,219,2],[220,1,220,2],[221,1,221,2],[222,1,222,2],[211,1,211,2],[212,1,212,2],[213,1,213,2],[214,1,214,2],[215,1,215,2],[216,1,216,2],[205,1,205,2],[206,1,206,2],[207,1,207,2],[208,1,208,2],[209,1,209,2],[210,1,210,2],[199,1,199,2],[200,1,200,2],[201,1,201,2],[202,1,202,2],[203,1,203,2],[204,1,204,2],[193,1,193,2],[194,1,194,2],[195,1,195,2],[196,1,196,2],[197,1,197,2],[198,1,198,2],[187,1,187,2],[188,1,188,2],[189,1,189,2],[190,1,190,2],[191,1,191,2],[192,1,192,2],[181,1,181,2],[182,1,182,2],[183,1,183,2],[184,1,184,2],[185,1,185,2],[186,1,186,2],[175,1,175,2],[176,1,176,2],[177,1,177,2],[178,1,178,2],[179,1,179,2],[180,1,180,2],[169,1,169,2],[170,1,170,2],[171,1,171,2],[172,1,172,2],[173,1,173,2],[174,1,174,2],[163,1,163,2],[164,1,164,2],[165,1,165,2],[166,1,166,2],[167,1,167,2],[168,1,168,2],[157,1,157,2],[158,1,158,2],[159,1,159,2],[160,1,160,2],[161,1,161,2],[162,1,162,2],[151,1,151,2],[152,1,152,2],[153,1,153,2],[154,1,154,2],[155,1,155,2],[156,1,156,2],[145,1,145,2],[146,1,146,2],[147,1,147,2],[148,1,148,2],[149,1,149,2],[150,1,150,2],[139,1,139,2],[140,1,140,2],[141,1,141,2],[142,1,142,2],[143,1,143,2],[144,1,144,2],[133,1,133,2],[134,1,134,2],[135,1,135,2],[136,1,136,2],[137,1,137,2],[138,1,138,2],[127,1,127,2],[128,1,128,2],[129,1,129,2],[130,1,130,2],[131,1,131,2],[132,1,132,2],[121,1,121,2],[122,1,122,2],[123,1,123,2],[124,1,124,2],[125,1,125,2],[126,1,126,2],[115,1,115,2],[116,1,116,2],[117,1,117,2],[118,1,118,2],[119,1,119,2],[120,1,120,2],[109,1,109,2],[110,1,110,2],[111,1,111,2],[112,1,112,2],[113,1,113,2],[114,1,114,2],[103,1,103,2],[104,1,104,2],[105,1,105,2],[106,1,106,2],[107,1,107,2],[108,1,108,2],[97,1,97,2],[98,1,98,2],[99,1,99,2],[100,1,100,2],[101,1,101,2],[102,1,102,2],[91,1,91,2],[92,1,92,2],[93,1,93,2],[94,1,94,2],[95,1,95,2],[96,1,96,2],[85,1,85,2],[86,1,86,2],[87,1,87,2],[88,1,88,2],[89,1,89,2],[90,1,90,2],[79,1,79,2],[80,1,80,2],[81,1,81,2],[82,1,82,2],[83,1,83,2],[84,1,84,2],[73,1,73,2],[74,1,74,2],[75,1,75,2],[76,1,76,2],[77,1,77,2],[78,1,78,2],[67,1,67,2],[68,1,68,2],[69,1,69,2],[70,1,70,2],[71,1,71,2],[72,1,72,2],[61,1,61,2],[62,1,62,2],[63,1,63,2],[64,1,64,2],[65,1,65,2],[66,1,66,2],[55,1,55,2],[56,1,56,2],[57,1,57,2],[58,1,58,2],[59,1,59,2],[60,1,60,2],[49,1,49,2],[50,1,50,2],[51,1,51,2],[52,1,52,2],[53,1,53,2],[54,1,54,2],[43,1,43,2],[44,1,44,2],[45,1,45,2],[46,1,46,2],[47,1,47,2],[48,1,48,2],[37,1,37,2],[38,1,38,2],[39,1,39,2],[40,1,40,2],[41,1,41,2],[42,1,42,2],[31,1,31,2],[32,1,32,2],[33,1,33,2],[34,1,34,2],[35,1,35,2],[36,1,36,2],[25,1,25,2],[26,1,26,2],[27,1,27,2],[28,1,28,2],[29,1,29,2],[30,1,30,2],[20,1,20,2],[21,1,21,2],[22,1,22,2],[23,1,23,2],[24,1,24,2],[6,1,6,2],[19,1,19,2],[13,1,13,2],[14,1,14,2],[15,1,15,2],[16,1,16,2],[17,1,17,2],[18,1,18,2],[7,1,7,2],[8,1,8,2],[9,1,9,2],[10,1,10,2],[11,1,11,2],[12,1,12,2]]}
[]
["Contract #:"]
["Region:",null,{"$f":"IF($C$2<>\"\", VLOOKUP($C$2,Lookups!$A$2:$D$132,2,FALSE), \"\")","v":""}]
["CID#:",null,{"$f":"IF($C$2<>\"\", VLOOKUP($C$2,Lookups!$A$2:$D$132,3,FALSE), \"\")","v":""}]
["Contractor Name:",null,{"$f":"IF($C$2<>\"\", VLOOKUP($C$2,Lookups!$A$2:$D$132,4,FALSE), \"\")","v":""}]
[null,""]
["PAY ITEM","DESCRIPTION                          ",null,"UNIT OF MEASURE","CONTRACTED ITEM PRICE","ATC REQUESTED ITEM PRICE","PERCENT CHANGE","CURRENT RATE PERCENTILE","NEGOTIATED RATE","JUSTIFICATION FOR INCREASE (required for all increases)",null,"Unlock?"]
["1.","OFFICE ACTIVITIES",null,null,null,null,null,null,null,null,null,"N"]
["1-1.","File Review",null,"Per Review",{"$f":"IF($C$2<>\"\", VLOOKUP($A9,Rates!$A$1:$EB$430,MATCH($C$2,Rates!$A$1:$EB$1,0),FALSE), \"\")","v":""},null,{"$f":"IF(AND(F9<>\"\",E9<>\"\"), (F9-E9)/E9, \"\")","v":""},{"$f":"IF($E9<>\"\", (_xlfn.PERCENTRANK.INC(INDEX(Rates!$B$1:$EB$430,MATCH($A9, Rates!$A$1:$A$430, 0),0), $E9, 2)*100), \"\")","v":""},{"$f":"IF(AND(E9<>\"\",F9<>\"\" ), IF(AND(H9>75,G9>0), E9, ROUND(F9,2)), \"\")","v":""},null,null,"Y"]
["1-2.","Site Health & Safety Plan",null,"Per Site",{"$f":"IF($C$2<>\"\", VLOOKUP($A10,Rates!$A$1:$EB$430,MATCH($C$2,Rates!$A$1:$EB$1,0),FALSE), \"\")","v":""},null,{"$f":"IF(AND(F10<>\"\",E10<>\"\"), (F10-E10)/E10, \"\")","v":""},{"$f":"IF($E10<>\"\", (_xlfn.PERCENTRANK.INC(INDEX(Rates!$B$1:$EB$430,MATCH($A10, Rates!$A$1:$A$430, 0),0), $E10, 2)*100), \"\")","v":""},{"$f":"IF(AND(E10<>\"\",F10<>\"\" ), IF(AND(H10>75,G10>0), E10, ROUND(F10,2)), \"\")","v":""},null,null,"Y"]
["1-2.a.","Site Health & Safety Plan for Continued Work (no cost to FDEP)",null,"Per Site",{"$f":"IF($C$2<>\"\", VLOOKUP($A11,Rates!$A$1:$EB$430,MATCH($C$2,Rates!$A$1:$EB$1,0),FALSE), \"\")","v":""},{"$f":"IF($C$2<>\"\", \"n/a\", \"\")","v":""},{"$f":"IF($C$2<>\"\", \"n/a\", \"\")","v":""},{"$f":"IF($C$2<>\"\", \"n/a\", \"\")","v":""},{"$f":"IF($C$2<>\"\", \"n/a\", \"\")","v":""},{"$f":"IF($C$2<>\"\", \"n/a\", \"\")","v":""},null,"N"]
["1-3.","Notice of Discovery of Contamination Package (Initial or TPOC)",null,"Per Package",{"$f":"IF($C$2<>\"\", VLOOKUP($A12,Rates!$A$1:$EB$430,MATCH($C$2,Rates!$A$1:$EB$1,0),FALSE), \"\")","v":""},null,"",{"$f":"IF($E12<>\"\", (_xlfn.PERCENTRANK.INC(INDEX(Rates!$B$1:$EB$430,MATCH($A12, Rates!$A$1:$A$430, 0),0), $E12, 2)*100), \"\")","v":""},"",null,null,"Y"]
["1-4.","Permit Fees (actual fee only, cost to obtain permit is included in applicable pay items)",null,"Reimbursable*",{"$f":"IF($C$2<>\"\", VLOOKUP($A13,Rates!$A$1:$EB$430,MATCH($C$2,Rates!$A$1:$EB$1,0),FALSE), \"\")","v":""},{"$f":"IF($C$2<>\"\", \"n/a\", \"\")","v":""},"","","",{"$f":"IF($C$2<>\"\", \"n/a\", \"\")","v":""},null,"N"]
["1-5.","Off-Site Property Access Agreement",null,"Per Agreement",{"$f":"IF($C$2<>\"\", VLOOKUP($A14,Rates!$A$1:$EB$430,MATCH($C$2,Rates!$A$1:$EB$1,0),FALSE), \"\")","v":""},null,"",{"$f":"IF($E14<>\"\", (_xlfn.PERCENTRANK.INC(INDEX(Rates!$B$1:$EB$430,MATCH($A14, Rates!$A$1:$A$430, 0),0), $E14, 2)*100), \"\")","v":""},"",null,null,"Y"]
["1-5.a.","Site Property Access Agreement for Source Property (no cost to FDEP)",null,"Per Agreement",{"$f":"IF($C$2<>\"\", VLOOKUP($A15,Rates!$A$1:$EB$430,MATCH($C$2,Rates!$A$1:$EB$1,0),FALSE), \"\")","v":""},{"$f":"IF($C$2<>\"\", \"n/a\", \"\")","v":""},"","","",{"$f":"IF($C$2<>\"\", \"n/a\", \"\")","v":""},null,"N"]
["1-6.","Project Specific Financial Guarantee Bond (if required by FDEP)",null,"Reimbursable*",{"$f":"IF($C$2<>\"\", VLOOKUP($A16,Rates!$A$1:$EB$430,MATCH($C$2,Rates!$A$1:$EB$1,0),FALSE), \"\")","v":""},"","","","",{"$f":"IF($C$2<>\"\", \"n/a\", \"\")","v":""},null,"N"]
["1-7.","6% Handling Fee for Cost Reimbursable Items",null,"% Surcharge",{"$f":"IF($C$2<>\"\", VLOOKUP($A17,Rates!$A$1:$EB$430,MATCH($C$2,Rates!$A$1:$EB$1,0),FALSE), \"\")","v":""},"","","","",{"$f":"IF($C$2<>\"\", \"n/a\", \"\")","v":""},null,"N"]
["2.","FIELD ACTIVITIES - GENERAL",null,null,null,null,null,null,null,null,null,"N"]
["2-1.","Site Reconnaissance/Field Measurement Visit",null,"Per Visit",{"$f":"IF($C$2<>\"\", VLOOKUP($A19,Rates!$A$1:$EB$430,MATCH($C$2,Rates!$A$1:$EB$1,0),FALSE), \"\")","v":""},null,"",{"$f":"IF($E19<>\"\", (_xlfn.PERCENTRANK.INC(INDEX(Rates!$B$1:$EB$430,MATCH($A19, Rates!$A$1:$A$430, 0),0), $E19, 2)*100), \"\")","v":""},"",null,null,"Y"]
["2-2.","Receptor Survey and Exposure Pathway Identification (excludes report)",null,"Per Survey",{"$f":"IF($C$2<>\"\", VLOOKUP($A20,Rates!$A$1:$EB$430,MATCH($C$2,Rates!$A$1:$EB$1,0),FALSE), \"\")","v":""},null,"",{"$f":"IF($E20<>\"\", (_xlfn.PERCENTRANK.INC(INDEX(Rates!$B$1:$EB$430,MATCH($A20, Rates!$A$1:$A$430, 0),0), $E20, 2)*100), \"\")","v":""},"",null,null,"Y"]
["2-3.","Professional Land Survey subject to FDEP authorization to perform and the SPI displaying the cost not to exceed as supported by quote(s) prior to performance",null,"Reimbursable*",{"$f":"IF($C$2<>\"\", VLOOKUP($A21,Rates!$A$1:$EB$430,MATCH($C$2,Rates!$A$1:$EB$1,0),FALSE), \"\")","v":""},{"$f":"IF($C$2<>\"\", \"n/a\", \"\")","v":""},"","","",{"$f":"IF($C$2<>\"\", \"n/a\", \"\")","v":""},null,"N"]
["2-4.","Contractor Oversight for Non-Price Schedule Activities",null,"Per Day",{"$f":"IF($C$2<>\"\", VLOOKUP($A22,Rates!$A$1:$EB$430,MATCH($C$2,Rates!$A$1:$EB$1,0),FALSE), \"\")","v":""},null,"",{"$f":"IF($E22<>\"\", (_xlfn.PERCENTRANK.INC(INDEX(Rates!$B$1:$EB$430,MATCH($A22, Rates!$A$1:$A$430, 0),0), $E22, 2)*100), \"\")","v":""},"",null,null,"Y"]
["3.","MOBILIZATION",null,null,null,null,null,null,null,null,null,"N"]
["3-1.","Mobilization, Light Duty Vehicle (car or 1/2 ton truck) - ≤ 100 miles each way",null,"Per Round Trip",{"$f":"IF($C$2<>\"\", VLOOKUP($A24,Rates!$A$1:$EB$430,MATCH($C$2,Rates!$A$1:$EB$1,0),FALSE), \"\")","v":""},null,"",{"$f":"IF($E24<>\"\", (_xlfn.PERCENTRANK.INC(INDEX(Rates!$B$1:$EB$430,MATCH($A24, Rates!$A$1:$A$430, 0),0), $E24, 2)*100), \"\")","v":""},"",null,null,"Y"]
["3-2.","Mobilization, Light Duty Vehicle  (car or 1/2 ton truck) - > 100 miles each way",null,"Per Round Trip",{"$f":"IF($C$2<>\"\", VLOOKUP($A25,Rates!$A$1:$EB$430,MATCH($C$2,Rates!$A$1:$EB$1,0),FALSE), \"\")","v":""},null,"",{"$f":"IF($E25<>\"\", (_xlfn.PERCENTRANK.INC(INDEX(Rates!$B$1:$EB$430,MATCH($A25, Rates!$A$1:$A$430, 0),0), $E25, 2)*100), \"\")","v":""},"",null,null,"Y"]
["3-3.","Heavy Duty/Stakebed Truck (3/4 ton +) - ≤ 100 miles each way",null,"Per Round Trip",{"$f":"IF($C$2<>\"\", VLOOKUP($A26,Rates!$A$1:$EB$430,MATCH($C$2,Rates!$A$1:$EB$1,0),FALSE), \"\")","v":""},null,"",{"$f":"IF($E26<>\"\", (_xlfn.PERCENTRANK.INC(INDEX(Rates!$B$1:$EB$430,MATCH($A26, Rates!$A$1:$A$430, 0),0), $E26, 2)*100), \"\")","v":""},"",null,null,"Y"]
["3-4.","Heavy Duty/Stakebed Truck (3/4 ton +) - > 100 miles each way",null,"Per Round Trip",{"$f":"IF($C$2<>\"\", VLOOKUP($A27,Rates!$A$1:$EB$430,MATCH($C$2,Rates!$A$1:$EB$1,0),FALSE), \"\")","v":""},null,"",{"$f":"IF($E27<>\"\", (_xlfn.PERCENTRANK.INC(INDEX(Rates!$B$1:$EB$430,MATCH($A27, Rates!$A$1:$A$430, 0),0), $E27, 2)*100), \"\")","v":""},"",null,null,"Y"]
["3-5.","Work Trailer - ≤ 100 miles each way",null,"Per Round Trip",{"$f":"IF($C$2<>\"\", VLOOKUP($A28,Rates!$A$1:$EB$430,MATCH($C$2,Rates!$A$1:$EB$1,0),FALSE), \"\")","v":""},null,"",{"$f":"IF($E28<>\"\", (_xlfn.PERCENTRANK.INC(INDEX(Rates!$B$1:$EB$430,MATCH($A28, Rates!$A$1:$A$430, 0),0), $E28, 2)*100), \"\")","v":""},"",null,null,"Y"]
["3-6.","Work Trailer - > 100 miles each way",null,"Per Round Trip",{"$f":"IF($C$2<>\"\", VLOOKUP($A29,Rates!$A$1:$EB$430,MATCH($C$2,Rates!$A$1:$EB$1,0),FALSE), \"\")","v":""},null,"",{"$f":"IF($E29<>\"\", (_xlfn.PERCENTRANK.INC(INDEX(Rates!$B$1:$EB$430,MATCH($A29, Rates!$A$1:$A$430, 0),0), $E29, 2)*100), \"\")","v":""},"",null,null,"Y"]
["3-7.a.","DPT Rig and Support Vehicles Mobilization - ≤ 100 miles each way",null,"Per Round Trip",{"$f":"IF($C$2<>\"\", VLOOKUP($A30,Rates!$A$1:$EB$430,MATCH($C$2,Rates!$A$1:$EB$1,0),FALSE), \"\")","v":""},null,"",{"$f":"IF($E30<>\"\", (_xlfn.PERCENTRANK.INC(INDEX(Rates!$B$1:$EB$430,MATCH($A30, Rates!$A$1:$A$430, 0),0), $E30, 2)*100), \"\")","v":""},"",null,null,"Y"]
["3-8.a.","DPT Rig and Support Vehicles Mobilization - > 100 miles each way",null,"Per Round Trip",{"$f":"IF($C$2<>\"\", VLOOKUP($A31,Rates!$A$1:$EB$430,MATCH($C$2,Rates!$A$1:$EB$1,0),FALSE), \"\")","v":""},null,"",{"$f":"IF($E31<>\"\", (_xlfn.PERCENTRANK.INC(INDEX(Rates!$B$1:$EB$430,MATCH($A31, Rates!$A$1:$A$430, 0),0), $E31, 2)*100), \"\")","v":""},"",null,null,"Y"]
["3-9.a.","Drill Rig and Support Vehicles Mobilization (hollow stem auger, mud rotary or sonic) - ≤ 100 miles each way",null,"Per Round Trip",{"$f":"IF($C$2<>\"\", VLOOKUP($A32,Rates!$A$1:$EB$430,MATCH($C$2,Rates!$A$1:$EB$1,0),FALSE), \"\")","v":""},null,"",{"$f":"IF($E32<>\"\", (_xlfn.PERCENTRANK.INC(INDEX(Rates!$B$1:$EB$430,MATCH($A32, Rates!$A$1:$A$430, 0),0), $E32, 2)*100), \"\")","v":""},"",null,null,"Y"]
["3-10.a.","Drill Rig and Support Vehicles Mobilization  (hollow stem auger, mud rotary or sonic) - > 100 miles each way",null,"Per Round Trip",{"$f":"IF($C$2<>\"\", VLOOKUP($A33,Rates!$A$1:$EB$430,MATCH($C$2,Rates!$A$1:$EB$1,0),FALSE), \"\")","v":""},null,"",{"$f":"IF($E33<>\"\", (_xlfn.PERCENTRANK.INC(INDEX(Rates!$B$1:$EB$430,MATCH($A33, Rates!$A$1:$A$430, 0),0), $E33, 2)*100), \"\")","v":""},"",null,null,"Y"]
["3-11.","Excavator Mobilization - ≤ 100 miles each way",null,"Per Round Trip",{"$f":"IF($C$2<>\"\", VLOOKUP($A34,Rates!$A$1:$EB$430,MATCH($C$2,Rates!$A$1:$EB$1,0),FALSE), \"\")","v":""},null,"",{"$f":"IF($E34<>\"\", (_xlfn.PERCENTRANK.INC(INDEX(Rates!$B$1:$EB$430,MATCH($A34, Rates!$A$1:$A$430, 0),0), $E34, 2)*100), \"\")","v":""},"",null,null,"Y"]
["3-12.","Excavator Mobilization - > 100 miles each way",null,"Per Round Trip",{"$f":"IF($C$2<>\"\", VLOOKUP($A35,Rates!$A$1:$EB$430,MATCH($C$2,Rates!$A$1:$EB$1,0),FALSE), \"\")","v":""},null,"",{"$f":"IF($E35<>\"\", (_xlfn.PERCENTRANK.INC(INDEX(Rates!$B$1:$EB$430,MATCH($A35, Rates!$A$1:$A$430, 0),0), $E35, 2)*100), \"\")","v":""},"",null,null,"Y"]
["3-13.a.","LDA Rig and Support Vehicles Mobilization - ≤ 100 miles each way",null,"Per Round Trip",{"$f":"IF($C$2<>\"\", VLOOKUP($A36,Rates!$A$1:$EB$430,MATCH($C$2,Rates!$A$1:$EB$1,0),FALSE), \"\")","v":""},null,"",{"$f":"IF($E36<>\"\", (_xlfn.PERCENTRANK.INC(INDEX(Rates!$B$1:$EB$430,MATCH($A36, Rates!$A$1:$A$430, 0),0), $E36, 2)*100), \"\")","v":""},"",null,null,"Y"]
["3-14.a.","LDA Rig and Support Vehicles Mobilization - > 100 miles each way",null,"Per Round Trip",{"$f":"IF($C$2<>\"\", VLOOKUP($A37,Rates!$A$1:$EB$430,MATCH($C$2,Rates!$A$1:$EB$1,0),FALSE), \"\")","v":""},null,"",{"$f":"IF($E37<>\"\", (_xlfn.PERCENTRANK.INC(INDEX(Rates!$B$1:$EB$430,MATCH($A37, Rates!$A$1:$A$430, 0),0), $E37, 2)*100), \"\")","v":""},"",null,null,"Y"]
["3-15.","Loader/Backhoe Mobilization - ≤ 100 miles each way",null,"Per Round Trip",{"$f":"IF($C$2<>\"\", VLOOKUP($A38,Rates!$A$1:$EB$430,MATCH($C$2,Rates!$A$1:$EB$1,0),FALSE), \"\")","v":""},null,"",{"$f":"IF($E38<>\"\", (_xlfn.PERCENTRANK.INC(INDEX(Rates!$B$1:$EB$430,MATCH($A38, Rates!$A$1:$A$430, 0),0), $E38, 2)*100), \"\")","v":""},"",null,null,"Y"]
["3-16.","Loader/Backhoe Mobilization - > 100 miles each way",null,"Per Round Trip",{"$f":"IF($C$2<>\"\", VLOOKUP($A39,Rates!$A$1:$EB$430,MATCH($C$2,Rates!$A$1:$EB$1,0),FALSE), \"\")","v":""},null,"",{"$f":"IF($E39<>\"\", (_xlfn.PERCENTRANK.INC(INDEX(Rates!$B$1:$EB$430,MATCH($A39, Rates!$A$1:$A$430, 0),0), $E39, 2)*100), \"\")","v":""},"",null,null,"Y"]
["3-17.","Mini Excavator/Loader (BobcatTM) Mobilization - ≤ 100 miles each way",null,"Per Round Trip",{"$f":"IF($C$2<>\"\", VLOOKUP($A40,Rates!$A$1:$EB$430,MATCH($C$2,Rates!$A$1:$EB$1,0),FALSE), \"\")","v":""},null,"",{"$f":"IF($E40<>\"\", (_xlfn.PERCENTRANK.INC(INDEX(Rates!$B$1:$EB$430,MATCH($A40, Rates!$A$1:$A$430, 0),0), $E40, 2)*100), \"\")","v":""},"",null,null,"Y"]
["3-18.","Mini Excavator/Loader (BobcatTM) Mobilization - > 100 miles each way",null,"Per Round Trip",{"$f":"IF($C$2<>\"\", VLOOKUP($A41,Rates!$A$1:$EB$430,MATCH($C$2,Rates!$A$1:$EB$1,0),FALSE), \"\")","v":""},null,"",{"$f":"IF($E41<>\"\", (_xlfn.PERCENTRANK.INC(INDEX(Rates!$B$1:$EB$430,MATCH($A41, Rates!$A$1:$A$430, 0),0), $E41, 2)*100), \"\")","v":""},"",null,null,"Y"]
["3-19.","Drum Compactor mobilization - ≤ 100 miles each way",null,"Per Round Trip",{"$f":"IF($C$2<>\"\", VLOOKUP($A42,Rates!$A$1:$EB$430,MATCH($C$2,Rates!$A$1:$EB$1,0),FALSE), \"\")","v":""},null,"",{"$f":"IF($E42<>\"\", (_xlfn.PERCENTRANK.INC(INDEX(Rates!$B$1:$EB$430,MATCH($A42, Rates!$A$1:$A$430, 0),0), $E42, 2)*100), \"\")","v":""},"",null,null,"Y"]
["3-20."," Drum Compactor mobilization - > 100 miles each way",null,"Per Round Trip",{"$f":"IF($C$2<>\"\", VLOOKUP($A43,Rates!$A$1:$EB$430,MATCH($C$2,Rates!$A$1:$EB$1,0),FALSE), \"\")","v":""},null,"",{"$f":"IF($E43<>\"\", (_xlfn.PERCENTRANK.INC(INDEX(Rates!$B$1:$EB$430,MATCH($A43, Rates!$A$1:$A$430, 0),0), $E43, 2)*100), \"\")","v":""},"",null,null,"Y"]
["4.","MEALS AND LODGING",null,null,null,null,null,null,null,null,null,"N"]
["4-1.a.","Per Diem - For travel > 1 consecutive day (prorated in quarter day incrementsin accordance with 112.061, F.S.) - Travel Voucher required and quoted rate should be per person per day",null,"Per Person,         Per Day",{"$f":"IF($C$2<>\"\", VLOOKUP($A45,Rates!$A$1:$EB$430,MATCH($C$2,Rates!$A$1:$EB$1,0),FALSE), \"\")","v":""},{"$f":"IF($C$2<>\"\", \"n/a\", \"\")","v":""},"","","",{"$f":"IF($C$2<>\"\", \"n/a\", \"\")","v":""},null,"N"]
["4-1.b.","Per Diem - Contractor travel for specific meetings or legal proceedings required by Department (hotel and meals may be paid in accordance with section 112.061, F.S.)",null,"Reimbursable*",{"$f":"IF($C$2<>\"\", VLOOKUP($A46,Rates!$A$1:$EB$430,MATCH($C$2,Rates!$A$1:$EB$1,0),FALSE), \"\")","v":""},"","","","",{"$f":"IF($C$2<>\"\", \"n/a\", \"\")","v":""},null,"N"]
["5.","DRILLING AND BORING",null,null,null,null,null,null,null,null,null,"N"]
["5-1.a.1.","Split Spoon Sampling – 2 foot (during boring) < 50 feet",null,"Per Spoon ",{"$f":"IF($C$2<>\"\", VLOOKUP($A48,Rates!$A$1:$EB$430,MATCH($C$2,Rates!$A$1:$EB$1,0),FALSE), \"\")","v":""},null,"",{"$f":"IF($E48<>\"\", (_xlfn.PERCENTRANK.INC(INDEX(Rates!$B$1:$EB$430,MATCH($A48, Rates!$A$1:$A$430, 0),0), $E48, 2)*100), \"\")","v":""},"",null,null,"Y"]
["5-1.a.2.","Split Spoon Sampling – 2 foot (during boring) 50 to 100 feet",null,"Per Spoon ",{"$f":"IF($C$2<>\"\", VLOOKUP($A49,Rates!$A$1:$EB$430,MATCH($C$2,Rates!$A$1:$EB$1,0),FALSE), \"\")","v":""},null,"",{"$f":"IF($E49<>\"\", (_xlfn.PERCENTRANK.INC(INDEX(Rates!$B$1:$EB$430,MATCH($A49, Rates!$A$1:$A$430, 0),0), $E49, 2)*100), \"\")","v":""},"",null,null,"Y"]
["5-1.a.3.","Split Spoon Sampling – 2 foot (during boring) > 100 feet",null,"Per Spoon ",{"$f":"IF($C$2<>\"\", VLOOKUP($A50,Rates!$A$1:$EB$430,MATCH($C$2,Rates!$A$1:$EB$1,0),FALSE), \"\")","v":""},null,"",{"$f":"IF($E50<>\"\", (_xlfn.PERCENTRANK.INC(INDEX(Rates!$B$1:$EB$430,MATCH($A50, Rates!$A$1:$A$430, 0),0), $E50, 2)*100), \"\")","v":""},"",null,null,"Y"]
["5-1.b.","Sonic Core Sampling - 5 or 10 foot (during boring)",null,"Per Core ",{"$f":"IF($C$2<>\"\", VLOOKUP($A51,Rates!$A$1:$EB$430,MATCH($C$2,Rates!$A$1:$EB$1,0),FALSE), \"\")","v":""},null,"",{"$f":"IF($E51<>\"\", (_xlfn.PERCENTRANK.INC(INDEX(Rates!$B$1:$EB$430,MATCH($A51, Rates!$A$1:$A$430, 0),0), $E51, 2)*100), \"\")","v":""},"",null,null,"Y"]
["5-2.","Hand Auger Boring ≤ 10 foot total depth ",null,"Per Boring",{"$f":"IF($C$2<>\"\", VLOOKUP($A52,Rates!$A$1:$EB$430,MATCH($C$2,Rates!$A$1:$EB$1,0),FALSE), \"\")","v":""},null,"",{"$f":"IF($E52<>\"\", (_xlfn.PERCENTRANK.INC(INDEX(Rates!$B$1:$EB$430,MATCH($A52, Rates!$A$1:$A$430, 0),0), $E52, 2)*100), \"\")","v":""},"",null,null,"Y"]
["5-3.a.","Direct Push Technology (DPT) Rig and Equipment",null,"Full Day",{"$f":"IF($C$2<>\"\", VLOOKUP($A53,Rates!$A$1:$EB$430,MATCH($C$2,Rates!$A$1:$EB$1,0),FALSE), \"\")","v":""},null,"",{"$f":"IF($E53<>\"\", (_xlfn.PERCENTRANK.INC(INDEX(Rates!$B$1:$EB$430,MATCH($A53, Rates!$A$1:$A$430, 0),0), $E53, 2)*100), \"\")","v":""},"",null,null,"Y"]
["5-5.a.","DPT Membrane Interface Probe (MIP) Equipped with PID and ECD (add-on cost to DPT base rate)",null,"Full Day",{"$f":"IF($C$2<>\"\", VLOOKUP($A54,Rates!$A$1:$EB$430,MATCH($C$2,Rates!$A$1:$EB$1,0),FALSE), \"\")","v":""},null,"",{"$f":"IF($E54<>\"\", (_xlfn.PERCENTRANK.INC(INDEX(Rates!$B$1:$EB$430,MATCH($A54, Rates!$A$1:$A$430, 0),0), $E54, 2)*100), \"\")","v":""},"",null,null,"Y"]
["5-6.","HSA or MR Boring, ≤ 6 inch diameter, < 50 foot total depth ",null,"Per Foot",{"$f":"IF($C$2<>\"\", VLOOKUP($A55,Rates!$A$1:$EB$430,MATCH($C$2,Rates!$A$1:$EB$1,0),FALSE), \"\")","v":""},null,"",{"$f":"IF($E55<>\"\", (_xlfn.PERCENTRANK.INC(INDEX(Rates!$B$1:$EB$430,MATCH($A55, Rates!$A$1:$A$430, 0),0), $E55, 2)*100), \"\")","v":""},"",null,null,"Y"]
["5-7.","HSA or MR Boring, ≤ 6 inch diameter, 50 to 100 foot total depth ",null,"Per Foot",{"$f":"IF($C$2<>\"\", VLOOKUP($A56,Rates!$A$1:$EB$430,MATCH($C$2,Rates!$A$1:$EB$1,0),FALSE), \"\")","v":""},null,"",{"$f":"IF($E56<>\"\", (_xlfn.PERCENTRANK.INC(INDEX(Rates!$B$1:$EB$430,MATCH($A56, Rates!$A$1:$A$430, 0),0), $E56, 2)*100), \"\")","v":""},"",null,null,"Y"]
["5-8.","HSA or MR Boring, ≤ 6 inch diameter, > 100 foot total depth ",null,"Per Foot",{"$f":"IF($C$2<>\"\", VLOOKUP($A57,Rates!$A$1:$EB$430,MATCH($C$2,Rates!$A$1:$EB$1,0),FALSE), \"\")","v":""},null,"",{"$f":"IF($E57<>\"\", (_xlfn.PERCENTRANK.INC(INDEX(Rates!$B$1:$EB$430,MATCH($A57, Rates!$A$1:$A$430, 0),0), $E57, 2)*100), \"\")","v":""},"",null,null,"Y"]
["5-9.","HSA or MR Boring, > 6 to 10 inch diameter, < 50 foot total depth ",null,"Per Foot",{"$f":"IF($C$2<>\"\", VLOOKUP($A58,Rates!$A$1:$EB$430,MATCH($C$2,Rates!$A$1:$EB$1,0),FALSE), \"\")","v":""},null,"",{"$f":"IF($E58<>\"\", (_xlfn.PERCENTRANK.INC(INDEX(Rates!$B$1:$EB$430,MATCH($A58, Rates!$A$1:$A$430, 0),0), $E58, 2)*100), \"\")","v":""},"",null,null,"Y"]
["5-10.","HSA or MR Boring, > 6 to 10 inch diameter, 50 to 100 foot total depth ",null,"Per Foot",{"$f":"IF($C$2<>\"\", VLOOKUP($A59,Rates!$A$1:$EB$430,MATCH($C$2,Rates!$A$1:$EB$1,0),FALSE), \"\")","v":""},null,"",{"$f":"IF($E59<>\"\", (_xlfn.PERCENTRANK.INC(INDEX(Rates!$B$1:$EB$430,MATCH($A59, Rates!$A$1:$A$430, 0),0), $E59, 2)*100), \"\")","v":""},"",null,null,"Y"]
["5-11.","HSA or MR Boring, > 6 to 10 inch diameter, > 100 foot total depth ",null,"Per Foot",{"$f":"IF($C$2<>\"\", VLOOKUP($A60,Rates!$A$1:$EB$430,MATCH($C$2,Rates!$A$1:$EB$1,0),FALSE), \"\")","v":""},null,"",{"$f":"IF($E60<>\"\", (_xlfn.PERCENTRANK.INC(INDEX(Rates!$B$1:$EB$430,MATCH($A60, Rates!$A$1:$A$430, 0),0), $E60, 2)*100), \"\")","v":""},"",null,null,"Y"]
["5-12.","HSA or MR Boring, > 10 to 14 inch diameter, < 50 foot total depth ",null,"Per Foot",{"$f":"IF($C$2<>\"\", VLOOKUP($A61,Rates!$A$1:$EB$430,MATCH($C$2,Rates!$A$1:$EB$1,0),FALSE), \"\")","v":""},null,"",{"$f":"IF($E61<>\"\", (_xlfn.PERCENTRANK.INC(INDEX(Rates!$B$1:$EB$430,MATCH($A61, Rates!$A$1:$A$430, 0),0), $E61, 2)*100), \"\")","v":""},"",null,null,"Y"]
["5-13.","HSA or MR Boring, > 10 to 14 inch diameter, 50 to 100 foot total depth ",null,"Per Foot",{"$f":"IF($C$2<>\"\", VLOOKUP($A62,Rates!$A$1:$EB$430,MATCH($C$2,Rates!$A$1:$EB$1,0),FALSE), \"\")","v":""},null,"",{"$f":"IF($E62<>\"\", (_xlfn.PERCENTRANK.INC(INDEX(Rates!$B$1:$EB$430,MATCH($A62, Rates!$A$1:$A$430, 0),0), $E62, 2)*100), \"\")","v":""},"",null,null,"Y"]
["5-14.","HSA or MR Boring, > 10 to 14 inch diameter, > 100 foot total depth ",null,"Per Foot",{"$f":"IF($C$2<>\"\", VLOOKUP($A63,Rates!$A$1:$EB$430,MATCH($C$2,Rates!$A$1:$EB$1,0),FALSE), \"\")","v":""},null,"",{"$f":"IF($E63<>\"\", (_xlfn.PERCENTRANK.INC(INDEX(Rates!$B$1:$EB$430,MATCH($A63, Rates!$A$1:$A$430, 0),0), $E63, 2)*100), \"\")","v":""},"",null,null,"Y"]
["5-15.","Sonic Boring, ≤ 6 inch diameter, < 50 foot total depth ",null,"Per Foot",{"$f":"IF($C$2<>\"\", VLOOKUP($A64,Rates!$A$1:$EB$430,MATCH($C$2,Rates!$A$1:$EB$1,0),FALSE), \"\")","v":""},null,"",{"$f":"IF($E64<>\"\", (_xlfn.PERCENTRANK.INC(INDEX(Rates!$B$1:$EB$430,MATCH($A64, Rates!$A$1:$A$430, 0),0), $E64, 2)*100), \"\")","v":""},"",null,null,"Y"]
["5-16.","Sonic Boring, ≤ 6 inch diameter, 50 to 100 foot total depth ",null,"Per Foot",{"$f":"IF($C$2<>\"\", VLOOKUP($A65,Rates!$A$1:$EB$430,MATCH($C$2,Rates!$A$1:$EB$1,0),FALSE), \"\")","v":""},null,"",{"$f":"IF($E65<>\"\", (_xlfn.PERCENTRANK.INC(INDEX(Rates!$B$1:$EB$430,MATCH($A65, Rates!$A$1:$A$430, 0),0), $E65, 2)*100), \"\")","v":""},"",null,null,"Y"]
["5-17.","Sonic Boring, ≤ 6 inch diameter, > 100 foot total depth ",null,"Per Foot",{"$f":"IF($C$2<>\"\", VLOOKUP($A66,Rates!$A$1:$EB$430,MATCH($C$2,Rates!$A$1:$EB$1,0),FALSE), \"\")","v":""},null,"",{"$f":"IF($E66<>\"\", (_xlfn.PERCENTRANK.INC(INDEX(Rates!$B$1:$EB$430,MATCH($A66, Rates!$A$1:$A$430, 0),0), $E66, 2)*100), \"\")","v":""},"",null,null,"Y"]
["5-18.","Sonic Boring, > 6 to 10 inch diameter, < 50 foot total depth ",null,"Per Foot",{"$f":"IF($C$2<>\"\", VLOOKUP($A67,Rates!$A$1:$EB$430,MATCH($C$2,Rates!$A$1:$EB$1,0),FALSE), \"\")","v":""},null,"",{"$f":"IF($E67<>\"\", (_xlfn.PERCENTRANK.INC(INDEX(Rates!$B$1:$EB$430,MATCH($A67, Rates!$A$1:$A$430, 0),0), $E67, 2)*100), \"\")","v":""},"",null,null,"Y"]
["5-19.","Sonic Boring, > 6 to 10 inch diameter, 50 to 100 foot total depth ",null,"Per Foot",{"$f":"IF($C$2<>\"\", VLOOKUP($A68,Rates!$A$1:$EB$430,MATCH($C$2,Rates!$A$1:$EB$1,0),FALSE), \"\")","v":""},null,"",{"$f":"IF($E68<>\"\", (_xlfn.PERCENTRANK.INC(INDEX(Rates!$B$1:$EB$430,MATCH($A68, Rates!$A$1:$A$430, 0),0), $E68, 2)*100), \"\")","v":""},"",null,null,"Y"]
["5-20.","Sonic Boring, > 6 to 10 inch diameter, > 100 foot total depth ",null,"Per Foot",{"$f":"IF($C$2<>\"\", VLOOKUP($A69,Rates!$A$1:$EB$430,MATCH($C$2,Rates!$A$1:$EB$1,0),FALSE), \"\")","v":""},null,"",{"$f":"IF($E69<>\"\", (_xlfn.PERCENTRANK.INC(INDEX(Rates!$B$1:$EB$430,MATCH($A69, Rates!$A$1:$A$430, 0),0), $E69, 2)*100), \"\")","v":""},"",null,null,"Y"]
["5-21.","Sonic Boring, > 10 to 14 inch diameter, < 50 foot total depth ",null,"Per Foot",{"$f":"IF($C$2<>\"\", VLOOKUP($A70,Rates!$A$1:$EB$430,MATCH($C$2,Rates!$A$1:$EB$1,0),FALSE), \"\")","v":""},null,"",{"$f":"IF($E70<>\"\", (_xlfn.PERCENTRANK.INC(INDEX(Rates!$B$1:$EB$430,MATCH($A70, Rates!$A$1:$A$430, 0),0), $E70, 2)*100), \"\")","v":""},"",null,null,"Y"]
["5-22.","Sonic Boring, > 10 to 14 inch diameter, 50 to 100 foot total depth ",null,"Per Foot",{"$f":"IF($C$2<>\"\", VLOOKUP($A71,Rates!$A$1:$EB$430,MATCH($C$2,Rates!$A$1:$EB$1,0),FALSE), \"\")","v":""},null,"",{"$f":"IF($E71<>\"\", (_xlfn.PERCENTRANK.INC(INDEX(Rates!$B$1:$EB$430,MATCH($A71, Rates!$A$1:$A$430, 0),0), $E71, 2)*100), \"\")","v":""},"",null,null,"Y"]
["5-23.","Sonic Boring, > 10 to 14 inch diameter, > 100 foot total depth ",null,"Per Foot",{"$f":"IF($C$2<>\"\", VLOOKUP($A72,Rates!$A$1:$EB$430,MATCH($C$2,Rates!$A$1:$EB$1,0),FALSE), \"\")","v":""},null,"",{"$f":"IF($E72<>\"\", (_xlfn.PERCENTRANK.INC(INDEX(Rates!$B$1:$EB$430,MATCH($A72, Rates!$A$1:$A$430, 0),0), $E72, 2)*100), \"\")","v":""},"",null,null,"Y"]
["6.","WELL INSTALLATION",null,null,null,null,null,null,null,null,null,"N"]
["6-1.","Well Installation - 1 inch diameter",null,"Per Foot",{"$f":"IF($C$2<>\"\", VLOOKUP($A74,Rates!$A$1:$EB$430,MATCH($C$2,Rates!$A$1:$EB$1,0),FALSE), \"\")","v":""},null,{"$f":"IF(AND(F74<>\"\",E74<>\"\"), (F74-E74)/E74, \"\")","v":""},{"$f":"IF($E74<>\"\", (_xlfn.PERCENTRANK.INC(INDEX(Rates!$B$1:$EB$430,MATCH($A74, Rates!$A$1:$A$430, 0),0), $E74, 2)*100), \"\")","v":""},{"$f":"IF(AND(E74<>\"\",F74<>\"\" ), IF(AND(H74>75,G74>0), E74, ROUND(F74,2)), \"\")","v":""},null,null,"Y"]
["6-2.a.","Well Installation - 2 inch diameter (vertical)",null,"Per Foot",{"$f":"IF($C$2<>\"\", VLOOKUP($A75,Rates!$A$1:$EB$430,MATCH($C$2,Rates!$A$1:$EB$1,0),FALSE), \"\")","v":""},null,"",{"$f":"IF($E75<>\"\", (_xlfn.PERCENTRANK.INC(INDEX(Rates!$B$1:$EB$430,MATCH($A75, Rates!$A$1:$A$430, 0),0), $E75, 2)*100), \"\")","v":""},"",null,null,"Y"]
["6-2.b.","Well Installation - 2 inch diameter (horizontal, by trenching, not directional drilling)",null,"Per Foot",{"$f":"IF($C$2<>\"\", VLOOKUP($A76,Rates!$A$1:$EB$430,MATCH($C$2,Rates!$A$1:$EB$1,0),FALSE), \"\")","v":""},null,"",{"$f":"IF($E76<>\"\", (_xlfn.PERCENTRANK.INC(INDEX(Rates!$B$1:$EB$430,MATCH($A76, Rates!$A$1:$A$430, 0),0), $E76, 2)*100), \"\")","v":""},"",null,null,"Y"]
["6-3.a.","Well Installation - 4 inch diameter (vertical)",null,"Per Foot",{"$f":"IF($C$2<>\"\", VLOOKUP($A77,Rates!$A$1:$EB$430,MATCH($C$2,Rates!$A$1:$EB$1,0),FALSE), \"\")","v":""},null,"",{"$f":"IF($E77<>\"\", (_xlfn.PERCENTRANK.INC(INDEX(Rates!$B$1:$EB$430,MATCH($A77, Rates!$A$1:$A$430, 0),0), $E77, 2)*100), \"\")","v":""},"",null,null,"Y"]
["6-3.b.","Well Installation - 4 inch diameter (horizontal, by trenching, not directional drilling)",null,"Per Foot",{"$f":"IF($C$2<>\"\", VLOOKUP($A78,Rates!$A$1:$EB$430,MATCH($C$2,Rates!$A$1:$EB$1,0),FALSE), \"\")","v":""},null,"",{"$f":"IF($E78<>\"\", (_xlfn.PERCENTRANK.INC(INDEX(Rates!$B$1:$EB$430,MATCH($A78, Rates!$A$1:$A$430, 0),0), $E78, 2)*100), \"\")","v":""},"",null,null,"Y"]
["6-4.","Well Installation - 6 inch diameter",null,"Per Foot",{"$f":"IF($C$2<>\"\", VLOOKUP($A79,Rates!$A$1:$EB$430,MATCH($C$2,Rates!$A$1:$EB$1,0),FALSE), \"\")","v":""},null,"",{"$f":"IF($E79<>\"\", (_xlfn.PERCENTRANK.INC(INDEX(Rates!$B$1:$EB$430,MATCH($A79, Rates!$A$1:$A$430, 0),0), $E79, 2)*100), \"\")","v":""},"",null,null,"Y"]
["6-5.","Surface Casing - 6 inch diameter",null,"Per Foot",{"$f":"IF($C$2<>\"\", VLOOKUP($A80,Rates!$A$1:$EB$430,MATCH($C$2,Rates!$A$1:$EB$1,0),FALSE), \"\")","v":""},null,"",{"$f":"IF($E80<>\"\", (_xlfn.PERCENTRANK.INC(INDEX(Rates!$B$1:$EB$430,MATCH($A80, Rates!$A$1:$A$430, 0),0), $E80, 2)*100), \"\")","v":""},"",null,null,"Y"]
["6-6.","Surface Casing - 8 inch diameter",null,"Per Foot",{"$f":"IF($C$2<>\"\", VLOOKUP($A81,Rates!$A$1:$EB$430,MATCH($C$2,Rates!$A$1:$EB$1,0),FALSE), \"\")","v":""},null,"",{"$f":"IF($E81<>\"\", (_xlfn.PERCENTRANK.INC(INDEX(Rates!$B$1:$EB$430,MATCH($A81, Rates!$A$1:$A$430, 0),0), $E81, 2)*100), \"\")","v":""},"",null,null,"Y"]
["6-7.","Surface Casing - 10 inch diameter",null,"Per Foot",{"$f":"IF($C$2<>\"\", VLOOKUP($A82,Rates!$A$1:$EB$430,MATCH($C$2,Rates!$A$1:$EB$1,0),FALSE), \"\")","v":""},null,"",{"$f":"IF($E82<>\"\", (_xlfn.PERCENTRANK.INC(INDEX(Rates!$B$1:$EB$430,MATCH($A82, Rates!$A$1:$A$430, 0),0), $E82, 2)*100), \"\")","v":""},"",null,null,"Y"]
["6-8.","Surface Casing - 12 inch diameter",null,"Per Foot",{"$f":"IF($C$2<>\"\", VLOOKUP($A83,Rates!$A$1:$EB$430,MATCH($C$2,Rates!$A$1:$EB$1,0),FALSE), \"\")","v":""},null,"",{"$f":"IF($E83<>\"\", (_xlfn.PERCENTRANK.INC(INDEX(Rates!$B$1:$EB$430,MATCH($A83, Rates!$A$1:$A$430, 0),0), $E83, 2)*100), \"\")","v":""},"",null,null,"Y"]
["6-9.a.","Additional Well Screen > 20 feet - 1 inch diameter",null,"Per Foot",{"$f":"IF($C$2<>\"\", VLOOKUP($A84,Rates!$A$1:$EB$430,MATCH($C$2,Rates!$A$1:$EB$1,0),FALSE), \"\")","v":""},null,"",{"$f":"IF($E84<>\"\", (_xlfn.PERCENTRANK.INC(INDEX(Rates!$B$1:$EB$430,MATCH($A84, Rates!$A$1:$A$430, 0),0), $E84, 2)*100), \"\")","v":""},"",null,null,"Y"]
["6-9.b.","Additional Well Screen > 20 feet - 2 inch diameter",null,"Per Foot",{"$f":"IF($C$2<>\"\", VLOOKUP($A85,Rates!$A$1:$EB$430,MATCH($C$2,Rates!$A$1:$EB$1,0),FALSE), \"\")","v":""},null,"",{"$f":"IF($E85<>\"\", (_xlfn.PERCENTRANK.INC(INDEX(Rates!$B$1:$EB$430,MATCH($A85, Rates!$A$1:$A$430, 0),0), $E85, 2)*100), \"\")","v":""},"",null,null,"Y"]
["6-9.c.","Additional Well Screen > 20 feet - 4 inch diameter",null,"Per Foot",{"$f":"IF($C$2<>\"\", VLOOKUP($A86,Rates!$A$1:$EB$430,MATCH($C$2,Rates!$A$1:$EB$1,0),FALSE), \"\")","v":""},null,"",{"$f":"IF($E86<>\"\", (_xlfn.PERCENTRANK.INC(INDEX(Rates!$B$1:$EB$430,MATCH($A86, Rates!$A$1:$A$430, 0),0), $E86, 2)*100), \"\")","v":""},"",null,null,"Y"]
["6-9.d.","Additional Well Screen > 20 feet - 6 inch diameter",null,"Per Foot",{"$f":"IF($C$2<>\"\", VLOOKUP($A87,Rates!$A$1:$EB$430,MATCH($C$2,Rates!$A$1:$EB$1,0),FALSE), \"\")","v":""},null,"",{"$f":"IF($E87<>\"\", (_xlfn.PERCENTRANK.INC(INDEX(Rates!$B$1:$EB$430,MATCH($A87, Rates!$A$1:$A$430, 0),0), $E87, 2)*100), \"\")","v":""},"",null,null,"Y"]
["6-10.","Above Grade Well Completion ",null,"Per Well ",{"$f":"IF($C$2<>\"\", VLOOKUP($A88,Rates!$A$1:$EB$430,MATCH($C$2,Rates!$A$1:$EB$1,0),FALSE), \"\")","v":""},null,"",{"$f":"IF($E88<>\"\", (_xlfn.PERCENTRANK.INC(INDEX(Rates!$B$1:$EB$430,MATCH($A88, Rates!$A$1:$A$430, 0),0), $E88, 2)*100), \"\")","v":""},"",null,null,"Y"]
["6-11.","Installation of Well Vault - 2 x 2 x 2 foot",null,"Per Vault",{"$f":"IF($C$2<>\"\", VLOOKUP($A89,Rates!$A$1:$EB$430,MATCH($C$2,Rates!$A$1:$EB$1,0),FALSE), \"\")","v":""},null,"",{"$f":"IF($E89<>\"\", (_xlfn.PERCENTRANK.INC(INDEX(Rates!$B$1:$EB$430,MATCH($A89, Rates!$A$1:$A$430, 0),0), $E89, 2)*100), \"\")","v":""},"",null,null,"Y"]
["6-12.","Installation of Well Vault - 4 x 4 x 2 foot",null,"Per Vault",{"$f":"IF($C$2<>\"\", VLOOKUP($A90,Rates!$A$1:$EB$430,MATCH($C$2,Rates!$A$1:$EB$1,0),FALSE), \"\")","v":""},null,"",{"$f":"IF($E90<>\"\", (_xlfn.PERCENTRANK.INC(INDEX(Rates!$B$1:$EB$430,MATCH($A90, Rates!$A$1:$A$430, 0),0), $E90, 2)*100), \"\")","v":""},"",null,null,"Y"]
["6-13.","Well Redevelopment",null,"Per Well ",{"$f":"IF($C$2<>\"\", VLOOKUP($A91,Rates!$A$1:$EB$430,MATCH($C$2,Rates!$A$1:$EB$1,0),FALSE), \"\")","v":""},null,"",{"$f":"IF($E91<>\"\", (_xlfn.PERCENTRANK.INC(INDEX(Rates!$B$1:$EB$430,MATCH($A91, Rates!$A$1:$A$430, 0),0), $E91, 2)*100), \"\")","v":""},"",null,null,"Y"]
["6-14.","Removal and Reinstallation of 8-inch Manhole and Well Pad (well pad/manhole has been damaged or destroyed)",null,"Per Well ",{"$f":"IF($C$2<>\"\", VLOOKUP($A92,Rates!$A$1:$EB$430,MATCH($C$2,Rates!$A$1:$EB$1,0),FALSE), \"\")","v":""},null,"",{"$f":"IF($E92<>\"\", (_xlfn.PERCENTRANK.INC(INDEX(Rates!$B$1:$EB$430,MATCH($A92, Rates!$A$1:$A$430, 0),0), $E92, 2)*100), \"\")","v":""},"",null,null,"Y"]
["6-15.","Removal and Reinstallation of 12-inch Manhole and Well Pad (well pad/manhole has been damaged or destroyed)",null,"Per Well ",{"$f":"IF($C$2<>\"\", VLOOKUP($A93,Rates!$A$1:$EB$430,MATCH($C$2,Rates!$A$1:$EB$1,0),FALSE), \"\")","v":""},null,"",{"$f":"IF($E93<>\"\", (_xlfn.PERCENTRANK.INC(INDEX(Rates!$B$1:$EB$430,MATCH($A93, Rates!$A$1:$A$430, 0),0), $E93, 2)*100), \"\")","v":""},"",null,null,"Y"]
["7.","WELL ABANDONMENT",null,null,null,null,null,null,null,null,null,"N"]
["7-1.","Grout and Abandon Well, 1 to 2 inch diameter",null,"Per Foot",{"$f":"IF($C$2<>\"\", VLOOKUP($A95,Rates!$A$1:$EB$430,MATCH($C$2,Rates!$A$1:$EB$1,0),FALSE), \"\")","v":""},null,"",{"$f":"IF($E95<>\"\", (_xlfn.PERCENTRANK.INC(INDEX(Rates!$B$1:$EB$430,MATCH($A95, Rates!$A$1:$A$430, 0),0), $E95, 2)*100), \"\")","v":""},"",null,null,"Y"]
["7-2.","Grout and Abandon Well, > 2 to 4 inch diameter",null,"Per Foot",{"$f":"IF($C$2<>\"\", VLOOKUP($A96,Rates!$A$1:$EB$430,MATCH($C$2,Rates!$A$1:$EB$1,0),FALSE), \"\")","v":""},null,"",{"$f":"IF($E96<>\"\", (_xlfn.PERCENTRANK.INC(INDEX(Rates!$B$1:$EB$430,MATCH($A96, Rates!$A$1:$A$430, 0),0), $E96, 2)*100), \"\")","v":""},"",null,null,"Y"]
["7-3.","Grout and Abandon Well, > 4 to 6 inch diameter",null,"Per Foot",{"$f":"IF($C$2<>\"\", VLOOKUP($A97,Rates!$A$1:$EB$430,MATCH($C$2,Rates!$A$1:$EB$1,0),FALSE), \"\")","v":""},null,"",{"$f":"IF($E97<>\"\", (_xlfn.PERCENTRANK.INC(INDEX(Rates!$B$1:$EB$430,MATCH($A97, Rates!$A$1:$A$430, 0),0), $E97, 2)*100), \"\")","v":""},"",null,null,"Y"]
["7-4.","Grout and Abandon Well, > 6 inch diameter",null,"Per Foot",{"$f":"IF($C$2<>\"\", VLOOKUP($A98,Rates!$A$1:$EB$430,MATCH($C$2,Rates!$A$1:$EB$1,0),FALSE), \"\")","v":""},null,"",{"$f":"IF($E98<>\"\", (_xlfn.PERCENTRANK.INC(INDEX(Rates!$B$1:$EB$430,MATCH($A98, Rates!$A$1:$A$430, 0),0), $E98, 2)*100), \"\")","v":""},"",null,null,"Y"]
["7-5.","Removal of Well Vault - 2 x 2 x 2 foot",null,"Per Vault",{"$f":"IF($C$2<>\"\", VLOOKUP($A99,Rates!$A$1:$EB$430,MATCH($C$2,Rates!$A$1:$EB$1,0),FALSE), \"\")","v":""},null,"",{"$f":"IF($E99<>\"\", (_xlfn.PERCENTRANK.INC(INDEX(Rates!$B$1:$EB$430,MATCH($A99, Rates!$A$1:$A$430, 0),0), $E99, 2)*100), \"\")","v":""},"",null,null,"Y"]
["7-6.","Removal of Well Vault - 4 x 4 x 2 foot",null,"Per Vault",{"$f":"IF($C$2<>\"\", VLOOKUP($A100,Rates!$A$1:$EB$430,MATCH($C$2,Rates!$A$1:$EB$1,0),FALSE), \"\")","v":""},null,"",{"$f":"IF($E100<>\"\", (_xlfn.PERCENTRANK.INC(INDEX(Rates!$B$1:$EB$430,MATCH($A100, Rates!$A$1:$A$430, 0),0), $E100, 2)*100), \"\")","v":""},"",null,null,"Y"]
["7-7.","Removal of Well Pad and Manhole",null,"Per Well ",{"$f":"IF($C$2<>\"\", VLOOKUP($A101,Rates!$A$1:$EB$430,MATCH($C$2,Rates!$A$1:$EB$1,0),FALSE), \"\")","v":""},null,"",{"$f":"IF($E101<>\"\", (_xlfn.PERCENTRANK.INC(INDEX(Rates!$B$1:$EB$430,MATCH($A101, Rates!$A$1:$A$430, 0),0), $E101, 2)*100), \"\")","v":""},"",null,null,"Y"]
["8.","SAMPLE COLLECTION AND FIELD TESTING",null,null,null,null,null,null,null,null,null,"N"]
["8-1.","Monitoring Well Sampling with Water Level, ≤ 100 foot depth",null,"Per Well ",{"$f":"IF($C$2<>\"\", VLOOKUP($A103,Rates!$A$1:$EB$430,MATCH($C$2,Rates!$A$1:$EB$1,0),FALSE), \"\")","v":""},null,"",{"$f":"IF($E103<>\"\", (_xlfn.PERCENTRANK.INC(INDEX(Rates!$B$1:$EB$430,MATCH($A103, Rates!$A$1:$A$430, 0),0), $E103, 2)*100), \"\")","v":""},"",null,null,"Y"]
["8-2.","Monitoring Well Sampling with Water Level, > 100 foot depth",null,"Per Well ",{"$f":"IF($C$2<>\"\", VLOOKUP($A104,Rates!$A$1:$EB$430,MATCH($C$2,Rates!$A$1:$EB$1,0),FALSE), \"\")","v":""},null,"",{"$f":"IF($E104<>\"\", (_xlfn.PERCENTRANK.INC(INDEX(Rates!$B$1:$EB$430,MATCH($A104, Rates!$A$1:$A$430, 0),0), $E104, 2)*100), \"\")","v":""},"",null,null,"Y"]
["8-3.","Domestic Water Well Sampling",null,"Per Well ",{"$f":"IF($C$2<>\"\", VLOOKUP($A105,Rates!$A$1:$EB$430,MATCH($C$2,Rates!$A$1:$EB$1,0),FALSE), \"\")","v":""},null,"",{"$f":"IF($E105<>\"\", (_xlfn.PERCENTRANK.INC(INDEX(Rates!$B$1:$EB$430,MATCH($A105, Rates!$A$1:$A$430, 0),0), $E105, 2)*100), \"\")","v":""},"",null,null,"Y"]
["8-4.","Other Water Sampling ",null,"Per Sample",{"$f":"IF($C$2<>\"\", VLOOKUP($A106,Rates!$A$1:$EB$430,MATCH($C$2,Rates!$A$1:$EB$1,0),FALSE), \"\")","v":""},null,"",{"$f":"IF($E106<>\"\", (_xlfn.PERCENTRANK.INC(INDEX(Rates!$B$1:$EB$430,MATCH($A106, Rates!$A$1:$A$430, 0),0), $E106, 2)*100), \"\")","v":""},"",null,null,"Y"]
["8-5.","Free Product Sample Collection",null,"Per Sample",{"$f":"IF($C$2<>\"\", VLOOKUP($A107,Rates!$A$1:$EB$430,MATCH($C$2,Rates!$A$1:$EB$1,0),FALSE), \"\")","v":""},null,"",{"$f":"IF($E107<>\"\", (_xlfn.PERCENTRANK.INC(INDEX(Rates!$B$1:$EB$430,MATCH($A107, Rates!$A$1:$A$430, 0),0), $E107, 2)*100), \"\")","v":""},"",null,null,"Y"]
["8-6.","Soil/Sediment Sample Collection",null,"Per Sample",{"$f":"IF($C$2<>\"\", VLOOKUP($A108,Rates!$A$1:$EB$430,MATCH($C$2,Rates!$A$1:$EB$1,0),FALSE), \"\")","v":""},null,"",{"$f":"IF($E108<>\"\", (_xlfn.PERCENTRANK.INC(INDEX(Rates!$B$1:$EB$430,MATCH($A108, Rates!$A$1:$A$430, 0),0), $E108, 2)*100), \"\")","v":""},"",null,null,"Y"]
["8-7.","Water Level or Free Product Gauging ",null,"Per Well ",{"$f":"IF($C$2<>\"\", VLOOKUP($A109,Rates!$A$1:$EB$430,MATCH($C$2,Rates!$A$1:$EB$1,0),FALSE), \"\")","v":""},null,"",{"$f":"IF($E109<>\"\", (_xlfn.PERCENTRANK.INC(INDEX(Rates!$B$1:$EB$430,MATCH($A109, Rates!$A$1:$A$430, 0),0), $E109, 2)*100), \"\")","v":""},"",null,null,"Y"]
["8-8.","Free Product Gauging & Bailing ",null,"Per Well ",{"$f":"IF($C$2<>\"\", VLOOKUP($A110,Rates!$A$1:$EB$430,MATCH($C$2,Rates!$A$1:$EB$1,0),FALSE), \"\")","v":""},null,"",{"$f":"IF($E110<>\"\", (_xlfn.PERCENTRANK.INC(INDEX(Rates!$B$1:$EB$430,MATCH($A110, Rates!$A$1:$A$430, 0),0), $E110, 2)*100), \"\")","v":""},"",null,null,"Y"]
["8-9.","Vapor/Ambient Air Sample Collection - Passive Dosimeter, Sorbent Tube, TedlarTM Bag (or Equivalent)",null,"Per Sample",{"$f":"IF($C$2<>\"\", VLOOKUP($A111,Rates!$A$1:$EB$430,MATCH($C$2,Rates!$A$1:$EB$1,0),FALSE), \"\")","v":""},null,"",{"$f":"IF($E111<>\"\", (_xlfn.PERCENTRANK.INC(INDEX(Rates!$B$1:$EB$430,MATCH($A111, Rates!$A$1:$A$430, 0),0), $E111, 2)*100), \"\")","v":""},"",null,null,"Y"]
["8-10.","Vapor/Ambient Air Sample Collection - SUMMATM Canister (or equivalent)",null,"Per Sample",{"$f":"IF($C$2<>\"\", VLOOKUP($A112,Rates!$A$1:$EB$430,MATCH($C$2,Rates!$A$1:$EB$1,0),FALSE), \"\")","v":""},null,"",{"$f":"IF($E112<>\"\", (_xlfn.PERCENTRANK.INC(INDEX(Rates!$B$1:$EB$430,MATCH($A112, Rates!$A$1:$A$430, 0),0), $E112, 2)*100), \"\")","v":""},"",null,null,"Y"]
["8-11.","Electronic Data Deliverables (EDD)",null,"Per Sampling Event",{"$f":"IF($C$2<>\"\", VLOOKUP($A113,Rates!$A$1:$EB$430,MATCH($C$2,Rates!$A$1:$EB$1,0),FALSE), \"\")","v":""},null,"",{"$f":"IF($E113<>\"\", (_xlfn.PERCENTRANK.INC(INDEX(Rates!$B$1:$EB$430,MATCH($A113, Rates!$A$1:$A$430, 0),0), $E113, 2)*100), \"\")","v":""},"",null,null,"Y"]
["8-12.","Survey Latitude/Longitude of Existing Monitor Wells",null,"Per Well ",{"$f":"IF($C$2<>\"\", VLOOKUP($A114,Rates!$A$1:$EB$430,MATCH($C$2,Rates!$A$1:$EB$1,0),FALSE), \"\")","v":""},null,"",{"$f":"IF($E114<>\"\", (_xlfn.PERCENTRANK.INC(INDEX(Rates!$B$1:$EB$430,MATCH($A114, Rates!$A$1:$A$430, 0),0), $E114, 2)*100), \"\")","v":""},"",null,null,"Y"]
["8-13.","Survey Latitude/Longitude of New Monitor Wells",null,"Per Well ",{"$f":"IF($C$2<>\"\", VLOOKUP($A115,Rates!$A$1:$EB$430,MATCH($C$2,Rates!$A$1:$EB$1,0),FALSE), \"\")","v":""},null,"",{"$f":"IF($E115<>\"\", (_xlfn.PERCENTRANK.INC(INDEX(Rates!$B$1:$EB$430,MATCH($A115, Rates!$A$1:$A$430, 0),0), $E115, 2)*100), \"\")","v":""},"",null,null,"Y"]
["8-14.","Encore (25 gram) for SPLP Soil Sample Collection:  [Per Encore].  The cost will include the 25 gram Encore samples submitted to the laboratory for SPLP testing and the 25 gram Encore samples collected in the field but not submitted to the laboratory for testing (discarded).",null,"Per Sample",{"$f":"IF($C$2<>\"\", VLOOKUP($A116,Rates!$A$1:$EB$430,MATCH($C$2,Rates!$A$1:$EB$1,0),FALSE), \"\")","v":""},null,"",{"$f":"IF($E116<>\"\", (_xlfn.PERCENTRANK.INC(INDEX(Rates!$B$1:$EB$430,MATCH($A116, Rates!$A$1:$A$430, 0),0), $E116, 2)*100), \"\")","v":""},"",null,null,"Y"]
["9.","LABORATORY ANALYSIS  ",null,null,null,null,null,null,null,null,null,"N"]
["9.A.","SOIL/SEDIMENT ANALYSIS",null,null,null,null,null,null,null,null,null,"N"]
["9-1.","Soil, Used Oil/Unknown Product Group-Table D of Ch. 62-780, F.A.C., except for non-Priority Pollutant Organics (multiple methods)",null,"Per Sample",{"$f":"IF($C$2<>\"\", VLOOKUP($A119,Rates!$A$1:$EB$430,MATCH($C$2,Rates!$A$1:$EB$1,0),FALSE), \"\")","v":""},null,"",{"$f":"IF($E119<>\"\", (_xlfn.PERCENTRANK.INC(INDEX(Rates!$B$1:$EB$430,MATCH($A119, Rates!$A$1:$A$430, 0),0), $E119, 2)*100), \"\")","v":""},"",null,null,"Y"]
["9-2.","Soil, BTEX + MTBE (EPA 8021 or EPA 8260)",null,"Per Sample",{"$f":"IF($C$2<>\"\", VLOOKUP($A120,Rates!$A$1:$EB$430,MATCH($C$2,Rates!$A$1:$EB$1,0),FALSE), \"\")","v":""},null,"",{"$f":"IF($E120<>\"\", (_xlfn.PERCENTRANK.INC(INDEX(Rates!$B$1:$EB$430,MATCH($A120, Rates!$A$1:$A$430, 0),0), $E120, 2)*100), \"\")","v":""},"",null,null,"Y"]
["9-3.","Soil, Volatile Organic Halocarbons (EPA 8021 or EPA 8260)",null,"Per Sample",{"$f":"IF($C$2<>\"\", VLOOKUP($A121,Rates!$A$1:$EB$430,MATCH($C$2,Rates!$A$1:$EB$1,0),FALSE), \"\")","v":""},null,"",{"$f":"IF($E121<>\"\", (_xlfn.PERCENTRANK.INC(INDEX(Rates!$B$1:$EB$430,MATCH($A121, Rates!$A$1:$A$430, 0),0), $E121, 2)*100), \"\")","v":""},"",null,null,"Y"]
["9-4.","Soil, BTEX + MTBE + VOHs (EPA 8021 or EPA 8260)",null,"Per Sample",{"$f":"IF($C$2<>\"\", VLOOKUP($A122,Rates!$A$1:$EB$430,MATCH($C$2,Rates!$A$1:$EB$1,0),FALSE), \"\")","v":""},null,"",{"$f":"IF($E122<>\"\", (_xlfn.PERCENTRANK.INC(INDEX(Rates!$B$1:$EB$430,MATCH($A122, Rates!$A$1:$A$430, 0),0), $E122, 2)*100), \"\")","v":""},"",null,null,"Y"]
["9-5.","Soil, Polycyclic Aromatic Hydrocarbons (EPA 8270 or EPA 8310)",null,"Per Sample",{"$f":"IF($C$2<>\"\", VLOOKUP($A123,Rates!$A$1:$EB$430,MATCH($C$2,Rates!$A$1:$EB$1,0),FALSE), \"\")","v":""},null,"",{"$f":"IF($E123<>\"\", (_xlfn.PERCENTRANK.INC(INDEX(Rates!$B$1:$EB$430,MATCH($A123, Rates!$A$1:$A$430, 0),0), $E123, 2)*100), \"\")","v":""},"",null,null,"Y"]
["9-6.","Soil, Priority Pollutant Volatile Organics (EPA 8260)",null,"Per Sample",{"$f":"IF($C$2<>\"\", VLOOKUP($A124,Rates!$A$1:$EB$430,MATCH($C$2,Rates!$A$1:$EB$1,0),FALSE), \"\")","v":""},null,"",{"$f":"IF($E124<>\"\", (_xlfn.PERCENTRANK.INC(INDEX(Rates!$B$1:$EB$430,MATCH($A124, Rates!$A$1:$A$430, 0),0), $E124, 2)*100), \"\")","v":""},"",null,null,"Y"]
["9-7.","Soil, Priority Pollutant Extractable Organics-Base Neutral and Acid Extractables (EPA 8270 list [e.g., EPA 8081/8082 + EPA 8270])",null,"Per Sample",{"$f":"IF($C$2<>\"\", VLOOKUP($A125,Rates!$A$1:$EB$430,MATCH($C$2,Rates!$A$1:$EB$1,0),FALSE), \"\")","v":""},null,"",{"$f":"IF($E125<>\"\", (_xlfn.PERCENTRANK.INC(INDEX(Rates!$B$1:$EB$430,MATCH($A125, Rates!$A$1:$A$430, 0),0), $E125, 2)*100), \"\")","v":""},"",null,null,"Y"]
["9-8.","Soil, Total Recoverable Petroleum Hydrocarbons (FL-PRO)",null,"Per Sample",{"$f":"IF($C$2<>\"\", VLOOKUP($A126,Rates!$A$1:$EB$430,MATCH($C$2,Rates!$A$1:$EB$1,0),FALSE), \"\")","v":""},null,"",{"$f":"IF($E126<>\"\", (_xlfn.PERCENTRANK.INC(INDEX(Rates!$B$1:$EB$430,MATCH($A126, Rates!$A$1:$A$430, 0),0), $E126, 2)*100), \"\")","v":""},"",null,null,"Y"]
["9-8.a.","Soil, TRPH Fractionation (MADEP-EPH/VPH Method or TPHCWG Direct Method)",null,"Per Sample",{"$f":"IF($C$2<>\"\", VLOOKUP($A127,Rates!$A$1:$EB$430,MATCH($C$2,Rates!$A$1:$EB$1,0),FALSE), \"\")","v":""},null,"",{"$f":"IF($E127<>\"\", (_xlfn.PERCENTRANK.INC(INDEX(Rates!$B$1:$EB$430,MATCH($A127, Rates!$A$1:$A$430, 0),0), $E127, 2)*100), \"\")","v":""},"",null,null,"Y"]
["9-9.","Soil, PCBs [or Aroclors] (EPA 8082)",null,"Per Sample",{"$f":"IF($C$2<>\"\", VLOOKUP($A128,Rates!$A$1:$EB$430,MATCH($C$2,Rates!$A$1:$EB$1,0),FALSE), \"\")","v":""},null,"",{"$f":"IF($E128<>\"\", (_xlfn.PERCENTRANK.INC(INDEX(Rates!$B$1:$EB$430,MATCH($A128, Rates!$A$1:$A$430, 0),0), $E128, 2)*100), \"\")","v":""},"",null,null,"Y"]
["9-10.","Soil, 8 RCRA Metals (EPA 6010 or EPA 6020 [Arsenic, Barium, Cadmium, Chromium, Lead, Selenium, Silver] and EPA 6020 or EPA 7471 [Mercury])",null,"Per Sample",{"$f":"IF($C$2<>\"\", VLOOKUP($A129,Rates!$A$1:$EB$430,MATCH($C$2,Rates!$A$1:$EB$1,0),FALSE), \"\")","v":""},null,"",{"$f":"IF($E129<>\"\", (_xlfn.PERCENTRANK.INC(INDEX(Rates!$B$1:$EB$430,MATCH($A129, Rates!$A$1:$A$430, 0),0), $E129, 2)*100), \"\")","v":""},"",null,null,"Y"]
["9-11.","Soil, Arsenic (EPA 6010 or EPA 6020)",null,"Per Sample",{"$f":"IF($C$2<>\"\", VLOOKUP($A130,Rates!$A$1:$EB$430,MATCH($C$2,Rates!$A$1:$EB$1,0),FALSE), \"\")","v":""},null,"",{"$f":"IF($E130<>\"\", (_xlfn.PERCENTRANK.INC(INDEX(Rates!$B$1:$EB$430,MATCH($A130, Rates!$A$1:$A$430, 0),0), $E130, 2)*100), \"\")","v":""},"",null,null,"Y"]
["9-12.","Soil, Cadmium (EPA 6010 or EPA 6020)",null,"Per Sample",{"$f":"IF($C$2<>\"\", VLOOKUP($A131,Rates!$A$1:$EB$430,MATCH($C$2,Rates!$A$1:$EB$1,0),FALSE), \"\")","v":""},null,"",{"$f":"IF($E131<>\"\", (_xlfn.PERCENTRANK.INC(INDEX(Rates!$B$1:$EB$430,MATCH($A131, Rates!$A$1:$A$430, 0),0), $E131, 2)*100), \"\")","v":""},"",null,null,"Y"]
["9-13.","Soil, Chromium (EPA 6010 or EPA 6020)",null,"Per Sample",{"$f":"IF($C$2<>\"\", VLOOKUP($A132,Rates!$A$1:$EB$430,MATCH($C$2,Rates!$A$1:$EB$1,0),FALSE), \"\")","v":""},null,"",{"$f":"IF($E132<>\"\", (_xlfn.PERCENTRANK.INC(INDEX(Rates!$B$1:$EB$430,MATCH($A132, Rates!$A$1:$A$430, 0),0), $E132, 2)*100), \"\")","v":""},"",null,null,"Y"]
["9-14.","Soil, Lead (EPA 6010 or EPA 6020)",null,"Per Sample",{"$f":"IF($C$2<>\"\", VLOOKUP($A133,Rates!$A$1:$EB$430,MATCH($C$2,Rates!$A$1:$EB$1,0),FALSE), \"\")","v":""},null,"",{"$f":"IF($E133<>\"\", (_xlfn.PERCENTRANK.INC(INDEX(Rates!$B$1:$EB$430,MATCH($A133, Rates!$A$1:$A$430, 0),0), $E133, 2)*100), \"\")","v":""},"",null,null,"Y"]
["9-15.","Soil, Toxicity Characteristic Leaching Procedure-Extraction Only (EPA 1311)",null,"Per Sample",{"$f":"IF($C$2<>\"\", VLOOKUP($A134,Rates!$A$1:$EB$430,MATCH($C$2,Rates!$A$1:$EB$1,0),FALSE), \"\")","v":""},null,"",{"$f":"IF($E134<>\"\", (_xlfn.PERCENTRANK.INC(INDEX(Rates!$B$1:$EB$430,MATCH($A134, Rates!$A$1:$A$430, 0),0), $E134, 2)*100), \"\")","v":""},"",null,null,"Y"]
["9-16.","Soil, Synthetic Precipitation Leaching Procedure-Extraction Only (EPA1312)",null,"Per Sample",{"$f":"IF($C$2<>\"\", VLOOKUP($A135,Rates!$A$1:$EB$430,MATCH($C$2,Rates!$A$1:$EB$1,0),FALSE), \"\")","v":""},null,"",{"$f":"IF($E135<>\"\", (_xlfn.PERCENTRANK.INC(INDEX(Rates!$B$1:$EB$430,MATCH($A135, Rates!$A$1:$A$430, 0),0), $E135, 2)*100), \"\")","v":""},"",null,null,"Y"]
["9-17.","Soil, Organic Carbon, Total (EPA 9060 or Walkey-Black)",null,"Per Sample",{"$f":"IF($C$2<>\"\", VLOOKUP($A136,Rates!$A$1:$EB$430,MATCH($C$2,Rates!$A$1:$EB$1,0),FALSE), \"\")","v":""},null,"",{"$f":"IF($E136<>\"\", (_xlfn.PERCENTRANK.INC(INDEX(Rates!$B$1:$EB$430,MATCH($A136, Rates!$A$1:$A$430, 0),0), $E136, 2)*100), \"\")","v":""},"",null,null,"Y"]
["9-18.","Soil, Dry Bulk Density (ASTM D1556-07, ASTM D2167-08, ASTM D2922-01, -04, -04e, -96e1 or ASTM D2937-10)",null,"Per Sample",{"$f":"IF($C$2<>\"\", VLOOKUP($A137,Rates!$A$1:$EB$430,MATCH($C$2,Rates!$A$1:$EB$1,0),FALSE), \"\")","v":""},null,"",{"$f":"IF($E137<>\"\", (_xlfn.PERCENTRANK.INC(INDEX(Rates!$B$1:$EB$430,MATCH($A137, Rates!$A$1:$A$430, 0),0), $E137, 2)*100), \"\")","v":""},"",null,null,"Y"]
["9-19.","Soil, Moisture Content (ASTM D2216-10)",null,"Per Sample",{"$f":"IF($C$2<>\"\", VLOOKUP($A138,Rates!$A$1:$EB$430,MATCH($C$2,Rates!$A$1:$EB$1,0),FALSE), \"\")","v":""},null,{"$f":"IF(AND(F138<>\"\",E138<>\"\"), (F138-E138)/E138, \"\")","v":""},{"$f":"IF($E138<>\"\", (_xlfn.PERCENTRANK.INC(INDEX(Rates!$B$1:$EB$430,MATCH($A138, Rates!$A$1:$A$430, 0),0), $E138, 2)*100), \"\")","v":""},{"$f":"IF(AND(E138<>\"\",F138<>\"\" ), IF(AND(H138>75,G138>0), E138, ROUND(F138,2)), \"\")","v":""},null,null,"Y"]
["9-20.","Soil, Texture, (See Gee 7 Bauder [1966])",null,"Per Sample",{"$f":"IF($C$2<>\"\", VLOOKUP($A139,Rates!$A$1:$EB$430,MATCH($C$2,Rates!$A$1:$EB$1,0),FALSE), \"\")","v":""},null,"",{"$f":"IF($E139<>\"\", (_xlfn.PERCENTRANK.INC(INDEX(Rates!$B$1:$EB$430,MATCH($A139, Rates!$A$1:$A$430, 0),0), $E139, 2)*100), \"\")","v":""},"",null,null,"Y"]
["9-21.","Soil, GC/MS Full Scan, Alkanes, Isoalkanes, Cycloalkanes, Aromatics, Bicyclane, Sterane, and Terpane Biomarkers (ASTM D5739 High Resolution GC/MS)",null,"Per Sample",{"$f":"IF($C$2<>\"\", VLOOKUP($A140,Rates!$A$1:$EB$430,MATCH($C$2,Rates!$A$1:$EB$1,0),FALSE), \"\")","v":""},null,"",{"$f":"IF($E140<>\"\", (_xlfn.PERCENTRANK.INC(INDEX(Rates!$B$1:$EB$430,MATCH($A140, Rates!$A$1:$A$430, 0),0), $E140, 2)*100), \"\")","v":""},"",null,null,"Y"]
["9-22.","Soil, Gasoline Hydrocarbon Composition, Gasoline PIANO (paraffins, isoparaffins, aromatics, naphthenes and olefins) (EPA 8260Mod, High Resolution GC/MS)",null,"Per Sample",{"$f":"IF($C$2<>\"\", VLOOKUP($A141,Rates!$A$1:$EB$430,MATCH($C$2,Rates!$A$1:$EB$1,0),FALSE), \"\")","v":""},null,"",{"$f":"IF($E141<>\"\", (_xlfn.PERCENTRANK.INC(INDEX(Rates!$B$1:$EB$430,MATCH($A141, Rates!$A$1:$A$430, 0),0), $E141, 2)*100), \"\")","v":""},"",null,null,"Y"]
["9-23.","Soil, 5 Fuel Oxygenates, MTBE, DIPE, TAME, ETBE and TBA (EPA 8260Mod, High Resolution GC/MS)",null,"Per Sample",{"$f":"IF($C$2<>\"\", VLOOKUP($A142,Rates!$A$1:$EB$430,MATCH($C$2,Rates!$A$1:$EB$1,0),FALSE), \"\")","v":""},null,"",{"$f":"IF($E142<>\"\", (_xlfn.PERCENTRANK.INC(INDEX(Rates!$B$1:$EB$430,MATCH($A142, Rates!$A$1:$A$430, 0),0), $E142, 2)*100), \"\")","v":""},"",null,null,"Y"]
["9-24.","Soil, C10-C40 Alkane Fingerprint, N-Alkanes and Isoalkanes (ASTM D3328 GC/MS)",null,"Per Sample",{"$f":"IF($C$2<>\"\", VLOOKUP($A143,Rates!$A$1:$EB$430,MATCH($C$2,Rates!$A$1:$EB$1,0),FALSE), \"\")","v":""},null,"",{"$f":"IF($E143<>\"\", (_xlfn.PERCENTRANK.INC(INDEX(Rates!$B$1:$EB$430,MATCH($A143, Rates!$A$1:$A$430, 0),0), $E143, 2)*100), \"\")","v":""},"",null,null,"Y"]
["9.B.","WATER ANALYSIS",null,null,null,null,null,null,null,null,null,"N"]
["9-25.","Water, Gasoline/Kerosene Analytical Group-Table C of Ch. 62-780, F.A.C. (multiple methods)",null,"Per Sample",{"$f":"IF($C$2<>\"\", VLOOKUP($A145,Rates!$A$1:$EB$430,MATCH($C$2,Rates!$A$1:$EB$1,0),FALSE), \"\")","v":""},null,"",{"$f":"IF($E145<>\"\", (_xlfn.PERCENTRANK.INC(INDEX(Rates!$B$1:$EB$430,MATCH($A145, Rates!$A$1:$A$430, 0),0), $E145, 2)*100), \"\")","v":""},"",null,null,"Y"]
["9-26.","Water, Used Oil/Unknown Product Group-Table D of Ch. 62-780, F.A.C., except for non-Priority Pollutant Organics (multiple methods)",null,"Per Sample",{"$f":"IF($C$2<>\"\", VLOOKUP($A146,Rates!$A$1:$EB$430,MATCH($C$2,Rates!$A$1:$EB$1,0),FALSE), \"\")","v":""},null,"",{"$f":"IF($E146<>\"\", (_xlfn.PERCENTRANK.INC(INDEX(Rates!$B$1:$EB$430,MATCH($A146, Rates!$A$1:$A$430, 0),0), $E146, 2)*100), \"\")","v":""},"",null,null,"Y"]
["9-27.","Water, BTEX + MTBE (EPA 602, EPA 624, EPA 8021 or EPA 8260)",null,"Per Sample",{"$f":"IF($C$2<>\"\", VLOOKUP($A147,Rates!$A$1:$EB$430,MATCH($C$2,Rates!$A$1:$EB$1,0),FALSE), \"\")","v":""},null,"",{"$f":"IF($E147<>\"\", (_xlfn.PERCENTRANK.INC(INDEX(Rates!$B$1:$EB$430,MATCH($A147, Rates!$A$1:$A$430, 0),0), $E147, 2)*100), \"\")","v":""},"",null,null,"Y"]
["9-28.","Water, Volatile Organic Halocarbons, except EDB (EPA 8021 or EPA 8260)",null,"Per Sample",{"$f":"IF($C$2<>\"\", VLOOKUP($A148,Rates!$A$1:$EB$430,MATCH($C$2,Rates!$A$1:$EB$1,0),FALSE), \"\")","v":""},null,"",{"$f":"IF($E148<>\"\", (_xlfn.PERCENTRANK.INC(INDEX(Rates!$B$1:$EB$430,MATCH($A148, Rates!$A$1:$A$430, 0),0), $E148, 2)*100), \"\")","v":""},"",null,null,"Y"]
["9-29.","Water, BTEX + MTBE + VOHs (EPA 601/602, EPA 624, EPA 6021 or EPA 8260)",null,"Per Sample",{"$f":"IF($C$2<>\"\", VLOOKUP($A149,Rates!$A$1:$EB$430,MATCH($C$2,Rates!$A$1:$EB$1,0),FALSE), \"\")","v":""},null,"",{"$f":"IF($E149<>\"\", (_xlfn.PERCENTRANK.INC(INDEX(Rates!$B$1:$EB$430,MATCH($A149, Rates!$A$1:$A$430, 0),0), $E149, 2)*100), \"\")","v":""},"",null,null,"Y"]
["9-30.","Water, Polycyclic Aromatic Hydrocarbons, including 1-methylnaphthalene + 2-methylnaphthalene (EPA 610 [HPLC], EPA 625, EPA 8270 or EPA 8310)",null,"Per Sample",{"$f":"IF($C$2<>\"\", VLOOKUP($A150,Rates!$A$1:$EB$430,MATCH($C$2,Rates!$A$1:$EB$1,0),FALSE), \"\")","v":""},null,"",{"$f":"IF($E150<>\"\", (_xlfn.PERCENTRANK.INC(INDEX(Rates!$B$1:$EB$430,MATCH($A150, Rates!$A$1:$A$430, 0),0), $E150, 2)*100), \"\")","v":""},"",null,null,"Y"]
["9-31.","Water, EDB [1,2-dibromoethane or ethylene dibromide] (EPA 504.1 or EPA 8011)",null,"Per Sample",{"$f":"IF($C$2<>\"\", VLOOKUP($A151,Rates!$A$1:$EB$430,MATCH($C$2,Rates!$A$1:$EB$1,0),FALSE), \"\")","v":""},null,"",{"$f":"IF($E151<>\"\", (_xlfn.PERCENTRANK.INC(INDEX(Rates!$B$1:$EB$430,MATCH($A151, Rates!$A$1:$A$430, 0),0), $E151, 2)*100), \"\")","v":""},"",null,null,"Y"]
["9-31.a.","Water, EDB [1,2-dibromoethane or ethylene dibromide] (EPA 8260 SIM)",null,"Per Sample",{"$f":"IF($C$2<>\"\", VLOOKUP($A152,Rates!$A$1:$EB$430,MATCH($C$2,Rates!$A$1:$EB$1,0),FALSE), \"\")","v":""},null,"",{"$f":"IF($E152<>\"\", (_xlfn.PERCENTRANK.INC(INDEX(Rates!$B$1:$EB$430,MATCH($A152, Rates!$A$1:$A$430, 0),0), $E152, 2)*100), \"\")","v":""},"",null,null,"Y"]
["9-32.","Water, Priority Pollutant Volatile Organics [for NPDES purposes only] (EPA 624)",null,"Per Sample",{"$f":"IF($C$2<>\"\", VLOOKUP($A153,Rates!$A$1:$EB$430,MATCH($C$2,Rates!$A$1:$EB$1,0),FALSE), \"\")","v":""},null,"",{"$f":"IF($E153<>\"\", (_xlfn.PERCENTRANK.INC(INDEX(Rates!$B$1:$EB$430,MATCH($A153, Rates!$A$1:$A$430, 0),0), $E153, 2)*100), \"\")","v":""},"",null,null,"Y"]
["9-33.","Water, Priority Pollutant Volatile Organics (EPA 8260)",null,"Per Sample",{"$f":"IF($C$2<>\"\", VLOOKUP($A154,Rates!$A$1:$EB$430,MATCH($C$2,Rates!$A$1:$EB$1,0),FALSE), \"\")","v":""},null,"",{"$f":"IF($E154<>\"\", (_xlfn.PERCENTRANK.INC(INDEX(Rates!$B$1:$EB$430,MATCH($A154, Rates!$A$1:$A$430, 0),0), $E154, 2)*100), \"\")","v":""},"",null,null,"Y"]
["9-34.","Water, Priority Pollutant Extractable Organics-Base Neutral and Acid Extractables [for NPDES purposes only] (EPA 625 list [e.g., EPA 608 + EPA 625])",null,"Per Sample",{"$f":"IF($C$2<>\"\", VLOOKUP($A155,Rates!$A$1:$EB$430,MATCH($C$2,Rates!$A$1:$EB$1,0),FALSE), \"\")","v":""},null,"",{"$f":"IF($E155<>\"\", (_xlfn.PERCENTRANK.INC(INDEX(Rates!$B$1:$EB$430,MATCH($A155, Rates!$A$1:$A$430, 0),0), $E155, 2)*100), \"\")","v":""},"",null,null,"Y"]
["9-35.","Water, Priority Pollutant Extractable Organics-Base Neutral and Acid Extractables (EPA 8270 list [e.g., EPA 8081/8082 + EPA 8270 or EPA 608 + EPA 8270)",null,"Per Sample",{"$f":"IF($C$2<>\"\", VLOOKUP($A156,Rates!$A$1:$EB$430,MATCH($C$2,Rates!$A$1:$EB$1,0),FALSE), \"\")","v":""},null,"",{"$f":"IF($E156<>\"\", (_xlfn.PERCENTRANK.INC(INDEX(Rates!$B$1:$EB$430,MATCH($A156, Rates!$A$1:$A$430, 0),0), $E156, 2)*100), \"\")","v":""},"",null,null,"Y"]
["9-36.","Water, Total Recoverable Petroleum Hydrocarbons (FL-PRO)",null,"Per Sample",{"$f":"IF($C$2<>\"\", VLOOKUP($A157,Rates!$A$1:$EB$430,MATCH($C$2,Rates!$A$1:$EB$1,0),FALSE), \"\")","v":""},null,"",{"$f":"IF($E157<>\"\", (_xlfn.PERCENTRANK.INC(INDEX(Rates!$B$1:$EB$430,MATCH($A157, Rates!$A$1:$A$430, 0),0), $E157, 2)*100), \"\")","v":""},"",null,null,"Y"]
["9-37.","Water, PCBs [or Aroclors] (EPA 608 or EPA 8082)",null,"Per Sample",{"$f":"IF($C$2<>\"\", VLOOKUP($A158,Rates!$A$1:$EB$430,MATCH($C$2,Rates!$A$1:$EB$1,0),FALSE), \"\")","v":""},null,"",{"$f":"IF($E158<>\"\", (_xlfn.PERCENTRANK.INC(INDEX(Rates!$B$1:$EB$430,MATCH($A158, Rates!$A$1:$A$430, 0),0), $E158, 2)*100), \"\")","v":""},"",null,null,"Y"]
["9-38.","Water, Arsenic, Total (EPA 200.7, EPA 200.8, EPA 6010 or EPA 6020)",null,"Per Sample",{"$f":"IF($C$2<>\"\", VLOOKUP($A159,Rates!$A$1:$EB$430,MATCH($C$2,Rates!$A$1:$EB$1,0),FALSE), \"\")","v":""},null,"",{"$f":"IF($E159<>\"\", (_xlfn.PERCENTRANK.INC(INDEX(Rates!$B$1:$EB$430,MATCH($A159, Rates!$A$1:$A$430, 0),0), $E159, 2)*100), \"\")","v":""},"",null,null,"Y"]
["9-39.","Water, Cadmium, Total (EPA 200.7, EPA 200.8, EPA 6010 or EPA 6020)",null,"Per Sample",{"$f":"IF($C$2<>\"\", VLOOKUP($A160,Rates!$A$1:$EB$430,MATCH($C$2,Rates!$A$1:$EB$1,0),FALSE), \"\")","v":""},null,"",{"$f":"IF($E160<>\"\", (_xlfn.PERCENTRANK.INC(INDEX(Rates!$B$1:$EB$430,MATCH($A160, Rates!$A$1:$A$430, 0),0), $E160, 2)*100), \"\")","v":""},"",null,null,"Y"]
["9-40.","Water, Chromium, Total (EPA 200.7, EPA 200.8, EPA 6010 or EPA 6020)",null,"Per Sample",{"$f":"IF($C$2<>\"\", VLOOKUP($A161,Rates!$A$1:$EB$430,MATCH($C$2,Rates!$A$1:$EB$1,0),FALSE), \"\")","v":""},null,"",{"$f":"IF($E161<>\"\", (_xlfn.PERCENTRANK.INC(INDEX(Rates!$B$1:$EB$430,MATCH($A161, Rates!$A$1:$A$430, 0),0), $E161, 2)*100), \"\")","v":""},"",null,null,"Y"]
["9-41.","Water, Lead, Total (EPA 200.7, EPA 200.8, EPA 6010 or EPA 6020)",null,"Per Sample",{"$f":"IF($C$2<>\"\", VLOOKUP($A162,Rates!$A$1:$EB$430,MATCH($C$2,Rates!$A$1:$EB$1,0),FALSE), \"\")","v":""},null,"",{"$f":"IF($E162<>\"\", (_xlfn.PERCENTRANK.INC(INDEX(Rates!$B$1:$EB$430,MATCH($A162, Rates!$A$1:$A$430, 0),0), $E162, 2)*100), \"\")","v":""},"",null,null,"Y"]
["9-41.a.","Water, Dissolved Lead (includes filter appropriate to sample method - EPA 200.7, 200.9, 6010B, or 7380)",null,"Per Sample",{"$f":"IF($C$2<>\"\", VLOOKUP($A163,Rates!$A$1:$EB$430,MATCH($C$2,Rates!$A$1:$EB$1,0),FALSE), \"\")","v":""},null,"",{"$f":"IF($E163<>\"\", (_xlfn.PERCENTRANK.INC(INDEX(Rates!$B$1:$EB$430,MATCH($A163, Rates!$A$1:$A$430, 0),0), $E163, 2)*100), \"\")","v":""},"",null,null,"Y"]
["9-42.","Water, Mercury, Total (EPA 245.1, EPA 6020 or EPA 7470)",null,"Per Sample",{"$f":"IF($C$2<>\"\", VLOOKUP($A164,Rates!$A$1:$EB$430,MATCH($C$2,Rates!$A$1:$EB$1,0),FALSE), \"\")","v":""},null,"",{"$f":"IF($E164<>\"\", (_xlfn.PERCENTRANK.INC(INDEX(Rates!$B$1:$EB$430,MATCH($A164, Rates!$A$1:$A$430, 0),0), $E164, 2)*100), \"\")","v":""},"",null,null,"Y"]
["9-43.","Water, Calcium, Total (EPA 200.7, EPA 6010 or EPA 6020)",null,"Per Sample",{"$f":"IF($C$2<>\"\", VLOOKUP($A165,Rates!$A$1:$EB$430,MATCH($C$2,Rates!$A$1:$EB$1,0),FALSE), \"\")","v":""},null,"",{"$f":"IF($E165<>\"\", (_xlfn.PERCENTRANK.INC(INDEX(Rates!$B$1:$EB$430,MATCH($A165, Rates!$A$1:$A$430, 0),0), $E165, 2)*100), \"\")","v":""},"",null,null,"Y"]
["9-44.","Water, Iron, Total (EPA 200.7, EPA 6010 or EPA 6020)",null,"Per Sample",{"$f":"IF($C$2<>\"\", VLOOKUP($A166,Rates!$A$1:$EB$430,MATCH($C$2,Rates!$A$1:$EB$1,0),FALSE), \"\")","v":""},null,"",{"$f":"IF($E166<>\"\", (_xlfn.PERCENTRANK.INC(INDEX(Rates!$B$1:$EB$430,MATCH($A166, Rates!$A$1:$A$430, 0),0), $E166, 2)*100), \"\")","v":""},"",null,null,"Y"]
["9-44.a.","Water, Dissolved Iron (includes filter appropriate to sample method - EPA 200.7, 200.9, 6010B, or 7380)",null,"Per Sample",{"$f":"IF($C$2<>\"\", VLOOKUP($A167,Rates!$A$1:$EB$430,MATCH($C$2,Rates!$A$1:$EB$1,0),FALSE), \"\")","v":""},null,"",{"$f":"IF($E167<>\"\", (_xlfn.PERCENTRANK.INC(INDEX(Rates!$B$1:$EB$430,MATCH($A167, Rates!$A$1:$A$430, 0),0), $E167, 2)*100), \"\")","v":""},"",null,null,"Y"]
["9-45.","Water, Magnesium, Total (EPA 200.7, EPA 6010 or EPA 6020)",null,"Per Sample",{"$f":"IF($C$2<>\"\", VLOOKUP($A168,Rates!$A$1:$EB$430,MATCH($C$2,Rates!$A$1:$EB$1,0),FALSE), \"\")","v":""},null,"",{"$f":"IF($E168<>\"\", (_xlfn.PERCENTRANK.INC(INDEX(Rates!$B$1:$EB$430,MATCH($A168, Rates!$A$1:$A$430, 0),0), $E168, 2)*100), \"\")","v":""},"",null,null,"Y"]
["9-46.","Water, Manganese, Total (EPA 200.7, EPA 200.8, EPA 6010 or EPA 6020)",null,"Per Sample",{"$f":"IF($C$2<>\"\", VLOOKUP($A169,Rates!$A$1:$EB$430,MATCH($C$2,Rates!$A$1:$EB$1,0),FALSE), \"\")","v":""},null,"",{"$f":"IF($E169<>\"\", (_xlfn.PERCENTRANK.INC(INDEX(Rates!$B$1:$EB$430,MATCH($A169, Rates!$A$1:$A$430, 0),0), $E169, 2)*100), \"\")","v":""},"",null,null,"Y"]
["9-47.","Water, Potassium, Total (EPA 200.7, EPA 6010 or EPA 6020)",null,"Per Sample",{"$f":"IF($C$2<>\"\", VLOOKUP($A170,Rates!$A$1:$EB$430,MATCH($C$2,Rates!$A$1:$EB$1,0),FALSE), \"\")","v":""},null,"",{"$f":"IF($E170<>\"\", (_xlfn.PERCENTRANK.INC(INDEX(Rates!$B$1:$EB$430,MATCH($A170, Rates!$A$1:$A$430, 0),0), $E170, 2)*100), \"\")","v":""},"",null,null,"Y"]
["9-48.","Water, Sodium, Total (EPA 200.7, EPA 6010 or EPA 6020)",null,"Per Sample",{"$f":"IF($C$2<>\"\", VLOOKUP($A171,Rates!$A$1:$EB$430,MATCH($C$2,Rates!$A$1:$EB$1,0),FALSE), \"\")","v":""},null,"",{"$f":"IF($E171<>\"\", (_xlfn.PERCENTRANK.INC(INDEX(Rates!$B$1:$EB$430,MATCH($A171, Rates!$A$1:$A$430, 0),0), $E171, 2)*100), \"\")","v":""},"",null,null,"Y"]
["9-49.","Water, Alkalinity [as CaCO3] (EPA 310.2 or SM 2320 B)",null,"Per Sample",{"$f":"IF($C$2<>\"\", VLOOKUP($A172,Rates!$A$1:$EB$430,MATCH($C$2,Rates!$A$1:$EB$1,0),FALSE), \"\")","v":""},null,"",{"$f":"IF($E172<>\"\", (_xlfn.PERCENTRANK.INC(INDEX(Rates!$B$1:$EB$430,MATCH($A172, Rates!$A$1:$A$430, 0),0), $E172, 2)*100), \"\")","v":""},"",null,null,"Y"]
["9-50.","Water, Ammonia [as N] (EPA 350.1, SM 4500-NH3 C, SM 4500-NH3 D, SM 4500-NH3 G or SM 4500-NH3 H)",null,"Per Sample",{"$f":"IF($C$2<>\"\", VLOOKUP($A173,Rates!$A$1:$EB$430,MATCH($C$2,Rates!$A$1:$EB$1,0),FALSE), \"\")","v":""},null,"",{"$f":"IF($E173<>\"\", (_xlfn.PERCENTRANK.INC(INDEX(Rates!$B$1:$EB$430,MATCH($A173, Rates!$A$1:$A$430, 0),0), $E173, 2)*100), \"\")","v":""},"",null,null,"Y"]
["9-51.","Water, Chloride (EPA 300.0, EPA 9056, EPA 9251, EPA 9053, SM 4500CI B, SM 4500CI C or SM 4500CI E)",null,"Per Sample",{"$f":"IF($C$2<>\"\", VLOOKUP($A174,Rates!$A$1:$EB$430,MATCH($C$2,Rates!$A$1:$EB$1,0),FALSE), \"\")","v":""},null,"",{"$f":"IF($E174<>\"\", (_xlfn.PERCENTRANK.INC(INDEX(Rates!$B$1:$EB$430,MATCH($A174, Rates!$A$1:$A$430, 0),0), $E174, 2)*100), \"\")","v":""},"",null,null,"Y"]
["9-52.","Water, Hardness, Total [as CaCO3] (SM 2340 B or SM 2340 C)",null,"Per Sample",{"$f":"IF($C$2<>\"\", VLOOKUP($A175,Rates!$A$1:$EB$430,MATCH($C$2,Rates!$A$1:$EB$1,0),FALSE), \"\")","v":""},null,"",{"$f":"IF($E175<>\"\", (_xlfn.PERCENTRANK.INC(INDEX(Rates!$B$1:$EB$430,MATCH($A175, Rates!$A$1:$A$430, 0),0), $E175, 2)*100), \"\")","v":""},"",null,null,"Y"]
["9-53.","Water, Nitrate [as N] (EPA 300.0 or EPA 353.2)",null,"Per Sample",{"$f":"IF($C$2<>\"\", VLOOKUP($A176,Rates!$A$1:$EB$430,MATCH($C$2,Rates!$A$1:$EB$1,0),FALSE), \"\")","v":""},null,"",{"$f":"IF($E176<>\"\", (_xlfn.PERCENTRANK.INC(INDEX(Rates!$B$1:$EB$430,MATCH($A176, Rates!$A$1:$A$430, 0),0), $E176, 2)*100), \"\")","v":""},"",null,null,"Y"]
["9-54.","Water, Nitrate-Nitrite [as N] (EPA 300.0, EPA 353.2, SM 4500-NO3 E or SM 4500-NO3 F)",null,"Per Sample",{"$f":"IF($C$2<>\"\", VLOOKUP($A177,Rates!$A$1:$EB$430,MATCH($C$2,Rates!$A$1:$EB$1,0),FALSE), \"\")","v":""},null,"",{"$f":"IF($E177<>\"\", (_xlfn.PERCENTRANK.INC(INDEX(Rates!$B$1:$EB$430,MATCH($A177, Rates!$A$1:$A$430, 0),0), $E177, 2)*100), \"\")","v":""},"",null,null,"Y"]
["9-55.","Water, Nitrite [as N] (EPA 300.0, EPA 300.1, SM 4500-NO2 B or SM 4500-NO3 F)",null,"Per Sample",{"$f":"IF($C$2<>\"\", VLOOKUP($A178,Rates!$A$1:$EB$430,MATCH($C$2,Rates!$A$1:$EB$1,0),FALSE), \"\")","v":""},null,"",{"$f":"IF($E178<>\"\", (_xlfn.PERCENTRANK.INC(INDEX(Rates!$B$1:$EB$430,MATCH($A178, Rates!$A$1:$A$430, 0),0), $E178, 2)*100), \"\")","v":""},"",null,null,"Y"]
["9-56.","Water, Organic Carbon, Total (SM 5310 B, SM 5310 C or EPA 9060)",null,"Per Sample",{"$f":"IF($C$2<>\"\", VLOOKUP($A179,Rates!$A$1:$EB$430,MATCH($C$2,Rates!$A$1:$EB$1,0),FALSE), \"\")","v":""},null,"",{"$f":"IF($E179<>\"\", (_xlfn.PERCENTRANK.INC(INDEX(Rates!$B$1:$EB$430,MATCH($A179, Rates!$A$1:$A$430, 0),0), $E179, 2)*100), \"\")","v":""},"",null,null,"Y"]
["9-57.","Water, Orthophosphate [as P] (EPA 300.0, EPA 300.1, EPA 365.1, EPA 365.3, EPA 9056, SM 4500-PE or SM 4500-PF)",null,"Per Sample",{"$f":"IF($C$2<>\"\", VLOOKUP($A180,Rates!$A$1:$EB$430,MATCH($C$2,Rates!$A$1:$EB$1,0),FALSE), \"\")","v":""},null,"",{"$f":"IF($E180<>\"\", (_xlfn.PERCENTRANK.INC(INDEX(Rates!$B$1:$EB$430,MATCH($A180, Rates!$A$1:$A$430, 0),0), $E180, 2)*100), \"\")","v":""},"",null,null,"Y"]
["9-58.","Water, Residue-filterable [Total Dissolved Solids] (SM 2540 C)",null,"Per Sample",{"$f":"IF($C$2<>\"\", VLOOKUP($A181,Rates!$A$1:$EB$430,MATCH($C$2,Rates!$A$1:$EB$1,0),FALSE), \"\")","v":""},null,"",{"$f":"IF($E181<>\"\", (_xlfn.PERCENTRANK.INC(INDEX(Rates!$B$1:$EB$430,MATCH($A181, Rates!$A$1:$A$430, 0),0), $E181, 2)*100), \"\")","v":""},"",null,null,"Y"]
["9-59.","Water, Residue-nonfilterable [Total Suspended Solids] (SM 2540 D)",null,"Per Sample",{"$f":"IF($C$2<>\"\", VLOOKUP($A182,Rates!$A$1:$EB$430,MATCH($C$2,Rates!$A$1:$EB$1,0),FALSE), \"\")","v":""},null,"",{"$f":"IF($E182<>\"\", (_xlfn.PERCENTRANK.INC(INDEX(Rates!$B$1:$EB$430,MATCH($A182, Rates!$A$1:$A$430, 0),0), $E182, 2)*100), \"\")","v":""},"",null,null,"Y"]
["9-60.","Water, Sulfate (ASTM D516-02, ASTM D516-90, EPA 300.0, EPA 300.1, EPA 375.2, EPA 9038, EPA 9056 or SM 4500-SO4 C)",null,"Per Sample",{"$f":"IF($C$2<>\"\", VLOOKUP($A183,Rates!$A$1:$EB$430,MATCH($C$2,Rates!$A$1:$EB$1,0),FALSE), \"\")","v":""},null,"",{"$f":"IF($E183<>\"\", (_xlfn.PERCENTRANK.INC(INDEX(Rates!$B$1:$EB$430,MATCH($A183, Rates!$A$1:$A$430, 0),0), $E183, 2)*100), \"\")","v":""},"",null,null,"Y"]
["9-61.","Water, Heterotrophic Plate Count (SM 9215 B)",null,"Per Sample",{"$f":"IF($C$2<>\"\", VLOOKUP($A184,Rates!$A$1:$EB$430,MATCH($C$2,Rates!$A$1:$EB$1,0),FALSE), \"\")","v":""},null,"",{"$f":"IF($E184<>\"\", (_xlfn.PERCENTRANK.INC(INDEX(Rates!$B$1:$EB$430,MATCH($A184, Rates!$A$1:$A$430, 0),0), $E184, 2)*100), \"\")","v":""},"",null,null,"Y"]
["9-62.","Water, Acute Bioassay-96 Hour, Freshwater, Vertebrate/Invertebrate [Vertebrate: Pimephales promelas or Cyprinella leedsi/Invertebrate: Ceriodaphnia dubia] (EPA 2000.0/2002.0)",null,"Per Sample",{"$f":"IF($C$2<>\"\", VLOOKUP($A185,Rates!$A$1:$EB$430,MATCH($C$2,Rates!$A$1:$EB$1,0),FALSE), \"\")","v":""},null,"",{"$f":"IF($E185<>\"\", (_xlfn.PERCENTRANK.INC(INDEX(Rates!$B$1:$EB$430,MATCH($A185, Rates!$A$1:$A$430, 0),0), $E185, 2)*100), \"\")","v":""},"",null,null,"Y"]
["9-63.","Water, Acute Bioassay-96 Hour, Estuarine + Marine, Vertebrate/Invertebrate [Vertebrate: Menidia beryllina, Meridia menidia or Menida peninsulae/Invertebrate: Mysidopsis bahia] (EPA 2006.0/2007.0)",null,"Per Sample",{"$f":"IF($C$2<>\"\", VLOOKUP($A186,Rates!$A$1:$EB$430,MATCH($C$2,Rates!$A$1:$EB$1,0),FALSE), \"\")","v":""},null,"",{"$f":"IF($E186<>\"\", (_xlfn.PERCENTRANK.INC(INDEX(Rates!$B$1:$EB$430,MATCH($A186, Rates!$A$1:$A$430, 0),0), $E186, 2)*100), \"\")","v":""},"",null,null,"Y"]
["9-64.","Water, GC/MS Full Scan, Alkanes, Isoalkanes, Cycloalkanes, Aromatics, Bicyclane, Sterane, and Terpane Biomarkers (ASTM D5739 High Resolution GC/MS)",null,"Per Sample",{"$f":"IF($C$2<>\"\", VLOOKUP($A187,Rates!$A$1:$EB$430,MATCH($C$2,Rates!$A$1:$EB$1,0),FALSE), \"\")","v":""},null,"",{"$f":"IF($E187<>\"\", (_xlfn.PERCENTRANK.INC(INDEX(Rates!$B$1:$EB$430,MATCH($A187, Rates!$A$1:$A$430, 0),0), $E187, 2)*100), \"\")","v":""},"",null,null,"Y"]
["9-65.","Water, Gasoline Hydrocarbon Composition, Gasoline PIANO [paraffins, isoparaffins, aromatics, naphthenes and olefins] (EPA 8260Mod, High Resolution GC/MS)",null,"Per Sample",{"$f":"IF($C$2<>\"\", VLOOKUP($A188,Rates!$A$1:$EB$430,MATCH($C$2,Rates!$A$1:$EB$1,0),FALSE), \"\")","v":""},null,"",{"$f":"IF($E188<>\"\", (_xlfn.PERCENTRANK.INC(INDEX(Rates!$B$1:$EB$430,MATCH($A188, Rates!$A$1:$A$430, 0),0), $E188, 2)*100), \"\")","v":""},"",null,null,"Y"]
["9-66.","Water, 5 Fuel Oxygenates, MTBE, DIPE, TAME, ETBE and TBA (EPA 8260Mod, High Resolution GC/MS)",null,"Per Sample",{"$f":"IF($C$2<>\"\", VLOOKUP($A189,Rates!$A$1:$EB$430,MATCH($C$2,Rates!$A$1:$EB$1,0),FALSE), \"\")","v":""},null,"",{"$f":"IF($E189<>\"\", (_xlfn.PERCENTRANK.INC(INDEX(Rates!$B$1:$EB$430,MATCH($A189, Rates!$A$1:$A$430, 0),0), $E189, 2)*100), \"\")","v":""},"",null,null,"Y"]
["9-67.","Water, C10-C40 Alkane Fingerprint, N-Alkanes and Isoalkanes (ASTM D3328 GC/MS)",null,"Per Sample",{"$f":"IF($C$2<>\"\", VLOOKUP($A190,Rates!$A$1:$EB$430,MATCH($C$2,Rates!$A$1:$EB$1,0),FALSE), \"\")","v":""},null,"",{"$f":"IF($E190<>\"\", (_xlfn.PERCENTRANK.INC(INDEX(Rates!$B$1:$EB$430,MATCH($A190, Rates!$A$1:$A$430, 0),0), $E190, 2)*100), \"\")","v":""},"",null,null,"Y"]
["9-78.","Water, BTEX/MTBE + Naphthalene (EPA 8260)",null,"Per Sample",{"$f":"IF($C$2<>\"\", VLOOKUP($A191,Rates!$A$1:$EB$430,MATCH($C$2,Rates!$A$1:$EB$1,0),FALSE), \"\")","v":""},null,"",{"$f":"IF($E191<>\"\", (_xlfn.PERCENTRANK.INC(INDEX(Rates!$B$1:$EB$430,MATCH($A191, Rates!$A$1:$A$430, 0),0), $E191, 2)*100), \"\")","v":""},"",null,null,"Y"]
["9-79.","Water, EDC [1,2-dichloroethane] (EPA Method 8021 or 8260)",null,"Per Sample",{"$f":"IF($C$2<>\"\", VLOOKUP($A192,Rates!$A$1:$EB$430,MATCH($C$2,Rates!$A$1:$EB$1,0),FALSE), \"\")","v":""},null,"",{"$f":"IF($E192<>\"\", (_xlfn.PERCENTRANK.INC(INDEX(Rates!$B$1:$EB$430,MATCH($A192, Rates!$A$1:$A$430, 0),0), $E192, 2)*100), \"\")","v":""},"",null,null,"Y"]
["9-80.","Water, Methane (EPA SOP RSK-175)",null,"Per Sample",{"$f":"IF($C$2<>\"\", VLOOKUP($A193,Rates!$A$1:$EB$430,MATCH($C$2,Rates!$A$1:$EB$1,0),FALSE), \"\")","v":""},null,"",{"$f":"IF($E193<>\"\", (_xlfn.PERCENTRANK.INC(INDEX(Rates!$B$1:$EB$430,MATCH($A193, Rates!$A$1:$A$430, 0),0), $E193, 2)*100), \"\")","v":""},"",null,null,"Y"]
["9.C.","AIR ANALYSIS",null,null,null,null,null,null,null,null,null,"N"]
["9-68.","Air, Total Petroleum Hydrocarbons (EPA Method 18 or TO-3)",null,"Per Sample",{"$f":"IF($C$2<>\"\", VLOOKUP($A195,Rates!$A$1:$EB$430,MATCH($C$2,Rates!$A$1:$EB$1,0),FALSE), \"\")","v":""},null,"",{"$f":"IF($E195<>\"\", (_xlfn.PERCENTRANK.INC(INDEX(Rates!$B$1:$EB$430,MATCH($A195, Rates!$A$1:$A$430, 0),0), $E195, 2)*100), \"\")","v":""},"",null,null,"Y"]
["9-69.","Air, Volatile Organic Aromatics (EPA Method TO-15)",null,"Per Sample",{"$f":"IF($C$2<>\"\", VLOOKUP($A196,Rates!$A$1:$EB$430,MATCH($C$2,Rates!$A$1:$EB$1,0),FALSE), \"\")","v":""},null,"",{"$f":"IF($E196<>\"\", (_xlfn.PERCENTRANK.INC(INDEX(Rates!$B$1:$EB$430,MATCH($A196, Rates!$A$1:$A$430, 0),0), $E196, 2)*100), \"\")","v":""},"",null,null,"Y"]
["9-70.","Air, Polycyclic Aromatic Hydrocarbons (EPA Method TO-13)",null,"Per Sample",{"$f":"IF($C$2<>\"\", VLOOKUP($A197,Rates!$A$1:$EB$430,MATCH($C$2,Rates!$A$1:$EB$1,0),FALSE), \"\")","v":""},null,"",{"$f":"IF($E197<>\"\", (_xlfn.PERCENTRANK.INC(INDEX(Rates!$B$1:$EB$430,MATCH($A197, Rates!$A$1:$A$430, 0),0), $E197, 2)*100), \"\")","v":""},"",null,null,"Y"]
["9-71.","Air, Volatile Organic Compounds (EPA Method TO-17)",null,"Per Sample",{"$f":"IF($C$2<>\"\", VLOOKUP($A198,Rates!$A$1:$EB$430,MATCH($C$2,Rates!$A$1:$EB$1,0),FALSE), \"\")","v":""},null,"",{"$f":"IF($E198<>\"\", (_xlfn.PERCENTRANK.INC(INDEX(Rates!$B$1:$EB$430,MATCH($A198, Rates!$A$1:$A$430, 0),0), $E198, 2)*100), \"\")","v":""},"",null,null,"Y"]
["9.D.","PRODUCT ANALYSIS",null,null,null,null,null,null,null,null,null,"N"]
["9-72.","Product, C3-C44 Hydrocarbon Fingerprint, Gasoline PIANO [paraffins, isoparaffins, aromatics, naphthenes and olefins], alkanes and isoalkanes (ASTM D3328 High Resolution GC/FID)",null,"Per Sample",{"$f":"IF($C$2<>\"\", VLOOKUP($A200,Rates!$A$1:$EB$430,MATCH($C$2,Rates!$A$1:$EB$1,0),FALSE), \"\")","v":""},null,"",{"$f":"IF($E200<>\"\", (_xlfn.PERCENTRANK.INC(INDEX(Rates!$B$1:$EB$430,MATCH($A200, Rates!$A$1:$A$430, 0),0), $E200, 2)*100), \"\")","v":""},"",null,null,"Y"]
["9-73.","Product, GC/MS Full Scan, alkanes, isoalkanes, cycloalkanes, aromatics, bicyclane, sterane, and terpane biomarkers (ASTM D5739 High Resolution GC/MS)",null,"Per Sample",{"$f":"IF($C$2<>\"\", VLOOKUP($A201,Rates!$A$1:$EB$430,MATCH($C$2,Rates!$A$1:$EB$1,0),FALSE), \"\")","v":""},null,"",{"$f":"IF($E201<>\"\", (_xlfn.PERCENTRANK.INC(INDEX(Rates!$B$1:$EB$430,MATCH($A201, Rates!$A$1:$A$430, 0),0), $E201, 2)*100), \"\")","v":""},"",null,null,"Y"]
["9.E.","OTHER ANALYSIS",null,null,null,null,null,null,null,null,null,"N"]
["9-75.","Additional Laboratory % Surcharge authorized in the ATC contract for 7 Day Turnaround. The price should be a total of all standard costs for analysis receiving 7 Day Turnaround in each Task.  Enter this price in the Quant. column for the associated task.  The rate is the % surcharge authorized in the ATC contract (% surcharge is calculated using the item price, where: $1.00 = 100%, $0.75 = 75%, ect.). This will be payable per sample per % surcharge utilizing the dollars as the number of units.",null,"Percent\nSurcharge",{"$f":"IF($C$2<>\"\", VLOOKUP($A203,Rates!$A$1:$EB$430,MATCH($C$2,Rates!$A$1:$EB$1,0),FALSE), \"\")","v":""},null,{"$f":"IF(AND(F203<>\"\",E203<>\"\"), (F203-E203)/E203, \"\")","v":""},{"$f":"IF($E203<>\"\", (_xlfn.PERCENTRANK.INC(INDEX(Rates!$B$1:$EB$430,MATCH($A203, Rates!$A$1:$A$430, 0),0), $E203, 2)*100), \"\")","v":""},{"$f":"IF(AND(E203<>\"\",F203<>\"\" ), IF(AND(H203>75,G203>0), E203, ROUND(F203,2)), \"\")","v":""},null,null,"Y"]
["9-76.","Additional Laboratory % Surcharge authorized in the ATC contract for 3 Day Turnaround. The price should be a total of all standard costs for analysis receiving 3 Day Turnaround in each Task.  Enter this price in the Quant. column for the associated task.  The rate is the % surcharge authorized in the ATC contract (% surcharge is calculated using the item price, where: $1.00 = 100%, $0.75 = 75%, ect.). This will be payable per sample per % surcharge utilizing the dollars as the number of units.",null,"Percent\nSurcharge",{"$f":"IF($C$2<>\"\", VLOOKUP($A204,Rates!$A$1:$EB$430,MATCH($C$2,Rates!$A$1:$EB$1,0),FALSE), \"\")","v":""},null,"",{"$f":"IF($E204<>\"\", (_xlfn.PERCENTRANK.INC(INDEX(Rates!$B$1:$EB$430,MATCH($A204, Rates!$A$1:$A$430, 0),0), $E204, 2)*100), \"\")","v":""},"",null,null,"Y"]
["9-77.","Additional Laboratory % Surcharge authorized in the ATC contract for 1 Day Turnaround. The price should be a total of all standard costs for analysis receiving 1 Day Turnaround in each Task.  Enter this price in the Quant. column for the associated task.  The rate is the % surcharge authorized in the ATC contract (% surcharge is calculated using the item price, where: $1.00 = 100%, $0.75 = 75%, ect.). This will be payable per sample per % surcharge utilizing the dollars as the number of units.",null,"Percent\nSurcharge",{"$f":"IF($C$2<>\"\", VLOOKUP($A205,Rates!$A$1:$EB$430,MATCH($C$2,Rates!$A$1:$EB$1,0),FALSE), \"\")","v":""},null,"",{"$f":"IF($E205<>\"\", (_xlfn.PERCENTRANK.INC(INDEX(Rates!$B$1:$EB$430,MATCH($A205, Rates!$A$1:$A$430, 0),0), $E205, 2)*100), \"\")","v":""},"",null,null,"Y"]
["10.","SOIL SOURCE REMOVAL RELATED",null,null,null,null,null,null,null,null,null,"N"]
["10-1.a.","Sheet Piling Installation for ≤  20 feet deep Excavation",null,"Per Sq. Foot",{"$f":"IF($C$2<>\"\", VLOOKUP($A207,Rates!$A$1:$EB$430,MATCH($C$2,Rates!$A$1:$EB$1,0),FALSE), \"\")","v":""},null,"",{"$f":"IF($E207<>\"\", (_xlfn.PERCENTRANK.INC(INDEX(Rates!$B$1:$EB$430,MATCH($A207, Rates!$A$1:$A$430, 0),0), $E207, 2)*100), \"\")","v":""},"",null,null,"Y"]
["10-1.b.","Sheet Piling Rental for ≤  20 feet deep Excavation",null,"Per Sq. Foot/Day",{"$f":"IF($C$2<>\"\", VLOOKUP($A208,Rates!$A$1:$EB$430,MATCH($C$2,Rates!$A$1:$EB$1,0),FALSE), \"\")","v":""},null,"",{"$f":"IF($E208<>\"\", (_xlfn.PERCENTRANK.INC(INDEX(Rates!$B$1:$EB$430,MATCH($A208, Rates!$A$1:$A$430, 0),0), $E208, 2)*100), \"\")","v":""},"",null,null,"Y"]
["10-1.c.","Sheet Piling Rental for ≤  20 feet deep Excavation",null,"Per Sq. Foot/Week",{"$f":"IF($C$2<>\"\", VLOOKUP($A209,Rates!$A$1:$EB$430,MATCH($C$2,Rates!$A$1:$EB$1,0),FALSE), \"\")","v":""},null,"",{"$f":"IF($E209<>\"\", (_xlfn.PERCENTRANK.INC(INDEX(Rates!$B$1:$EB$430,MATCH($A209, Rates!$A$1:$A$430, 0),0), $E209, 2)*100), \"\")","v":""},"",null,null,"Y"]
["10-1.d.","Sheet Piling Rental for ≤  20 feet deep Excavation",null,"Per Sq. Foot/Month",{"$f":"IF($C$2<>\"\", VLOOKUP($A210,Rates!$A$1:$EB$430,MATCH($C$2,Rates!$A$1:$EB$1,0),FALSE), \"\")","v":""},null,"",{"$f":"IF($E210<>\"\", (_xlfn.PERCENTRANK.INC(INDEX(Rates!$B$1:$EB$430,MATCH($A210, Rates!$A$1:$A$430, 0),0), $E210, 2)*100), \"\")","v":""},"",null,null,"Y"]
["10-2.a.","Sheet Piling Installation for > 20 feet deep Excavation",null,"Per Sq. Foot",{"$f":"IF($C$2<>\"\", VLOOKUP($A211,Rates!$A$1:$EB$430,MATCH($C$2,Rates!$A$1:$EB$1,0),FALSE), \"\")","v":""},null,"",{"$f":"IF($E211<>\"\", (_xlfn.PERCENTRANK.INC(INDEX(Rates!$B$1:$EB$430,MATCH($A211, Rates!$A$1:$A$430, 0),0), $E211, 2)*100), \"\")","v":""},"",null,null,"Y"]
["10-2.b.","Sheet Piling Rental for >  20 feet deep Excavation",null,"Per Sq. Foot/Day",{"$f":"IF($C$2<>\"\", VLOOKUP($A212,Rates!$A$1:$EB$430,MATCH($C$2,Rates!$A$1:$EB$1,0),FALSE), \"\")","v":""},null,"",{"$f":"IF($E212<>\"\", (_xlfn.PERCENTRANK.INC(INDEX(Rates!$B$1:$EB$430,MATCH($A212, Rates!$A$1:$A$430, 0),0), $E212, 2)*100), \"\")","v":""},"",null,null,"Y"]
["10-2.c.","Sheet Piling Rental for >  20 feet deep Excavation",null,"Per Sq. Foot/Week",{"$f":"IF($C$2<>\"\", VLOOKUP($A213,Rates!$A$1:$EB$430,MATCH($C$2,Rates!$A$1:$EB$1,0),FALSE), \"\")","v":""},null,"",{"$f":"IF($E213<>\"\", (_xlfn.PERCENTRANK.INC(INDEX(Rates!$B$1:$EB$430,MATCH($A213, Rates!$A$1:$A$430, 0),0), $E213, 2)*100), \"\")","v":""},"",null,null,"Y"]
["10-2.d.","Sheet Piling Rental for >  20 feet deep Excavation",null,"Per Sq. Foot/Month",{"$f":"IF($C$2<>\"\", VLOOKUP($A214,Rates!$A$1:$EB$430,MATCH($C$2,Rates!$A$1:$EB$1,0),FALSE), \"\")","v":""},null,"",{"$f":"IF($E214<>\"\", (_xlfn.PERCENTRANK.INC(INDEX(Rates!$B$1:$EB$430,MATCH($A214, Rates!$A$1:$A$430, 0),0), $E214, 2)*100), \"\")","v":""},"",null,null,"Y"]
["10-7.","Conventional Soil Excavation and Loading ≤ 300 cubic yards ",null,"Per Cubic Yard",{"$f":"IF($C$2<>\"\", VLOOKUP($A215,Rates!$A$1:$EB$430,MATCH($C$2,Rates!$A$1:$EB$1,0),FALSE), \"\")","v":""},null,"",{"$f":"IF($E215<>\"\", (_xlfn.PERCENTRANK.INC(INDEX(Rates!$B$1:$EB$430,MATCH($A215, Rates!$A$1:$A$430, 0),0), $E215, 2)*100), \"\")","v":""},"",null,null,"Y"]
["10-8.","Conventional Soil Excavation and Loading > 300 cubic yards",null,"Per Cubic Yard",{"$f":"IF($C$2<>\"\", VLOOKUP($A216,Rates!$A$1:$EB$430,MATCH($C$2,Rates!$A$1:$EB$1,0),FALSE), \"\")","v":""},null,"",{"$f":"IF($E216<>\"\", (_xlfn.PERCENTRANK.INC(INDEX(Rates!$B$1:$EB$430,MATCH($A216, Rates!$A$1:$A$430, 0),0), $E216, 2)*100), \"\")","v":""},"",null,null,"Y"]
["10-9.","LDA Excavation and Loading Without Casing ≤ 300 cubic yards",null,"Per Cubic Yard",{"$f":"IF($C$2<>\"\", VLOOKUP($A217,Rates!$A$1:$EB$430,MATCH($C$2,Rates!$A$1:$EB$1,0),FALSE), \"\")","v":""},null,"",{"$f":"IF($E217<>\"\", (_xlfn.PERCENTRANK.INC(INDEX(Rates!$B$1:$EB$430,MATCH($A217, Rates!$A$1:$A$430, 0),0), $E217, 2)*100), \"\")","v":""},"",null,null,"Y"]
["10-10.","LDA Excavation and Loading Without Casing > 300 cubic yards",null,"Per Cubic Yard",{"$f":"IF($C$2<>\"\", VLOOKUP($A218,Rates!$A$1:$EB$430,MATCH($C$2,Rates!$A$1:$EB$1,0),FALSE), \"\")","v":""},null,"",{"$f":"IF($E218<>\"\", (_xlfn.PERCENTRANK.INC(INDEX(Rates!$B$1:$EB$430,MATCH($A218, Rates!$A$1:$A$430, 0),0), $E218, 2)*100), \"\")","v":""},"",null,null,"Y"]
["10-11.a.","LDA Excavation and Loading With Surface Casing ≤ 300 cubic yards",null,"Per Cubic Yard",{"$f":"IF($C$2<>\"\", VLOOKUP($A219,Rates!$A$1:$EB$430,MATCH($C$2,Rates!$A$1:$EB$1,0),FALSE), \"\")","v":""},null,"",{"$f":"IF($E219<>\"\", (_xlfn.PERCENTRANK.INC(INDEX(Rates!$B$1:$EB$430,MATCH($A219, Rates!$A$1:$A$430, 0),0), $E219, 2)*100), \"\")","v":""},"",null,null,"Y"]
["10-11.b.","LDA Excavation and Loading With Driven Casing < 300 cubic yards",null,"Per Cubic Yard",{"$f":"IF($C$2<>\"\", VLOOKUP($A220,Rates!$A$1:$EB$430,MATCH($C$2,Rates!$A$1:$EB$1,0),FALSE), \"\")","v":""},null,"",{"$f":"IF($E220<>\"\", (_xlfn.PERCENTRANK.INC(INDEX(Rates!$B$1:$EB$430,MATCH($A220, Rates!$A$1:$A$430, 0),0), $E220, 2)*100), \"\")","v":""},"",null,null,"Y"]
["10-12.a.","LDA Excavation and Loading With Surface Casing > 300 cubic yards",null,"Per Cubic Yard",{"$f":"IF($C$2<>\"\", VLOOKUP($A221,Rates!$A$1:$EB$430,MATCH($C$2,Rates!$A$1:$EB$1,0),FALSE), \"\")","v":""},null,"",{"$f":"IF($E221<>\"\", (_xlfn.PERCENTRANK.INC(INDEX(Rates!$B$1:$EB$430,MATCH($A221, Rates!$A$1:$A$430, 0),0), $E221, 2)*100), \"\")","v":""},"",null,null,"Y"]
["10-12.b.","LDA Excavation and Loading With Driven Casing > 300 cubic yards",null,"Per Cubic Yard",{"$f":"IF($C$2<>\"\", VLOOKUP($A222,Rates!$A$1:$EB$430,MATCH($C$2,Rates!$A$1:$EB$1,0),FALSE), \"\")","v":""},null,"",{"$f":"IF($E222<>\"\", (_xlfn.PERCENTRANK.INC(INDEX(Rates!$B$1:$EB$430,MATCH($A222, Rates!$A$1:$A$430, 0),0), $E222, 2)*100), \"\")","v":""},"",null,null,"Y"]
["10-13.","Flowable Fill Concrete and Installation",null,"Per Cubic Yard",{"$f":"IF($C$2<>\"\", VLOOKUP($A223,Rates!$A$1:$EB$430,MATCH($C$2,Rates!$A$1:$EB$1,0),FALSE), \"\")","v":""},null,"",{"$f":"IF($E223<>\"\", (_xlfn.PERCENTRANK.INC(INDEX(Rates!$B$1:$EB$430,MATCH($A223, Rates!$A$1:$A$430, 0),0), $E223, 2)*100), \"\")","v":""},"",null,null,"Y"]
["10-14.","Clean Backfill Material, Compaction and Testing (includes transport) ≤ 300 cubic yards",null,"Per Cubic Yard",{"$f":"IF($C$2<>\"\", VLOOKUP($A224,Rates!$A$1:$EB$430,MATCH($C$2,Rates!$A$1:$EB$1,0),FALSE), \"\")","v":""},null,"",{"$f":"IF($E224<>\"\", (_xlfn.PERCENTRANK.INC(INDEX(Rates!$B$1:$EB$430,MATCH($A224, Rates!$A$1:$A$430, 0),0), $E224, 2)*100), \"\")","v":""},"",null,null,"Y"]
["10-15.","Clean Backfill Material, Compaction and Testing (includes transport) > 300 cubic yards",null,"Per Cubic Yard",{"$f":"IF($C$2<>\"\", VLOOKUP($A225,Rates!$A$1:$EB$430,MATCH($C$2,Rates!$A$1:$EB$1,0),FALSE), \"\")","v":""},null,"",{"$f":"IF($E225<>\"\", (_xlfn.PERCENTRANK.INC(INDEX(Rates!$B$1:$EB$430,MATCH($A225, Rates!$A$1:$A$430, 0),0), $E225, 2)*100), \"\")","v":""},"",null,null,"Y"]
["10-15.a.","Clean Overburden Used As Backfill, Compaction and Testing ≤ 300 cubic yards",null,"Per Cubic Yard",{"$f":"IF($C$2<>\"\", VLOOKUP($A226,Rates!$A$1:$EB$430,MATCH($C$2,Rates!$A$1:$EB$1,0),FALSE), \"\")","v":""},null,"",{"$f":"IF($E226<>\"\", (_xlfn.PERCENTRANK.INC(INDEX(Rates!$B$1:$EB$430,MATCH($A226, Rates!$A$1:$A$430, 0),0), $E226, 2)*100), \"\")","v":""},"",null,null,"Y"]
["10-15.b.","Clean Overburden Used As Backfill, Compaction and Testing > 300 cubic yards",null,"Per Cubic Yard",{"$f":"IF($C$2<>\"\", VLOOKUP($A227,Rates!$A$1:$EB$430,MATCH($C$2,Rates!$A$1:$EB$1,0),FALSE), \"\")","v":""},null,"",{"$f":"IF($E227<>\"\", (_xlfn.PERCENTRANK.INC(INDEX(Rates!$B$1:$EB$430,MATCH($A227, Rates!$A$1:$A$430, 0),0), $E227, 2)*100), \"\")","v":""},"",null,null,"Y"]
["10-16.","Pea Gravel",null,"Per Ton",{"$f":"IF($C$2<>\"\", VLOOKUP($A228,Rates!$A$1:$EB$430,MATCH($C$2,Rates!$A$1:$EB$1,0),FALSE), \"\")","v":""},null,"",{"$f":"IF($E228<>\"\", (_xlfn.PERCENTRANK.INC(INDEX(Rates!$B$1:$EB$430,MATCH($A228, Rates!$A$1:$A$430, 0),0), $E228, 2)*100), \"\")","v":""},"",null,null,"Y"]
["10-17.","#57 Stone",null,"Per Ton",{"$f":"IF($C$2<>\"\", VLOOKUP($A229,Rates!$A$1:$EB$430,MATCH($C$2,Rates!$A$1:$EB$1,0),FALSE), \"\")","v":""},null,"",{"$f":"IF($E229<>\"\", (_xlfn.PERCENTRANK.INC(INDEX(Rates!$B$1:$EB$430,MATCH($A229, Rates!$A$1:$A$430, 0),0), $E229, 2)*100), \"\")","v":""},"",null,null,"Y"]
["10-18.","Dewatering System, up to 12 well points (includes installation)",null,"Per Day",{"$f":"IF($C$2<>\"\", VLOOKUP($A230,Rates!$A$1:$EB$430,MATCH($C$2,Rates!$A$1:$EB$1,0),FALSE), \"\")","v":""},null,"",{"$f":"IF($E230<>\"\", (_xlfn.PERCENTRANK.INC(INDEX(Rates!$B$1:$EB$430,MATCH($A230, Rates!$A$1:$A$430, 0),0), $E230, 2)*100), \"\")","v":""},"",null,null,"Y"]
["10-19.","Additional Dewatering System Well Points (2) (includes installation)",null,"Per Day",{"$f":"IF($C$2<>\"\", VLOOKUP($A231,Rates!$A$1:$EB$430,MATCH($C$2,Rates!$A$1:$EB$1,0),FALSE), \"\")","v":""},null,"",{"$f":"IF($E231<>\"\", (_xlfn.PERCENTRANK.INC(INDEX(Rates!$B$1:$EB$430,MATCH($A231, Rates!$A$1:$A$430, 0),0), $E231, 2)*100), \"\")","v":""},"",null,null,"Y"]
["10-20.","Dewatering System, up to 12 well points (includes installation)",null,"Per Week",{"$f":"IF($C$2<>\"\", VLOOKUP($A232,Rates!$A$1:$EB$430,MATCH($C$2,Rates!$A$1:$EB$1,0),FALSE), \"\")","v":""},null,"",{"$f":"IF($E232<>\"\", (_xlfn.PERCENTRANK.INC(INDEX(Rates!$B$1:$EB$430,MATCH($A232, Rates!$A$1:$A$430, 0),0), $E232, 2)*100), \"\")","v":""},"",null,null,"Y"]
["10-21.","Additional Dewatering System Well Points (2) (includes installation)",null,"Per Week",{"$f":"IF($C$2<>\"\", VLOOKUP($A233,Rates!$A$1:$EB$430,MATCH($C$2,Rates!$A$1:$EB$1,0),FALSE), \"\")","v":""},null,"",{"$f":"IF($E233<>\"\", (_xlfn.PERCENTRANK.INC(INDEX(Rates!$B$1:$EB$430,MATCH($A233, Rates!$A$1:$A$430, 0),0), $E233, 2)*100), \"\")","v":""},"",null,null,"Y"]
["10-22.","Dewatering System, up to 12 well points (includes installation)",null,"Per Month",{"$f":"IF($C$2<>\"\", VLOOKUP($A234,Rates!$A$1:$EB$430,MATCH($C$2,Rates!$A$1:$EB$1,0),FALSE), \"\")","v":""},null,"",{"$f":"IF($E234<>\"\", (_xlfn.PERCENTRANK.INC(INDEX(Rates!$B$1:$EB$430,MATCH($A234, Rates!$A$1:$A$430, 0),0), $E234, 2)*100), \"\")","v":""},"",null,null,"Y"]
["10-23.","Additional Dewatering System Well Points (2) (includes installation)",null,"Per Month",{"$f":"IF($C$2<>\"\", VLOOKUP($A235,Rates!$A$1:$EB$430,MATCH($C$2,Rates!$A$1:$EB$1,0),FALSE), \"\")","v":""},null,"",{"$f":"IF($E235<>\"\", (_xlfn.PERCENTRANK.INC(INDEX(Rates!$B$1:$EB$430,MATCH($A235, Rates!$A$1:$A$430, 0),0), $E235, 2)*100), \"\")","v":""},"",null,null,"Y"]
["11.","PETROLEUM STORAGE TANK REMOVAL AND DISPOSAL",null,null,null,null,null,null,null,null,null,"N"]
["11-1.","Remove and Dispose Petroleum Storage Tank - ≤ 1,000 gal. capacity",null,"Per Tank",{"$f":"IF($C$2<>\"\", VLOOKUP($A237,Rates!$A$1:$EB$430,MATCH($C$2,Rates!$A$1:$EB$1,0),FALSE), \"\")","v":""},null,"",{"$f":"IF($E237<>\"\", (_xlfn.PERCENTRANK.INC(INDEX(Rates!$B$1:$EB$430,MATCH($A237, Rates!$A$1:$A$430, 0),0), $E237, 2)*100), \"\")","v":""},"",null,null,"Y"]
["11-2.","Remove and Dispose Petroleum Storage Tank - > 1,000 to 5,000 gal. capacity",null,"Per Tank",{"$f":"IF($C$2<>\"\", VLOOKUP($A238,Rates!$A$1:$EB$430,MATCH($C$2,Rates!$A$1:$EB$1,0),FALSE), \"\")","v":""},null,"",{"$f":"IF($E238<>\"\", (_xlfn.PERCENTRANK.INC(INDEX(Rates!$B$1:$EB$430,MATCH($A238, Rates!$A$1:$A$430, 0),0), $E238, 2)*100), \"\")","v":""},"",null,null,"Y"]
["11-3.","Remove and Dispose Petroleum Storage Tank - > 5,000 to 10,000 gal. capacity",null,"Per Tank",{"$f":"IF($C$2<>\"\", VLOOKUP($A239,Rates!$A$1:$EB$430,MATCH($C$2,Rates!$A$1:$EB$1,0),FALSE), \"\")","v":""},null,"",{"$f":"IF($E239<>\"\", (_xlfn.PERCENTRANK.INC(INDEX(Rates!$B$1:$EB$430,MATCH($A239, Rates!$A$1:$A$430, 0),0), $E239, 2)*100), \"\")","v":""},"",null,null,"Y"]
["11-4.","Remove and Dispose Petroleum Storage Tank - > 10,000 gal. capacity",null,"Per Tank",{"$f":"IF($C$2<>\"\", VLOOKUP($A240,Rates!$A$1:$EB$430,MATCH($C$2,Rates!$A$1:$EB$1,0),FALSE), \"\")","v":""},null,"",{"$f":"IF($E240<>\"\", (_xlfn.PERCENTRANK.INC(INDEX(Rates!$B$1:$EB$430,MATCH($A240, Rates!$A$1:$A$430, 0),0), $E240, 2)*100), \"\")","v":""},"",null,null,"Y"]
["12.","DEBRIS, WASTE AND PRODUCT REMOVAL AND DISPOSAL ",null,null,null,null,null,null,null,null,null,"N"]
["12-1.","Removal and Loading of Asphalt and/or Concrete - up to 4 inch thickness",null,"Per Square Foot",{"$f":"IF($C$2<>\"\", VLOOKUP($A242,Rates!$A$1:$EB$430,MATCH($C$2,Rates!$A$1:$EB$1,0),FALSE), \"\")","v":""},null,"",{"$f":"IF($E242<>\"\", (_xlfn.PERCENTRANK.INC(INDEX(Rates!$B$1:$EB$430,MATCH($A242, Rates!$A$1:$A$430, 0),0), $E242, 2)*100), \"\")","v":""},"",null,null,"Y"]
["12-2.","Additional Removal/Loading Cost for Concrete - > 4 inch thickness ",null,"Per Square Foot",{"$f":"IF($C$2<>\"\", VLOOKUP($A243,Rates!$A$1:$EB$430,MATCH($C$2,Rates!$A$1:$EB$1,0),FALSE), \"\")","v":""},null,"",{"$f":"IF($E243<>\"\", (_xlfn.PERCENTRANK.INC(INDEX(Rates!$B$1:$EB$430,MATCH($A243, Rates!$A$1:$A$430, 0),0), $E243, 2)*100), \"\")","v":""},"",null,null,"Y"]
["12-3.","Loading, Transport and Disposal/Recycle Clean Overburden ",null,"Per Ton",{"$f":"IF($C$2<>\"\", VLOOKUP($A244,Rates!$A$1:$EB$430,MATCH($C$2,Rates!$A$1:$EB$1,0),FALSE), \"\")","v":""},null,"",{"$f":"IF($E244<>\"\", (_xlfn.PERCENTRANK.INC(INDEX(Rates!$B$1:$EB$430,MATCH($A244, Rates!$A$1:$A$430, 0),0), $E244, 2)*100), \"\")","v":""},"",null,null,"Y"]
["12-4.","Transport and Disposal of Clean Concrete ",null,"Per Ton",{"$f":"IF($C$2<>\"\", VLOOKUP($A245,Rates!$A$1:$EB$430,MATCH($C$2,Rates!$A$1:$EB$1,0),FALSE), \"\")","v":""},null,"",{"$f":"IF($E245<>\"\", (_xlfn.PERCENTRANK.INC(INDEX(Rates!$B$1:$EB$430,MATCH($A245, Rates!$A$1:$A$430, 0),0), $E245, 2)*100), \"\")","v":""},"",null,null,"Y"]
["12-5.","Transport and Disposal of Mixed Debris  ",null,"Per Ton",{"$f":"IF($C$2<>\"\", VLOOKUP($A246,Rates!$A$1:$EB$430,MATCH($C$2,Rates!$A$1:$EB$1,0),FALSE), \"\")","v":""},null,"",{"$f":"IF($E246<>\"\", (_xlfn.PERCENTRANK.INC(INDEX(Rates!$B$1:$EB$430,MATCH($A246, Rates!$A$1:$A$430, 0),0), $E246, 2)*100), \"\")","v":""},"",null,null,"Y"]
["12-6.","Transport and Disposal of Petroleum Impacted Soil (includes drum)",null,"Per Drum",{"$f":"IF($C$2<>\"\", VLOOKUP($A247,Rates!$A$1:$EB$430,MATCH($C$2,Rates!$A$1:$EB$1,0),FALSE), \"\")","v":""},null,"",{"$f":"IF($E247<>\"\", (_xlfn.PERCENTRANK.INC(INDEX(Rates!$B$1:$EB$430,MATCH($A247, Rates!$A$1:$A$430, 0),0), $E247, 2)*100), \"\")","v":""},"",null,null,"Y"]
["12-7.","Transport Petroleum Impacted Soil (bulk) ≤ 100 miles",null,"Per Ton",{"$f":"IF($C$2<>\"\", VLOOKUP($A248,Rates!$A$1:$EB$430,MATCH($C$2,Rates!$A$1:$EB$1,0),FALSE), \"\")","v":""},null,"",{"$f":"IF($E248<>\"\", (_xlfn.PERCENTRANK.INC(INDEX(Rates!$B$1:$EB$430,MATCH($A248, Rates!$A$1:$A$430, 0),0), $E248, 2)*100), \"\")","v":""},"",null,null,"Y"]
["12-8.","Transport Petroleum Impacted Soil (bulk) > 100 miles",null,"Per Ton",{"$f":"IF($C$2<>\"\", VLOOKUP($A249,Rates!$A$1:$EB$430,MATCH($C$2,Rates!$A$1:$EB$1,0),FALSE), \"\")","v":""},null,"",{"$f":"IF($E249<>\"\", (_xlfn.PERCENTRANK.INC(INDEX(Rates!$B$1:$EB$430,MATCH($A249, Rates!$A$1:$A$430, 0),0), $E249, 2)*100), \"\")","v":""},"",null,null,"Y"]
["12-9.","Disposal of Petroleum Impacted Soil at a Landfill (bulk) ≤ 450 tons",null,"Per Ton",{"$f":"IF($C$2<>\"\", VLOOKUP($A250,Rates!$A$1:$EB$430,MATCH($C$2,Rates!$A$1:$EB$1,0),FALSE), \"\")","v":""},null,"",{"$f":"IF($E250<>\"\", (_xlfn.PERCENTRANK.INC(INDEX(Rates!$B$1:$EB$430,MATCH($A250, Rates!$A$1:$A$430, 0),0), $E250, 2)*100), \"\")","v":""},"",null,null,"Y"]
["12-10.","Disposal of Petroleum Impacted Soil at a Landfill (bulk) > 450 tons",null,"Per Ton",{"$f":"IF($C$2<>\"\", VLOOKUP($A251,Rates!$A$1:$EB$430,MATCH($C$2,Rates!$A$1:$EB$1,0),FALSE), \"\")","v":""},null,"",{"$f":"IF($E251<>\"\", (_xlfn.PERCENTRANK.INC(INDEX(Rates!$B$1:$EB$430,MATCH($A251, Rates!$A$1:$A$430, 0),0), $E251, 2)*100), \"\")","v":""},"",null,null,"Y"]
["12-11.","Disposal of Petroleum Impacted Soil at a Thermal Treatment Facility (bulk) ≤ 450 tons",null,"Per Ton",{"$f":"IF($C$2<>\"\", VLOOKUP($A252,Rates!$A$1:$EB$430,MATCH($C$2,Rates!$A$1:$EB$1,0),FALSE), \"\")","v":""},null,"",{"$f":"IF($E252<>\"\", (_xlfn.PERCENTRANK.INC(INDEX(Rates!$B$1:$EB$430,MATCH($A252, Rates!$A$1:$A$430, 0),0), $E252, 2)*100), \"\")","v":""},"",null,null,"Y"]
["12-12.","Disposal of Petroleum Impacted Soil at a Thermal Treatment Facility (bulk) > 450 tons",null,"Per Ton",{"$f":"IF($C$2<>\"\", VLOOKUP($A253,Rates!$A$1:$EB$430,MATCH($C$2,Rates!$A$1:$EB$1,0),FALSE), \"\")","v":""},null,"",{"$f":"IF($E253<>\"\", (_xlfn.PERCENTRANK.INC(INDEX(Rates!$B$1:$EB$430,MATCH($A253, Rates!$A$1:$A$430, 0),0), $E253, 2)*100), \"\")","v":""},"",null,null,"Y"]
["12-13.","Transport and Disposal of Petroleum Contact Water (includes drum)",null,"Per Drum",{"$f":"IF($C$2<>\"\", VLOOKUP($A254,Rates!$A$1:$EB$430,MATCH($C$2,Rates!$A$1:$EB$1,0),FALSE), \"\")","v":""},null,"",{"$f":"IF($E254<>\"\", (_xlfn.PERCENTRANK.INC(INDEX(Rates!$B$1:$EB$430,MATCH($A254, Rates!$A$1:$A$430, 0),0), $E254, 2)*100), \"\")","v":""},"",null,null,"Y"]
["12-14.","Transport and Disposal of Petroleum Contact Water (bulk)",null,"Per Gallon",{"$f":"IF($C$2<>\"\", VLOOKUP($A255,Rates!$A$1:$EB$430,MATCH($C$2,Rates!$A$1:$EB$1,0),FALSE), \"\")","v":""},null,"",{"$f":"IF($E255<>\"\", (_xlfn.PERCENTRANK.INC(INDEX(Rates!$B$1:$EB$430,MATCH($A255, Rates!$A$1:$A$430, 0),0), $E255, 2)*100), \"\")","v":""},"",null,null,"Y"]
["12-15.","Transport and Disposal of Petroleum Product (includes drum)",null,"Per Drum",{"$f":"IF($C$2<>\"\", VLOOKUP($A256,Rates!$A$1:$EB$430,MATCH($C$2,Rates!$A$1:$EB$1,0),FALSE), \"\")","v":""},null,"",{"$f":"IF($E256<>\"\", (_xlfn.PERCENTRANK.INC(INDEX(Rates!$B$1:$EB$430,MATCH($A256, Rates!$A$1:$A$430, 0),0), $E256, 2)*100), \"\")","v":""},"",null,null,"Y"]
["12-16.","Transport and Disposal of Petroleum Product (bulk)",null,"Per Gallon",{"$f":"IF($C$2<>\"\", VLOOKUP($A257,Rates!$A$1:$EB$430,MATCH($C$2,Rates!$A$1:$EB$1,0),FALSE), \"\")","v":""},null,"",{"$f":"IF($E257<>\"\", (_xlfn.PERCENTRANK.INC(INDEX(Rates!$B$1:$EB$430,MATCH($A257, Rates!$A$1:$A$430, 0),0), $E257, 2)*100), \"\")","v":""},"",null,null,"Y"]
["12-17.","Delivery, Pick Up and Rental of 20 Cubic Yard Roll-Off Container",null,"Per Week",{"$f":"IF($C$2<>\"\", VLOOKUP($A258,Rates!$A$1:$EB$430,MATCH($C$2,Rates!$A$1:$EB$1,0),FALSE), \"\")","v":""},null,"",{"$f":"IF($E258<>\"\", (_xlfn.PERCENTRANK.INC(INDEX(Rates!$B$1:$EB$430,MATCH($A258, Rates!$A$1:$A$430, 0),0), $E258, 2)*100), \"\")","v":""},"",null,null,"Y"]
["12-18.","Additional Rental of 20 Cubic Yard Roll-Off Container",null,"Per Week",{"$f":"IF($C$2<>\"\", VLOOKUP($A259,Rates!$A$1:$EB$430,MATCH($C$2,Rates!$A$1:$EB$1,0),FALSE), \"\")","v":""},null,"",{"$f":"IF($E259<>\"\", (_xlfn.PERCENTRANK.INC(INDEX(Rates!$B$1:$EB$430,MATCH($A259, Rates!$A$1:$A$430, 0),0), $E259, 2)*100), \"\")","v":""},"",null,null,"Y"]
["13.","RESURFACING",null,null,null,null,null,null,null,null,null,"N"]
["13-1.","Asphalt Paving - 2 inch thickness (includes sub-base)",null,"Per Square Foot",{"$f":"IF($C$2<>\"\", VLOOKUP($A261,Rates!$A$1:$EB$430,MATCH($C$2,Rates!$A$1:$EB$1,0),FALSE), \"\")","v":""},null,"",{"$f":"IF($E261<>\"\", (_xlfn.PERCENTRANK.INC(INDEX(Rates!$B$1:$EB$430,MATCH($A261, Rates!$A$1:$A$430, 0),0), $E261, 2)*100), \"\")","v":""},"",null,null,"Y"]
["13-2.","Asphalt Paving - additional 1 inch thickness ",null,"Per Square Foot",{"$f":"IF($C$2<>\"\", VLOOKUP($A262,Rates!$A$1:$EB$430,MATCH($C$2,Rates!$A$1:$EB$1,0),FALSE), \"\")","v":""},null,"",{"$f":"IF($E262<>\"\", (_xlfn.PERCENTRANK.INC(INDEX(Rates!$B$1:$EB$430,MATCH($A262, Rates!$A$1:$A$430, 0),0), $E262, 2)*100), \"\")","v":""},"",null,null,"Y"]
["13-3.","Concrete Paving - 4 inch thickness (includes sub-base)",null,"Per Square Foot",{"$f":"IF($C$2<>\"\", VLOOKUP($A263,Rates!$A$1:$EB$430,MATCH($C$2,Rates!$A$1:$EB$1,0),FALSE), \"\")","v":""},null,"",{"$f":"IF($E263<>\"\", (_xlfn.PERCENTRANK.INC(INDEX(Rates!$B$1:$EB$430,MATCH($A263, Rates!$A$1:$A$430, 0),0), $E263, 2)*100), \"\")","v":""},"",null,null,"Y"]
["13-4.","Concrete Paving - additional 1 inch thickness ",null,"Per Square Foot",{"$f":"IF($C$2<>\"\", VLOOKUP($A264,Rates!$A$1:$EB$430,MATCH($C$2,Rates!$A$1:$EB$1,0),FALSE), \"\")","v":""},null,"",{"$f":"IF($E264<>\"\", (_xlfn.PERCENTRANK.INC(INDEX(Rates!$B$1:$EB$430,MATCH($A264, Rates!$A$1:$A$430, 0),0), $E264, 2)*100), \"\")","v":""},"",null,null,"Y"]
["13-5.","Crushed Lime Rock Cover - 2 inch thickness",null,"Per Square Foot",{"$f":"IF($C$2<>\"\", VLOOKUP($A265,Rates!$A$1:$EB$430,MATCH($C$2,Rates!$A$1:$EB$1,0),FALSE), \"\")","v":""},null,"",{"$f":"IF($E265<>\"\", (_xlfn.PERCENTRANK.INC(INDEX(Rates!$B$1:$EB$430,MATCH($A265, Rates!$A$1:$A$430, 0),0), $E265, 2)*100), \"\")","v":""},"",null,null,"Y"]
["13-6.","Grass - Sod",null,"Per Square Foot",{"$f":"IF($C$2<>\"\", VLOOKUP($A266,Rates!$A$1:$EB$430,MATCH($C$2,Rates!$A$1:$EB$1,0),FALSE), \"\")","v":""},null,{"$f":"IF(AND(F266<>\"\",E266<>\"\"), (F266-E266)/E266, \"\")","v":""},{"$f":"IF($E266<>\"\", (_xlfn.PERCENTRANK.INC(INDEX(Rates!$B$1:$EB$430,MATCH($A266, Rates!$A$1:$A$430, 0),0), $E266, 2)*100), \"\")","v":""},{"$f":"IF(AND(E266<>\"\",F266<>\"\" ), IF(AND(H266>75,G266>0), E266, ROUND(F266,2)), \"\")","v":""},null,null,"Y"]
["13-7.","Grass - Seed and Mulch ",null,"Per Square Foot",{"$f":"IF($C$2<>\"\", VLOOKUP($A267,Rates!$A$1:$EB$430,MATCH($C$2,Rates!$A$1:$EB$1,0),FALSE), \"\")","v":""},null,"",{"$f":"IF($E267<>\"\", (_xlfn.PERCENTRANK.INC(INDEX(Rates!$B$1:$EB$430,MATCH($A267, Rates!$A$1:$A$430, 0),0), $E267, 2)*100), \"\")","v":""},"",null,null,"Y"]
["14.","IN-SITU INJECTION",null,null,null,null,null,null,null,null,null,"N"]
["14-1.a.","Direct Push Boring with In-Situ Injection",null,"Per Day",{"$f":"IF($C$2<>\"\", VLOOKUP($A269,Rates!$A$1:$EB$430,MATCH($C$2,Rates!$A$1:$EB$1,0),FALSE), \"\")","v":""},null,"",{"$f":"IF($E269<>\"\", (_xlfn.PERCENTRANK.INC(INDEX(Rates!$B$1:$EB$430,MATCH($A269, Rates!$A$1:$A$430, 0),0), $E269, 2)*100), \"\")","v":""},"",null,null,"Y"]
["14-2.a.","In-Situ Injection Into Existing Well/Treatment Point",null,"Per Day",{"$f":"IF($C$2<>\"\", VLOOKUP($A270,Rates!$A$1:$EB$430,MATCH($C$2,Rates!$A$1:$EB$1,0),FALSE), \"\")","v":""},null,"",{"$f":"IF($E270<>\"\", (_xlfn.PERCENTRANK.INC(INDEX(Rates!$B$1:$EB$430,MATCH($A270, Rates!$A$1:$A$430, 0),0), $E270, 2)*100), \"\")","v":""},"",null,null,"Y"]
["14-3.","Materials to be Injected",null,"Reimbursable*",{"$f":"IF($C$2<>\"\", VLOOKUP($A271,Rates!$A$1:$EB$430,MATCH($C$2,Rates!$A$1:$EB$1,0),FALSE), \"\")","v":""},{"$f":"IF($C$2<>\"\", \"n/a\", \"\")","v":""},"","","",{"$f":"IF($C$2<>\"\", \"n/a\", \"\")","v":""},null,"N"]
["14-4.","Groundwater Injection System (not by direct push)",null,"Per Week",{"$f":"IF($C$2<>\"\", VLOOKUP($A272,Rates!$A$1:$EB$430,MATCH($C$2,Rates!$A$1:$EB$1,0),FALSE), \"\")","v":""},null,"",{"$f":"IF($E272<>\"\", (_xlfn.PERCENTRANK.INC(INDEX(Rates!$B$1:$EB$430,MATCH($A272, Rates!$A$1:$A$430, 0),0), $E272, 2)*100), \"\")","v":""},"",null,null,"Y"]
["14-5.","Groundwater Injection System (not by direct push)",null,"Per Month",{"$f":"IF($C$2<>\"\", VLOOKUP($A273,Rates!$A$1:$EB$430,MATCH($C$2,Rates!$A$1:$EB$1,0),FALSE), \"\")","v":""},null,"",{"$f":"IF($E273<>\"\", (_xlfn.PERCENTRANK.INC(INDEX(Rates!$B$1:$EB$430,MATCH($A273, Rates!$A$1:$A$430, 0),0), $E273, 2)*100), \"\")","v":""},"",null,null,"Y"]
["15.","REMEDIAL ACTION CONSTRUCTION",null,null,null,null,null,null,null,null,null,"N"]
["15.A.","TRENCHING",null,null,null,null,null,null,null,null,null,"N"]
["15-1.a.","Trenching and Installation of 1-10 Plumbing (and Electrical) Lines in Trench",null,"Per Linear Foot of Trench",{"$f":"IF($C$2<>\"\", VLOOKUP($A276,Rates!$A$1:$EB$430,MATCH($C$2,Rates!$A$1:$EB$1,0),FALSE), \"\")","v":""},null,"",{"$f":"IF($E276<>\"\", (_xlfn.PERCENTRANK.INC(INDEX(Rates!$B$1:$EB$430,MATCH($A276, Rates!$A$1:$A$430, 0),0), $E276, 2)*100), \"\")","v":""},"",null,null,"Y"]
["15-1.b.","Trenching and Installation of 11 - 20  Lines",null,"Per Linear Foot of Trench",{"$f":"IF($C$2<>\"\", VLOOKUP($A277,Rates!$A$1:$EB$430,MATCH($C$2,Rates!$A$1:$EB$1,0),FALSE), \"\")","v":""},null,"",{"$f":"IF($E277<>\"\", (_xlfn.PERCENTRANK.INC(INDEX(Rates!$B$1:$EB$430,MATCH($A277, Rates!$A$1:$A$430, 0),0), $E277, 2)*100), \"\")","v":""},"",null,null,"Y"]
["15-1.c.","Trenching and Installation of 21 - 30 Lines",null,"Per Linear Foot of Trench",{"$f":"IF($C$2<>\"\", VLOOKUP($A278,Rates!$A$1:$EB$430,MATCH($C$2,Rates!$A$1:$EB$1,0),FALSE), \"\")","v":""},null,"",{"$f":"IF($E278<>\"\", (_xlfn.PERCENTRANK.INC(INDEX(Rates!$B$1:$EB$430,MATCH($A278, Rates!$A$1:$A$430, 0),0), $E278, 2)*100), \"\")","v":""},"",null,null,"Y"]
["15-1.d.","Trenching and Installation of Additional 1-10 Lines Greater Than 30 Lines",null,"Per Linear Foot of Trench",{"$f":"IF($C$2<>\"\", VLOOKUP($A279,Rates!$A$1:$EB$430,MATCH($C$2,Rates!$A$1:$EB$1,0),FALSE), \"\")","v":""},null,"",{"$f":"IF($E279<>\"\", (_xlfn.PERCENTRANK.INC(INDEX(Rates!$B$1:$EB$430,MATCH($A279, Rates!$A$1:$A$430, 0),0), $E279, 2)*100), \"\")","v":""},"",null,null,"Y"]
["15-2.a.","Installation of Plumbing (and Electrical) Lines Above Ground:  Per Linear Foot of Piping.  Electrical lines are not counted in determination of costs.",null,"Per Foot",{"$f":"IF($C$2<>\"\", VLOOKUP($A280,Rates!$A$1:$EB$430,MATCH($C$2,Rates!$A$1:$EB$1,0),FALSE), \"\")","v":""},null,"",{"$f":"IF($E280<>\"\", (_xlfn.PERCENTRANK.INC(INDEX(Rates!$B$1:$EB$430,MATCH($A280, Rates!$A$1:$A$430, 0),0), $E280, 2)*100), \"\")","v":""},"",null,null,"Y"]
["15-3.","Plumbing and Electrical Materials/Equipment Installed in Trench (If FDEP authorizes, submit quote(s) with Change Order)",null,"Reimbursable*",{"$f":"IF($C$2<>\"\", VLOOKUP($A281,Rates!$A$1:$EB$430,MATCH($C$2,Rates!$A$1:$EB$1,0),FALSE), \"\")","v":""},{"$f":"IF($C$2<>\"\", \"n/a\", \"\")","v":""},"","","",{"$f":"IF($C$2<>\"\", \"n/a\", \"\")","v":""},null,"N"]
["15-3.a.","Traffic Bearing Trench Plates (materials)",null,"Reimbursable*",{"$f":"IF($C$2<>\"\", VLOOKUP($A282,Rates!$A$1:$EB$430,MATCH($C$2,Rates!$A$1:$EB$1,0),FALSE), \"\")","v":""},"","","","",{"$f":"IF($C$2<>\"\", \"n/a\", \"\")","v":""},null,"N"]
["15-3.b.","Infiltration Gallery Installation",null,"Reimbursable*",{"$f":"IF($C$2<>\"\", VLOOKUP($A283,Rates!$A$1:$EB$430,MATCH($C$2,Rates!$A$1:$EB$1,0),FALSE), \"\")","v":""},"","","","",{"$f":"IF($C$2<>\"\", \"n/a\", \"\")","v":""},null,"N"]
["15.B.","REMEDIATION SYSTEM INTEGRATION AND STARTUP",null,null,null,null,null,null,null,null,null,"N"]
["15-4.a.","System Installation/Integration/Startup - 1 Technology Component - 1-10 Recovery/Treatment Points",null,"Per Startup",{"$f":"IF($C$2<>\"\", VLOOKUP($A285,Rates!$A$1:$EB$430,MATCH($C$2,Rates!$A$1:$EB$1,0),FALSE), \"\")","v":""},null,"",{"$f":"IF($E285<>\"\", (_xlfn.PERCENTRANK.INC(INDEX(Rates!$B$1:$EB$430,MATCH($A285, Rates!$A$1:$A$430, 0),0), $E285, 2)*100), \"\")","v":""},"",null,null,"Y"]
["15-4.b.","System Installation/Integration/Startup - 1 Technology Component - 11-20 Recovery/Treatment Points",null,"Per Startup",{"$f":"IF($C$2<>\"\", VLOOKUP($A286,Rates!$A$1:$EB$430,MATCH($C$2,Rates!$A$1:$EB$1,0),FALSE), \"\")","v":""},null,"",{"$f":"IF($E286<>\"\", (_xlfn.PERCENTRANK.INC(INDEX(Rates!$B$1:$EB$430,MATCH($A286, Rates!$A$1:$A$430, 0),0), $E286, 2)*100), \"\")","v":""},"",null,null,"Y"]
["15-4.c.","System Installation/Integration/Startup - 1 Technology Component - 21-30 Recovery/Treatment Points",null,"Per Startup",{"$f":"IF($C$2<>\"\", VLOOKUP($A287,Rates!$A$1:$EB$430,MATCH($C$2,Rates!$A$1:$EB$1,0),FALSE), \"\")","v":""},null,"",{"$f":"IF($E287<>\"\", (_xlfn.PERCENTRANK.INC(INDEX(Rates!$B$1:$EB$430,MATCH($A287, Rates!$A$1:$A$430, 0),0), $E287, 2)*100), \"\")","v":""},"",null,null,"Y"]
["15-4.d.","System Installation/Integration/Startup - 1 Technology Component - 1-10 Additional Recovery/Treatment Points greater Than 30 (This tem is used in conjunction with 15.4.c when needed)",null,"Per Startup",{"$f":"IF($C$2<>\"\", VLOOKUP($A288,Rates!$A$1:$EB$430,MATCH($C$2,Rates!$A$1:$EB$1,0),FALSE), \"\")","v":""},null,"",{"$f":"IF($E288<>\"\", (_xlfn.PERCENTRANK.INC(INDEX(Rates!$B$1:$EB$430,MATCH($A288, Rates!$A$1:$A$430, 0),0), $E288, 2)*100), \"\")","v":""},"",null,null,"Y"]
["15-5.","System Installation/Integration/Startup – Addition of 1 Technology Component",null,"Per Additional Tech Component",{"$f":"IF($C$2<>\"\", VLOOKUP($A289,Rates!$A$1:$EB$430,MATCH($C$2,Rates!$A$1:$EB$1,0),FALSE), \"\")","v":""},null,"",{"$f":"IF($E289<>\"\", (_xlfn.PERCENTRANK.INC(INDEX(Rates!$B$1:$EB$430,MATCH($A289, Rates!$A$1:$A$430, 0),0), $E289, 2)*100), \"\")","v":""},"",null,null,"Y"]
["15-7.","Compound Construction/Fencing (materials)",null,"Reimbursable*",{"$f":"IF($C$2<>\"\", VLOOKUP($A290,Rates!$A$1:$EB$430,MATCH($C$2,Rates!$A$1:$EB$1,0),FALSE), \"\")","v":""},{"$f":"IF($C$2<>\"\", \"n/a\", \"\")","v":""},"","","",{"$f":"IF($C$2<>\"\", \"n/a\", \"\")","v":""},null,"N"]
["15-8.","Utility Drop",null,"Reimbursable*",{"$f":"IF($C$2<>\"\", VLOOKUP($A291,Rates!$A$1:$EB$430,MATCH($C$2,Rates!$A$1:$EB$1,0),FALSE), \"\")","v":""},"","","","",{"$f":"IF($C$2<>\"\", \"n/a\", \"\")","v":""},null,"N"]
["15-9.","Utility Connection",null,"Reimbursable*",{"$f":"IF($C$2<>\"\", VLOOKUP($A292,Rates!$A$1:$EB$430,MATCH($C$2,Rates!$A$1:$EB$1,0),FALSE), \"\")","v":""},"","","","",{"$f":"IF($C$2<>\"\", \"n/a\", \"\")","v":""},null,"N"]
["15-10.","Utility Disconnect",null,"Reimbursable*",{"$f":"IF($C$2<>\"\", VLOOKUP($A293,Rates!$A$1:$EB$430,MATCH($C$2,Rates!$A$1:$EB$1,0),FALSE), \"\")","v":""},"","","","",{"$f":"IF($C$2<>\"\", \"n/a\", \"\")","v":""},null,"N"]
["16.","REMEDIAL ACTION - PACKAGED WORK SCOPES (Including Remediation System Equipment)",null,null,null,null,null,null,null,null,null,"N"]
["16.A.","PILOT TEST PACKAGES (Including Remediation System Equipment)",null,null,null,null,null,null,null,null,null,"N"]
["16-1.","Groundwater Recovery System Pilot Test - 8 hours ",null,"Per Test",{"$f":"IF($C$2<>\"\", VLOOKUP($A296,Rates!$A$1:$EB$430,MATCH($C$2,Rates!$A$1:$EB$1,0),FALSE), \"\")","v":""},null,"",{"$f":"IF($E296<>\"\", (_xlfn.PERCENTRANK.INC(INDEX(Rates!$B$1:$EB$430,MATCH($A296, Rates!$A$1:$A$430, 0),0), $E296, 2)*100), \"\")","v":""},"",null,null,"Y"]
["16-2.","Groundwater Recovery System Pilot Test - Additional Time  ",null,"Per 2 Hrs ",{"$f":"IF($C$2<>\"\", VLOOKUP($A297,Rates!$A$1:$EB$430,MATCH($C$2,Rates!$A$1:$EB$1,0),FALSE), \"\")","v":""},null,"",{"$f":"IF($E297<>\"\", (_xlfn.PERCENTRANK.INC(INDEX(Rates!$B$1:$EB$430,MATCH($A297, Rates!$A$1:$A$430, 0),0), $E297, 2)*100), \"\")","v":""},"",null,null,"Y"]
["16-3.","Air Sparging or Biosparging Pilot Test - 8 hours",null,"Per Test",{"$f":"IF($C$2<>\"\", VLOOKUP($A298,Rates!$A$1:$EB$430,MATCH($C$2,Rates!$A$1:$EB$1,0),FALSE), \"\")","v":""},null,"",{"$f":"IF($E298<>\"\", (_xlfn.PERCENTRANK.INC(INDEX(Rates!$B$1:$EB$430,MATCH($A298, Rates!$A$1:$A$430, 0),0), $E298, 2)*100), \"\")","v":""},"",null,null,"Y"]
["16-4.","Air Sparging or Biosparging Pilot Test - Additional Time",null,"Per 2 Hrs ",{"$f":"IF($C$2<>\"\", VLOOKUP($A299,Rates!$A$1:$EB$430,MATCH($C$2,Rates!$A$1:$EB$1,0),FALSE), \"\")","v":""},null,"",{"$f":"IF($E299<>\"\", (_xlfn.PERCENTRANK.INC(INDEX(Rates!$B$1:$EB$430,MATCH($A299, Rates!$A$1:$A$430, 0),0), $E299, 2)*100), \"\")","v":""},"",null,null,"Y"]
["16-5.","Vapor Extraction Pilot Test - 8 hours",null,"Per Test",{"$f":"IF($C$2<>\"\", VLOOKUP($A300,Rates!$A$1:$EB$430,MATCH($C$2,Rates!$A$1:$EB$1,0),FALSE), \"\")","v":""},null,"",{"$f":"IF($E300<>\"\", (_xlfn.PERCENTRANK.INC(INDEX(Rates!$B$1:$EB$430,MATCH($A300, Rates!$A$1:$A$430, 0),0), $E300, 2)*100), \"\")","v":""},"",null,null,"Y"]
["16-6.","Vapor Extraction Pilot Test - Additional Time",null,"Per 2 Hrs ",{"$f":"IF($C$2<>\"\", VLOOKUP($A301,Rates!$A$1:$EB$430,MATCH($C$2,Rates!$A$1:$EB$1,0),FALSE), \"\")","v":""},null,"",{"$f":"IF($E301<>\"\", (_xlfn.PERCENTRANK.INC(INDEX(Rates!$B$1:$EB$430,MATCH($A301, Rates!$A$1:$A$430, 0),0), $E301, 2)*100), \"\")","v":""},"",null,null,"Y"]
["16-7.","Vapor Extraction/Aquifer Pumping Test - 8 hours  ",null,"Per Test",{"$f":"IF($C$2<>\"\", VLOOKUP($A302,Rates!$A$1:$EB$430,MATCH($C$2,Rates!$A$1:$EB$1,0),FALSE), \"\")","v":""},null,"",{"$f":"IF($E302<>\"\", (_xlfn.PERCENTRANK.INC(INDEX(Rates!$B$1:$EB$430,MATCH($A302, Rates!$A$1:$A$430, 0),0), $E302, 2)*100), \"\")","v":""},"",null,null,"Y"]
["16-8.","Vapor Extraction/Aquifer Pumping Test - Additional Time  ",null,"Per 2 Hrs ",{"$f":"IF($C$2<>\"\", VLOOKUP($A303,Rates!$A$1:$EB$430,MATCH($C$2,Rates!$A$1:$EB$1,0),FALSE), \"\")","v":""},null,"",{"$f":"IF($E303<>\"\", (_xlfn.PERCENTRANK.INC(INDEX(Rates!$B$1:$EB$430,MATCH($A303, Rates!$A$1:$A$430, 0),0), $E303, 2)*100), \"\")","v":""},"",null,null,"Y"]
["16-9.","Air Sparging/Vapor Extraction Pilot Test - 8 hours",null,"Per Test",{"$f":"IF($C$2<>\"\", VLOOKUP($A304,Rates!$A$1:$EB$430,MATCH($C$2,Rates!$A$1:$EB$1,0),FALSE), \"\")","v":""},null,"",{"$f":"IF($E304<>\"\", (_xlfn.PERCENTRANK.INC(INDEX(Rates!$B$1:$EB$430,MATCH($A304, Rates!$A$1:$A$430, 0),0), $E304, 2)*100), \"\")","v":""},"",null,null,"Y"]
["16-10.","Air Sparging/Vapor Extraction Pilot Test - Additional Time",null,"Per 2 Hrs ",{"$f":"IF($C$2<>\"\", VLOOKUP($A305,Rates!$A$1:$EB$430,MATCH($C$2,Rates!$A$1:$EB$1,0),FALSE), \"\")","v":""},null,"",{"$f":"IF($E305<>\"\", (_xlfn.PERCENTRANK.INC(INDEX(Rates!$B$1:$EB$430,MATCH($A305, Rates!$A$1:$A$430, 0),0), $E305, 2)*100), \"\")","v":""},"",null,null,"Y"]
["16-11.","Multi-Phase Pilot Test - 8 hours",null,"Per Test",{"$f":"IF($C$2<>\"\", VLOOKUP($A306,Rates!$A$1:$EB$430,MATCH($C$2,Rates!$A$1:$EB$1,0),FALSE), \"\")","v":""},null,"",{"$f":"IF($E306<>\"\", (_xlfn.PERCENTRANK.INC(INDEX(Rates!$B$1:$EB$430,MATCH($A306, Rates!$A$1:$A$430, 0),0), $E306, 2)*100), \"\")","v":""},"",null,null,"Y"]
["16-12.","Multi-Phase Pilot Test - Additional Time",null,"Per 2 Hrs ",{"$f":"IF($C$2<>\"\", VLOOKUP($A307,Rates!$A$1:$EB$430,MATCH($C$2,Rates!$A$1:$EB$1,0),FALSE), \"\")","v":""},null,"",{"$f":"IF($E307<>\"\", (_xlfn.PERCENTRANK.INC(INDEX(Rates!$B$1:$EB$430,MATCH($A307, Rates!$A$1:$A$430, 0),0), $E307, 2)*100), \"\")","v":""},"",null,null,"Y"]
["16-13.","Air Sparging/Multiphase Extraction Pilot Test - 8 hours",null,"Per Test",{"$f":"IF($C$2<>\"\", VLOOKUP($A308,Rates!$A$1:$EB$430,MATCH($C$2,Rates!$A$1:$EB$1,0),FALSE), \"\")","v":""},null,"",{"$f":"IF($E308<>\"\", (_xlfn.PERCENTRANK.INC(INDEX(Rates!$B$1:$EB$430,MATCH($A308, Rates!$A$1:$A$430, 0),0), $E308, 2)*100), \"\")","v":""},"",null,null,"Y"]
["16-14.","Air Sparging/Multiphase Extraction Pilot Test - Additional Time",null,"Per 2 Hours",{"$f":"IF($C$2<>\"\", VLOOKUP($A309,Rates!$A$1:$EB$430,MATCH($C$2,Rates!$A$1:$EB$1,0),FALSE), \"\")","v":""},null,"",{"$f":"IF($E309<>\"\", (_xlfn.PERCENTRANK.INC(INDEX(Rates!$B$1:$EB$430,MATCH($A309, Rates!$A$1:$A$430, 0),0), $E309, 2)*100), \"\")","v":""},"",null,null,"Y"]
["16.B.","SHORT TERM/EPISODIC SYSTEM OPERATION PACKAGES (Including Remediation System Equipment)",null,null,null,null,null,null,null,null,null,"N"]
["16-17.","Groundwater Treatment System Package - Medium",null,"Per Day",{"$f":"IF($C$2<>\"\", VLOOKUP($A311,Rates!$A$1:$EB$430,MATCH($C$2,Rates!$A$1:$EB$1,0),FALSE), \"\")","v":""},null,"",{"$f":"IF($E311<>\"\", (_xlfn.PERCENTRANK.INC(INDEX(Rates!$B$1:$EB$430,MATCH($A311, Rates!$A$1:$A$430, 0),0), $E311, 2)*100), \"\")","v":""},"",null,null,"Y"]
["16-18.","Groundwater Treatment System Package - Medium",null,"Per Week",{"$f":"IF($C$2<>\"\", VLOOKUP($A312,Rates!$A$1:$EB$430,MATCH($C$2,Rates!$A$1:$EB$1,0),FALSE), \"\")","v":""},null,"",{"$f":"IF($E312<>\"\", (_xlfn.PERCENTRANK.INC(INDEX(Rates!$B$1:$EB$430,MATCH($A312, Rates!$A$1:$A$430, 0),0), $E312, 2)*100), \"\")","v":""},"",null,null,"Y"]
["16-19.","Air Sparge System Package - Medium",null,"Per Day",{"$f":"IF($C$2<>\"\", VLOOKUP($A313,Rates!$A$1:$EB$430,MATCH($C$2,Rates!$A$1:$EB$1,0),FALSE), \"\")","v":""},null,"",{"$f":"IF($E313<>\"\", (_xlfn.PERCENTRANK.INC(INDEX(Rates!$B$1:$EB$430,MATCH($A313, Rates!$A$1:$A$430, 0),0), $E313, 2)*100), \"\")","v":""},"",null,null,"Y"]
["16-20.","Air Sparge System Package - Medium",null,"Per Week",{"$f":"IF($C$2<>\"\", VLOOKUP($A314,Rates!$A$1:$EB$430,MATCH($C$2,Rates!$A$1:$EB$1,0),FALSE), \"\")","v":""},null,"",{"$f":"IF($E314<>\"\", (_xlfn.PERCENTRANK.INC(INDEX(Rates!$B$1:$EB$430,MATCH($A314, Rates!$A$1:$A$430, 0),0), $E314, 2)*100), \"\")","v":""},"",null,null,"Y"]
["16-21.","AS/SVE System Package - Medium ",null,"Per Day",{"$f":"IF($C$2<>\"\", VLOOKUP($A315,Rates!$A$1:$EB$430,MATCH($C$2,Rates!$A$1:$EB$1,0),FALSE), \"\")","v":""},null,"",{"$f":"IF($E315<>\"\", (_xlfn.PERCENTRANK.INC(INDEX(Rates!$B$1:$EB$430,MATCH($A315, Rates!$A$1:$A$430, 0),0), $E315, 2)*100), \"\")","v":""},"",null,null,"Y"]
["16-22.","AS/SVE System Package - Medium ",null,"Per Week",{"$f":"IF($C$2<>\"\", VLOOKUP($A316,Rates!$A$1:$EB$430,MATCH($C$2,Rates!$A$1:$EB$1,0),FALSE), \"\")","v":""},null,"",{"$f":"IF($E316<>\"\", (_xlfn.PERCENTRANK.INC(INDEX(Rates!$B$1:$EB$430,MATCH($A316, Rates!$A$1:$A$430, 0),0), $E316, 2)*100), \"\")","v":""},"",null,null,"Y"]
["16-23.","MPE System Package - Medium ",null,"Per Day",{"$f":"IF($C$2<>\"\", VLOOKUP($A317,Rates!$A$1:$EB$430,MATCH($C$2,Rates!$A$1:$EB$1,0),FALSE), \"\")","v":""},null,"",{"$f":"IF($E317<>\"\", (_xlfn.PERCENTRANK.INC(INDEX(Rates!$B$1:$EB$430,MATCH($A317, Rates!$A$1:$A$430, 0),0), $E317, 2)*100), \"\")","v":""},"",null,null,"Y"]
["16-24.","MPE System Package - Medium",null,"Per Week",{"$f":"IF($C$2<>\"\", VLOOKUP($A318,Rates!$A$1:$EB$430,MATCH($C$2,Rates!$A$1:$EB$1,0),FALSE), \"\")","v":""},null,"",{"$f":"IF($E318<>\"\", (_xlfn.PERCENTRANK.INC(INDEX(Rates!$B$1:$EB$430,MATCH($A318, Rates!$A$1:$A$430, 0),0), $E318, 2)*100), \"\")","v":""},"",null,null,"Y"]
["16-25.","AS/MPE System Package - Medium",null,"Per Day",{"$f":"IF($C$2<>\"\", VLOOKUP($A319,Rates!$A$1:$EB$430,MATCH($C$2,Rates!$A$1:$EB$1,0),FALSE), \"\")","v":""},null,"",{"$f":"IF($E319<>\"\", (_xlfn.PERCENTRANK.INC(INDEX(Rates!$B$1:$EB$430,MATCH($A319, Rates!$A$1:$A$430, 0),0), $E319, 2)*100), \"\")","v":""},"",null,null,"Y"]
["16-26.","AS/MPE System Package - Medium",null,"Per Week",{"$f":"IF($C$2<>\"\", VLOOKUP($A320,Rates!$A$1:$EB$430,MATCH($C$2,Rates!$A$1:$EB$1,0),FALSE), \"\")","v":""},null,"",{"$f":"IF($E320<>\"\", (_xlfn.PERCENTRANK.INC(INDEX(Rates!$B$1:$EB$430,MATCH($A320, Rates!$A$1:$A$430, 0),0), $E320, 2)*100), \"\")","v":""},"",null,null,"Y"]
["16-27.","SVE System Package - Medium",null,"Per Day",{"$f":"IF($C$2<>\"\", VLOOKUP($A321,Rates!$A$1:$EB$430,MATCH($C$2,Rates!$A$1:$EB$1,0),FALSE), \"\")","v":""},null,"",{"$f":"IF($E321<>\"\", (_xlfn.PERCENTRANK.INC(INDEX(Rates!$B$1:$EB$430,MATCH($A321, Rates!$A$1:$A$430, 0),0), $E321, 2)*100), \"\")","v":""},"",null,null,"Y"]
["16-28.","SVE System Package - Medium",null,"Per Week",{"$f":"IF($C$2<>\"\", VLOOKUP($A322,Rates!$A$1:$EB$430,MATCH($C$2,Rates!$A$1:$EB$1,0),FALSE), \"\")","v":""},null,"",{"$f":"IF($E322<>\"\", (_xlfn.PERCENTRANK.INC(INDEX(Rates!$B$1:$EB$430,MATCH($A322, Rates!$A$1:$A$430, 0),0), $E322, 2)*100), \"\")","v":""},"",null,null,"Y"]
["17.","MONTHLY REMEDIATION SYSTEM O&M PACKAGED WORK SCOPES (Excluding Remediation System Equipment)",null,null,null,null,null,null,null,null,null,"N"]
["17-1.","System O&M Package - Small ",null,"Per Month",{"$f":"IF($C$2<>\"\", VLOOKUP($A324,Rates!$A$1:$EB$430,MATCH($C$2,Rates!$A$1:$EB$1,0),FALSE), \"\")","v":""},null,"",{"$f":"IF($E324<>\"\", (_xlfn.PERCENTRANK.INC(INDEX(Rates!$B$1:$EB$430,MATCH($A324, Rates!$A$1:$A$430, 0),0), $E324, 2)*100), \"\")","v":""},"",null,null,"Y"]
["17-2.","System O&M Package - Medium",null,"Per Month",{"$f":"IF($C$2<>\"\", VLOOKUP($A325,Rates!$A$1:$EB$430,MATCH($C$2,Rates!$A$1:$EB$1,0),FALSE), \"\")","v":""},null,"",{"$f":"IF($E325<>\"\", (_xlfn.PERCENTRANK.INC(INDEX(Rates!$B$1:$EB$430,MATCH($A325, Rates!$A$1:$A$430, 0),0), $E325, 2)*100), \"\")","v":""},"",null,null,"Y"]
["17-3.","System O&M Package - Large ",null,"Per Month",{"$f":"IF($C$2<>\"\", VLOOKUP($A326,Rates!$A$1:$EB$430,MATCH($C$2,Rates!$A$1:$EB$1,0),FALSE), \"\")","v":""},null,"",{"$f":"IF($E326<>\"\", (_xlfn.PERCENTRANK.INC(INDEX(Rates!$B$1:$EB$430,MATCH($A326, Rates!$A$1:$A$430, 0),0), $E326, 2)*100), \"\")","v":""},"",null,null,"Y"]
["17-4.","System O&M Package - Extra Large ",null,"Per Month",{"$f":"IF($C$2<>\"\", VLOOKUP($A327,Rates!$A$1:$EB$430,MATCH($C$2,Rates!$A$1:$EB$1,0),FALSE), \"\")","v":""},null,"",{"$f":"IF($E327<>\"\", (_xlfn.PERCENTRANK.INC(INDEX(Rates!$B$1:$EB$430,MATCH($A327, Rates!$A$1:$A$430, 0),0), $E327, 2)*100), \"\")","v":""},"",null,null,"Y"]
["17-5.","Supplemental System O&M Package - Add Thermox or Catox Treatment",null,"Per Month",{"$f":"IF($C$2<>\"\", VLOOKUP($A328,Rates!$A$1:$EB$430,MATCH($C$2,Rates!$A$1:$EB$1,0),FALSE), \"\")","v":""},null,"",{"$f":"IF($E328<>\"\", (_xlfn.PERCENTRANK.INC(INDEX(Rates!$B$1:$EB$430,MATCH($A328, Rates!$A$1:$A$430, 0),0), $E328, 2)*100), \"\")","v":""},"",null,null,"Y"]
["18.","REMEDIAL ACTION SYSTEM/EQUIPMENT USE (Equipment Only, Excluding O&M)",null,null,null,null,null,null,null,null,null,"N"]
["18-1.","Medium Holding Tank - 2,000 to 6,000 gal. capacity - Short Term ≤ 6 mos.",null,"Per Month",{"$f":"IF($C$2<>\"\", VLOOKUP($A330,Rates!$A$1:$EB$430,MATCH($C$2,Rates!$A$1:$EB$1,0),FALSE), \"\")","v":""},null,{"$f":"IF(AND(F330<>\"\",E330<>\"\"), (F330-E330)/E330, \"\")","v":""},{"$f":"IF($E330<>\"\", (_xlfn.PERCENTRANK.INC(INDEX(Rates!$B$1:$EB$430,MATCH($A330, Rates!$A$1:$A$430, 0),0), $E330, 2)*100), \"\")","v":""},{"$f":"IF(AND(E330<>\"\",F330<>\"\" ), IF(AND(H330>75,G330>0), E330, ROUND(F330,2)), \"\")","v":""},null,null,"Y"]
["18-2.","Medium Holding Tank - 2,000 to 6,000 gal. capacity - Long Term > 6 mos.",null,"Per Month",{"$f":"IF($C$2<>\"\", VLOOKUP($A331,Rates!$A$1:$EB$430,MATCH($C$2,Rates!$A$1:$EB$1,0),FALSE), \"\")","v":""},null,"",{"$f":"IF($E331<>\"\", (_xlfn.PERCENTRANK.INC(INDEX(Rates!$B$1:$EB$430,MATCH($A331, Rates!$A$1:$A$430, 0),0), $E331, 2)*100), \"\")","v":""},"",null,null,"Y"]
["18-3.","Large Holding Tank > 6,000 to 10,000 gal. capacity - Short Term ≤ 6 mos.",null,"Per Month",{"$f":"IF($C$2<>\"\", VLOOKUP($A332,Rates!$A$1:$EB$430,MATCH($C$2,Rates!$A$1:$EB$1,0),FALSE), \"\")","v":""},null,"",{"$f":"IF($E332<>\"\", (_xlfn.PERCENTRANK.INC(INDEX(Rates!$B$1:$EB$430,MATCH($A332, Rates!$A$1:$A$430, 0),0), $E332, 2)*100), \"\")","v":""},"",null,null,"Y"]
["18-4.","Large Holding Tank > 6,000 to 10,000 gal. capacity - Long Term > 6 mos.",null,"Per Month",{"$f":"IF($C$2<>\"\", VLOOKUP($A333,Rates!$A$1:$EB$430,MATCH($C$2,Rates!$A$1:$EB$1,0),FALSE), \"\")","v":""},null,"",{"$f":"IF($E333<>\"\", (_xlfn.PERCENTRANK.INC(INDEX(Rates!$B$1:$EB$430,MATCH($A333, Rates!$A$1:$A$430, 0),0), $E333, 2)*100), \"\")","v":""},"",null,null,"Y"]
["18-5.","Groundwater Treatment System - Stand Alone Small - Short Term ≤ 6 mos.",null,"Per Month",{"$f":"IF($C$2<>\"\", VLOOKUP($A334,Rates!$A$1:$EB$430,MATCH($C$2,Rates!$A$1:$EB$1,0),FALSE), \"\")","v":""},null,"",{"$f":"IF($E334<>\"\", (_xlfn.PERCENTRANK.INC(INDEX(Rates!$B$1:$EB$430,MATCH($A334, Rates!$A$1:$A$430, 0),0), $E334, 2)*100), \"\")","v":""},"",null,null,"Y"]
["18-6.","Groundwater Treatment System - Stand Alone Small - Long Term > 6 mos.",null,"Per Month",{"$f":"IF($C$2<>\"\", VLOOKUP($A335,Rates!$A$1:$EB$430,MATCH($C$2,Rates!$A$1:$EB$1,0),FALSE), \"\")","v":""},null,"",{"$f":"IF($E335<>\"\", (_xlfn.PERCENTRANK.INC(INDEX(Rates!$B$1:$EB$430,MATCH($A335, Rates!$A$1:$A$430, 0),0), $E335, 2)*100), \"\")","v":""},"",null,null,"Y"]
["18-7.","Groundwater Treatment System - Stand Alone Medium - Short Term ≤ 6 mos.",null,"Per Month",{"$f":"IF($C$2<>\"\", VLOOKUP($A336,Rates!$A$1:$EB$430,MATCH($C$2,Rates!$A$1:$EB$1,0),FALSE), \"\")","v":""},null,"",{"$f":"IF($E336<>\"\", (_xlfn.PERCENTRANK.INC(INDEX(Rates!$B$1:$EB$430,MATCH($A336, Rates!$A$1:$A$430, 0),0), $E336, 2)*100), \"\")","v":""},"",null,null,"Y"]
["18-8.","Groundwater Treatment System - Stand Alone Medium - Long Term > 6 mos.",null,"Per Month",{"$f":"IF($C$2<>\"\", VLOOKUP($A337,Rates!$A$1:$EB$430,MATCH($C$2,Rates!$A$1:$EB$1,0),FALSE), \"\")","v":""},null,"",{"$f":"IF($E337<>\"\", (_xlfn.PERCENTRANK.INC(INDEX(Rates!$B$1:$EB$430,MATCH($A337, Rates!$A$1:$A$430, 0),0), $E337, 2)*100), \"\")","v":""},"",null,null,"Y"]
["18-9.","Groundwater Treatment System - Stand Alone Large - Short Term ≤ 6 mos.",null,"Per Month",{"$f":"IF($C$2<>\"\", VLOOKUP($A338,Rates!$A$1:$EB$430,MATCH($C$2,Rates!$A$1:$EB$1,0),FALSE), \"\")","v":""},null,"",{"$f":"IF($E338<>\"\", (_xlfn.PERCENTRANK.INC(INDEX(Rates!$B$1:$EB$430,MATCH($A338, Rates!$A$1:$A$430, 0),0), $E338, 2)*100), \"\")","v":""},"",null,null,"Y"]
["18-10.","Groundwater Treatment System - Stand Alone Large - Long Term > 6 mos.",null,"Per Month",{"$f":"IF($C$2<>\"\", VLOOKUP($A339,Rates!$A$1:$EB$430,MATCH($C$2,Rates!$A$1:$EB$1,0),FALSE), \"\")","v":""},null,"",{"$f":"IF($E339<>\"\", (_xlfn.PERCENTRANK.INC(INDEX(Rates!$B$1:$EB$430,MATCH($A339, Rates!$A$1:$A$430, 0),0), $E339, 2)*100), \"\")","v":""},"",null,null,"Y"]
["18-11.","Air Sparge System - Small - Short Term ≤ 6 mos.",null,"Per Month",{"$f":"IF($C$2<>\"\", VLOOKUP($A340,Rates!$A$1:$EB$430,MATCH($C$2,Rates!$A$1:$EB$1,0),FALSE), \"\")","v":""},null,"",{"$f":"IF($E340<>\"\", (_xlfn.PERCENTRANK.INC(INDEX(Rates!$B$1:$EB$430,MATCH($A340, Rates!$A$1:$A$430, 0),0), $E340, 2)*100), \"\")","v":""},"",null,null,"Y"]
["18-12.","Air Sparge System - Small - Long Term > 6 mos.",null,"Per Month",{"$f":"IF($C$2<>\"\", VLOOKUP($A341,Rates!$A$1:$EB$430,MATCH($C$2,Rates!$A$1:$EB$1,0),FALSE), \"\")","v":""},null,"",{"$f":"IF($E341<>\"\", (_xlfn.PERCENTRANK.INC(INDEX(Rates!$B$1:$EB$430,MATCH($A341, Rates!$A$1:$A$430, 0),0), $E341, 2)*100), \"\")","v":""},"",null,null,"Y"]
["18-13.","Air Sparge System - Medium - Short Term ≤ 6 mos.",null,"Per Month",{"$f":"IF($C$2<>\"\", VLOOKUP($A342,Rates!$A$1:$EB$430,MATCH($C$2,Rates!$A$1:$EB$1,0),FALSE), \"\")","v":""},null,"",{"$f":"IF($E342<>\"\", (_xlfn.PERCENTRANK.INC(INDEX(Rates!$B$1:$EB$430,MATCH($A342, Rates!$A$1:$A$430, 0),0), $E342, 2)*100), \"\")","v":""},"",null,null,"Y"]
["18-14.","Air Sparge System - Medium - Long Term > 6 mos.",null,"Per Month",{"$f":"IF($C$2<>\"\", VLOOKUP($A343,Rates!$A$1:$EB$430,MATCH($C$2,Rates!$A$1:$EB$1,0),FALSE), \"\")","v":""},null,"",{"$f":"IF($E343<>\"\", (_xlfn.PERCENTRANK.INC(INDEX(Rates!$B$1:$EB$430,MATCH($A343, Rates!$A$1:$A$430, 0),0), $E343, 2)*100), \"\")","v":""},"",null,null,"Y"]
["18-15.","Air Sparge System - Large - Short Term ≤ 6 mos.",null,"Per Month",{"$f":"IF($C$2<>\"\", VLOOKUP($A344,Rates!$A$1:$EB$430,MATCH($C$2,Rates!$A$1:$EB$1,0),FALSE), \"\")","v":""},null,"",{"$f":"IF($E344<>\"\", (_xlfn.PERCENTRANK.INC(INDEX(Rates!$B$1:$EB$430,MATCH($A344, Rates!$A$1:$A$430, 0),0), $E344, 2)*100), \"\")","v":""},"",null,null,"Y"]
["18-16.","Air Sparge System - Large - Long Term > 6 mos.",null,"Per Month",{"$f":"IF($C$2<>\"\", VLOOKUP($A345,Rates!$A$1:$EB$430,MATCH($C$2,Rates!$A$1:$EB$1,0),FALSE), \"\")","v":""},null,"",{"$f":"IF($E345<>\"\", (_xlfn.PERCENTRANK.INC(INDEX(Rates!$B$1:$EB$430,MATCH($A345, Rates!$A$1:$A$430, 0),0), $E345, 2)*100), \"\")","v":""},"",null,null,"Y"]
["18-17.","AS/SVE System - Small - Short Term ≤ 6 mos.",null,"Per Month",{"$f":"IF($C$2<>\"\", VLOOKUP($A346,Rates!$A$1:$EB$430,MATCH($C$2,Rates!$A$1:$EB$1,0),FALSE), \"\")","v":""},null,"",{"$f":"IF($E346<>\"\", (_xlfn.PERCENTRANK.INC(INDEX(Rates!$B$1:$EB$430,MATCH($A346, Rates!$A$1:$A$430, 0),0), $E346, 2)*100), \"\")","v":""},"",null,null,"Y"]
["18-18.","AS/SVE System - Small - Long Term > 6 mos.",null,"Per Month",{"$f":"IF($C$2<>\"\", VLOOKUP($A347,Rates!$A$1:$EB$430,MATCH($C$2,Rates!$A$1:$EB$1,0),FALSE), \"\")","v":""},null,"",{"$f":"IF($E347<>\"\", (_xlfn.PERCENTRANK.INC(INDEX(Rates!$B$1:$EB$430,MATCH($A347, Rates!$A$1:$A$430, 0),0), $E347, 2)*100), \"\")","v":""},"",null,null,"Y"]
["18-19.","AS/SVE System - Medium - Short Term ≤ 6 mos.",null,"Per Month",{"$f":"IF($C$2<>\"\", VLOOKUP($A348,Rates!$A$1:$EB$430,MATCH($C$2,Rates!$A$1:$EB$1,0),FALSE), \"\")","v":""},null,"",{"$f":"IF($E348<>\"\", (_xlfn.PERCENTRANK.INC(INDEX(Rates!$B$1:$EB$430,MATCH($A348, Rates!$A$1:$A$430, 0),0), $E348, 2)*100), \"\")","v":""},"",null,null,"Y"]
["18-20.","AS/SVE System - Medium - Long Term > 6 mos.",null,"Per Month",{"$f":"IF($C$2<>\"\", VLOOKUP($A349,Rates!$A$1:$EB$430,MATCH($C$2,Rates!$A$1:$EB$1,0),FALSE), \"\")","v":""},null,"",{"$f":"IF($E349<>\"\", (_xlfn.PERCENTRANK.INC(INDEX(Rates!$B$1:$EB$430,MATCH($A349, Rates!$A$1:$A$430, 0),0), $E349, 2)*100), \"\")","v":""},"",null,null,"Y"]
["18-21.","AS/SVE System - Large - Short Term ≤ 6 mos.",null,"Per Month",{"$f":"IF($C$2<>\"\", VLOOKUP($A350,Rates!$A$1:$EB$430,MATCH($C$2,Rates!$A$1:$EB$1,0),FALSE), \"\")","v":""},null,"",{"$f":"IF($E350<>\"\", (_xlfn.PERCENTRANK.INC(INDEX(Rates!$B$1:$EB$430,MATCH($A350, Rates!$A$1:$A$430, 0),0), $E350, 2)*100), \"\")","v":""},"",null,null,"Y"]
["18-22.","AS/SVE System - Large - Long Term > 6 mos.",null,"Per Month",{"$f":"IF($C$2<>\"\", VLOOKUP($A351,Rates!$A$1:$EB$430,MATCH($C$2,Rates!$A$1:$EB$1,0),FALSE), \"\")","v":""},null,"",{"$f":"IF($E351<>\"\", (_xlfn.PERCENTRANK.INC(INDEX(Rates!$B$1:$EB$430,MATCH($A351, Rates!$A$1:$A$430, 0),0), $E351, 2)*100), \"\")","v":""},"",null,null,"Y"]
["18-23.","MPE System - Small - Short Term ≤ 6 mos.",null,"Per Month",{"$f":"IF($C$2<>\"\", VLOOKUP($A352,Rates!$A$1:$EB$430,MATCH($C$2,Rates!$A$1:$EB$1,0),FALSE), \"\")","v":""},null,"",{"$f":"IF($E352<>\"\", (_xlfn.PERCENTRANK.INC(INDEX(Rates!$B$1:$EB$430,MATCH($A352, Rates!$A$1:$A$430, 0),0), $E352, 2)*100), \"\")","v":""},"",null,null,"Y"]
["18-24.","MPE System - Small - Long Term > 6 mos.",null,"Per Month",{"$f":"IF($C$2<>\"\", VLOOKUP($A353,Rates!$A$1:$EB$430,MATCH($C$2,Rates!$A$1:$EB$1,0),FALSE), \"\")","v":""},null,"",{"$f":"IF($E353<>\"\", (_xlfn.PERCENTRANK.INC(INDEX(Rates!$B$1:$EB$430,MATCH($A353, Rates!$A$1:$A$430, 0),0), $E353, 2)*100), \"\")","v":""},"",null,null,"Y"]
["18-25.","MPE System - Medium - Short Term ≤ 6 mos.",null,"Per Month",{"$f":"IF($C$2<>\"\", VLOOKUP($A354,Rates!$A$1:$EB$430,MATCH($C$2,Rates!$A$1:$EB$1,0),FALSE), \"\")","v":""},null,"",{"$f":"IF($E354<>\"\", (_xlfn.PERCENTRANK.INC(INDEX(Rates!$B$1:$EB$430,MATCH($A354, Rates!$A$1:$A$430, 0),0), $E354, 2)*100), \"\")","v":""},"",null,null,"Y"]
["18-26.","MPE System - Medium - Long Term > 6 mos.",null,"Per Month",{"$f":"IF($C$2<>\"\", VLOOKUP($A355,Rates!$A$1:$EB$430,MATCH($C$2,Rates!$A$1:$EB$1,0),FALSE), \"\")","v":""},null,"",{"$f":"IF($E355<>\"\", (_xlfn.PERCENTRANK.INC(INDEX(Rates!$B$1:$EB$430,MATCH($A355, Rates!$A$1:$A$430, 0),0), $E355, 2)*100), \"\")","v":""},"",null,null,"Y"]
["18-27.","MPE System - Large - Short Term ≤ 6 mos.",null,"Per Month",{"$f":"IF($C$2<>\"\", VLOOKUP($A356,Rates!$A$1:$EB$430,MATCH($C$2,Rates!$A$1:$EB$1,0),FALSE), \"\")","v":""},null,"",{"$f":"IF($E356<>\"\", (_xlfn.PERCENTRANK.INC(INDEX(Rates!$B$1:$EB$430,MATCH($A356, Rates!$A$1:$A$430, 0),0), $E356, 2)*100), \"\")","v":""},"",null,null,"Y"]
["18-28.","MPE System - Large - Long Term > 6 mos.",null,"Per Month",{"$f":"IF($C$2<>\"\", VLOOKUP($A357,Rates!$A$1:$EB$430,MATCH($C$2,Rates!$A$1:$EB$1,0),FALSE), \"\")","v":""},null,"",{"$f":"IF($E357<>\"\", (_xlfn.PERCENTRANK.INC(INDEX(Rates!$B$1:$EB$430,MATCH($A357, Rates!$A$1:$A$430, 0),0), $E357, 2)*100), \"\")","v":""},"",null,null,"Y"]
["18-29.","Groundwater Treatment - Add On - Small - Short Term ≤ 6 mos.",null,"Per Month",{"$f":"IF($C$2<>\"\", VLOOKUP($A358,Rates!$A$1:$EB$430,MATCH($C$2,Rates!$A$1:$EB$1,0),FALSE), \"\")","v":""},null,"",{"$f":"IF($E358<>\"\", (_xlfn.PERCENTRANK.INC(INDEX(Rates!$B$1:$EB$430,MATCH($A358, Rates!$A$1:$A$430, 0),0), $E358, 2)*100), \"\")","v":""},"",null,null,"Y"]
["18-30.","Groundwater Treatment - Add On - Medium - Short Term ≤ 6 mos.",null,"Per Month",{"$f":"IF($C$2<>\"\", VLOOKUP($A359,Rates!$A$1:$EB$430,MATCH($C$2,Rates!$A$1:$EB$1,0),FALSE), \"\")","v":""},null,"",{"$f":"IF($E359<>\"\", (_xlfn.PERCENTRANK.INC(INDEX(Rates!$B$1:$EB$430,MATCH($A359, Rates!$A$1:$A$430, 0),0), $E359, 2)*100), \"\")","v":""},"",null,null,"Y"]
["18-31.","Groundwater Treatment - Add On - Large - Short Term ≤ 6 mos.",null,"Per Month",{"$f":"IF($C$2<>\"\", VLOOKUP($A360,Rates!$A$1:$EB$430,MATCH($C$2,Rates!$A$1:$EB$1,0),FALSE), \"\")","v":""},null,"",{"$f":"IF($E360<>\"\", (_xlfn.PERCENTRANK.INC(INDEX(Rates!$B$1:$EB$430,MATCH($A360, Rates!$A$1:$A$430, 0),0), $E360, 2)*100), \"\")","v":""},"",null,null,"Y"]
["18-32.","Groundwater Treatment - Add On - Small - Long Term > 6 mos.",null,"Per Month",{"$f":"IF($C$2<>\"\", VLOOKUP($A361,Rates!$A$1:$EB$430,MATCH($C$2,Rates!$A$1:$EB$1,0),FALSE), \"\")","v":""},null,"",{"$f":"IF($E361<>\"\", (_xlfn.PERCENTRANK.INC(INDEX(Rates!$B$1:$EB$430,MATCH($A361, Rates!$A$1:$A$430, 0),0), $E361, 2)*100), \"\")","v":""},"",null,null,"Y"]
["18-33.","Groundwater Treatment - Add On - Medium - Long Term > 6 mos.",null,"Per Month",{"$f":"IF($C$2<>\"\", VLOOKUP($A362,Rates!$A$1:$EB$430,MATCH($C$2,Rates!$A$1:$EB$1,0),FALSE), \"\")","v":""},null,"",{"$f":"IF($E362<>\"\", (_xlfn.PERCENTRANK.INC(INDEX(Rates!$B$1:$EB$430,MATCH($A362, Rates!$A$1:$A$430, 0),0), $E362, 2)*100), \"\")","v":""},"",null,null,"Y"]
["18-34.","Groundwater Treatment - Add On - Large - Long Term > 6 mos.",null,"Per Month",{"$f":"IF($C$2<>\"\", VLOOKUP($A363,Rates!$A$1:$EB$430,MATCH($C$2,Rates!$A$1:$EB$1,0),FALSE), \"\")","v":""},null,"",{"$f":"IF($E363<>\"\", (_xlfn.PERCENTRANK.INC(INDEX(Rates!$B$1:$EB$430,MATCH($A363, Rates!$A$1:$A$430, 0),0), $E363, 2)*100), \"\")","v":""},"",null,null,"Y"]
["18-35.","Carbon Off Gas Treatment - Add On - Small - Short Term ≤ 6 mos.",null,"Per Month",{"$f":"IF($C$2<>\"\", VLOOKUP($A364,Rates!$A$1:$EB$430,MATCH($C$2,Rates!$A$1:$EB$1,0),FALSE), \"\")","v":""},null,"",{"$f":"IF($E364<>\"\", (_xlfn.PERCENTRANK.INC(INDEX(Rates!$B$1:$EB$430,MATCH($A364, Rates!$A$1:$A$430, 0),0), $E364, 2)*100), \"\")","v":""},"",null,null,"Y"]
["18-36.","Carbon Off Gas Treatment - Add On - Medium - Short Term ≤ 6 mos.",null,"Per Month",{"$f":"IF($C$2<>\"\", VLOOKUP($A365,Rates!$A$1:$EB$430,MATCH($C$2,Rates!$A$1:$EB$1,0),FALSE), \"\")","v":""},null,"",{"$f":"IF($E365<>\"\", (_xlfn.PERCENTRANK.INC(INDEX(Rates!$B$1:$EB$430,MATCH($A365, Rates!$A$1:$A$430, 0),0), $E365, 2)*100), \"\")","v":""},"",null,null,"Y"]
["18-37.","Carbon Off Gas Treatment - Add On - Large - Short Term ≤ 6 mos.",null,"Per Month",{"$f":"IF($C$2<>\"\", VLOOKUP($A366,Rates!$A$1:$EB$430,MATCH($C$2,Rates!$A$1:$EB$1,0),FALSE), \"\")","v":""},null,"",{"$f":"IF($E366<>\"\", (_xlfn.PERCENTRANK.INC(INDEX(Rates!$B$1:$EB$430,MATCH($A366, Rates!$A$1:$A$430, 0),0), $E366, 2)*100), \"\")","v":""},"",null,null,"Y"]
["18-38.","Carbon Off Gas Treatment - Add On - Small- Long Term > 6 mos.",null,"Per Month",{"$f":"IF($C$2<>\"\", VLOOKUP($A367,Rates!$A$1:$EB$430,MATCH($C$2,Rates!$A$1:$EB$1,0),FALSE), \"\")","v":""},null,"",{"$f":"IF($E367<>\"\", (_xlfn.PERCENTRANK.INC(INDEX(Rates!$B$1:$EB$430,MATCH($A367, Rates!$A$1:$A$430, 0),0), $E367, 2)*100), \"\")","v":""},"",null,null,"Y"]
["18-39.","Carbon Off Gas Treatment - Add On - Medium - Long Term > 6 mos.",null,"Per Month",{"$f":"IF($C$2<>\"\", VLOOKUP($A368,Rates!$A$1:$EB$430,MATCH($C$2,Rates!$A$1:$EB$1,0),FALSE), \"\")","v":""},null,"",{"$f":"IF($E368<>\"\", (_xlfn.PERCENTRANK.INC(INDEX(Rates!$B$1:$EB$430,MATCH($A368, Rates!$A$1:$A$430, 0),0), $E368, 2)*100), \"\")","v":""},"",null,null,"Y"]
["18-40.","Carbon Off Gas Treatment - Add On - Large - Long Term > 6 mos. ",null,"Per Month",{"$f":"IF($C$2<>\"\", VLOOKUP($A369,Rates!$A$1:$EB$430,MATCH($C$2,Rates!$A$1:$EB$1,0),FALSE), \"\")","v":""},null,"",{"$f":"IF($E369<>\"\", (_xlfn.PERCENTRANK.INC(INDEX(Rates!$B$1:$EB$430,MATCH($A369, Rates!$A$1:$A$430, 0),0), $E369, 2)*100), \"\")","v":""},"",null,null,"Y"]
["18-41.","Thermox/Catox Off Gas Treatment - Add On - Small - Short Term ≤ 6 mos.",null,"Per Month",{"$f":"IF($C$2<>\"\", VLOOKUP($A370,Rates!$A$1:$EB$430,MATCH($C$2,Rates!$A$1:$EB$1,0),FALSE), \"\")","v":""},null,"",{"$f":"IF($E370<>\"\", (_xlfn.PERCENTRANK.INC(INDEX(Rates!$B$1:$EB$430,MATCH($A370, Rates!$A$1:$A$430, 0),0), $E370, 2)*100), \"\")","v":""},"",null,null,"Y"]
["18-42.","Thermox/Catox Off Gas Treatment - Add On - Medium - Short Term ≤ 6 mos.",null,"Per Month",{"$f":"IF($C$2<>\"\", VLOOKUP($A371,Rates!$A$1:$EB$430,MATCH($C$2,Rates!$A$1:$EB$1,0),FALSE), \"\")","v":""},null,"",{"$f":"IF($E371<>\"\", (_xlfn.PERCENTRANK.INC(INDEX(Rates!$B$1:$EB$430,MATCH($A371, Rates!$A$1:$A$430, 0),0), $E371, 2)*100), \"\")","v":""},"",null,null,"Y"]
["18-43.","Thermox/Catox Off Gas Treatment - Add On - Large - Short Term ≤ 6 mos.",null,"Per Month",{"$f":"IF($C$2<>\"\", VLOOKUP($A372,Rates!$A$1:$EB$430,MATCH($C$2,Rates!$A$1:$EB$1,0),FALSE), \"\")","v":""},null,"",{"$f":"IF($E372<>\"\", (_xlfn.PERCENTRANK.INC(INDEX(Rates!$B$1:$EB$430,MATCH($A372, Rates!$A$1:$A$430, 0),0), $E372, 2)*100), \"\")","v":""},"",null,null,"Y"]
["18-44.","Thermox/Catox Off Gas Treatment - Add On - Small - Long Term > 6 mos. ",null,"Per Month",{"$f":"IF($C$2<>\"\", VLOOKUP($A373,Rates!$A$1:$EB$430,MATCH($C$2,Rates!$A$1:$EB$1,0),FALSE), \"\")","v":""},null,"",{"$f":"IF($E373<>\"\", (_xlfn.PERCENTRANK.INC(INDEX(Rates!$B$1:$EB$430,MATCH($A373, Rates!$A$1:$A$430, 0),0), $E373, 2)*100), \"\")","v":""},"",null,null,"Y"]
["18-45.","Thermox/Catox Off Gas Treatment - Add On - Medium - Long Term > 6 mos. ",null,"Per Month",{"$f":"IF($C$2<>\"\", VLOOKUP($A374,Rates!$A$1:$EB$430,MATCH($C$2,Rates!$A$1:$EB$1,0),FALSE), \"\")","v":""},null,"",{"$f":"IF($E374<>\"\", (_xlfn.PERCENTRANK.INC(INDEX(Rates!$B$1:$EB$430,MATCH($A374, Rates!$A$1:$A$430, 0),0), $E374, 2)*100), \"\")","v":""},"",null,null,"Y"]
["18-46.","Thermox/Catox Off Gas Treatment - Add On - Large - Long Term > 6 mos. ",null,"Per Month",{"$f":"IF($C$2<>\"\", VLOOKUP($A375,Rates!$A$1:$EB$430,MATCH($C$2,Rates!$A$1:$EB$1,0),FALSE), \"\")","v":""},null,"",{"$f":"IF($E375<>\"\", (_xlfn.PERCENTRANK.INC(INDEX(Rates!$B$1:$EB$430,MATCH($A375, Rates!$A$1:$A$430, 0),0), $E375, 2)*100), \"\")","v":""},"",null,null,"Y"]
["18-47.","Soil Vapor Extraction (SVE) System - Small - Short Term ≤ 6 Months",null,"Per Month",{"$f":"IF($C$2<>\"\", VLOOKUP($A376,Rates!$A$1:$EB$430,MATCH($C$2,Rates!$A$1:$EB$1,0),FALSE), \"\")","v":""},null,"",{"$f":"IF($E376<>\"\", (_xlfn.PERCENTRANK.INC(INDEX(Rates!$B$1:$EB$430,MATCH($A376, Rates!$A$1:$A$430, 0),0), $E376, 2)*100), \"\")","v":""},"",null,null,"Y"]
["18.48.","Soil Vapor Extraction (SVE) System - Small - Long Term > 6 Months",null,"Per Month",{"$f":"IF($C$2<>\"\", VLOOKUP($A377,Rates!$A$1:$EB$430,MATCH($C$2,Rates!$A$1:$EB$1,0),FALSE), \"\")","v":""},null,"",{"$f":"IF($E377<>\"\", (_xlfn.PERCENTRANK.INC(INDEX(Rates!$B$1:$EB$430,MATCH($A377, Rates!$A$1:$A$430, 0),0), $E377, 2)*100), \"\")","v":""},"",null,null,"Y"]
["18-49.","Soil Vapor Extraction (SVE) System - Medium - Short Term ≤ 6 Months",null,"Per Month",{"$f":"IF($C$2<>\"\", VLOOKUP($A378,Rates!$A$1:$EB$430,MATCH($C$2,Rates!$A$1:$EB$1,0),FALSE), \"\")","v":""},null,"",{"$f":"IF($E378<>\"\", (_xlfn.PERCENTRANK.INC(INDEX(Rates!$B$1:$EB$430,MATCH($A378, Rates!$A$1:$A$430, 0),0), $E378, 2)*100), \"\")","v":""},"",null,null,"Y"]
["18-50.","Soil Vapor Extraction (SVE) System - Medium - Long Term > 6 Months",null,"Per Month",{"$f":"IF($C$2<>\"\", VLOOKUP($A379,Rates!$A$1:$EB$430,MATCH($C$2,Rates!$A$1:$EB$1,0),FALSE), \"\")","v":""},null,"",{"$f":"IF($E379<>\"\", (_xlfn.PERCENTRANK.INC(INDEX(Rates!$B$1:$EB$430,MATCH($A379, Rates!$A$1:$A$430, 0),0), $E379, 2)*100), \"\")","v":""},"",null,null,"Y"]
["18-51.","Soil Vapor Extraction (SVE) System - Large - Short Term ≤ 6 Months",null,"Per Month",{"$f":"IF($C$2<>\"\", VLOOKUP($A380,Rates!$A$1:$EB$430,MATCH($C$2,Rates!$A$1:$EB$1,0),FALSE), \"\")","v":""},null,"",{"$f":"IF($E380<>\"\", (_xlfn.PERCENTRANK.INC(INDEX(Rates!$B$1:$EB$430,MATCH($A380, Rates!$A$1:$A$430, 0),0), $E380, 2)*100), \"\")","v":""},"",null,null,"Y"]
["18-52.","Soil Vapor Extraction (SVE) System - Large - Long Term > 6 Months",null,"Per Month",{"$f":"IF($C$2<>\"\", VLOOKUP($A381,Rates!$A$1:$EB$430,MATCH($C$2,Rates!$A$1:$EB$1,0),FALSE), \"\")","v":""},null,"",{"$f":"IF($E381<>\"\", (_xlfn.PERCENTRANK.INC(INDEX(Rates!$B$1:$EB$430,MATCH($A381, Rates!$A$1:$A$430, 0),0), $E381, 2)*100), \"\")","v":""},"",null,null,"Y"]
["18-53.","Air Sparge/Multphase Extraction (AS/MPE) System - Small - Short Term ≤ 6 Months",null,"Per Month",{"$f":"IF($C$2<>\"\", VLOOKUP($A382,Rates!$A$1:$EB$430,MATCH($C$2,Rates!$A$1:$EB$1,0),FALSE), \"\")","v":""},null,"",{"$f":"IF($E382<>\"\", (_xlfn.PERCENTRANK.INC(INDEX(Rates!$B$1:$EB$430,MATCH($A382, Rates!$A$1:$A$430, 0),0), $E382, 2)*100), \"\")","v":""},"",null,null,"Y"]
["18-54.","Air Sparge/Multphase Extraction (AS/MPE) System - Small - Long Term > 6 Months",null,"Per Month",{"$f":"IF($C$2<>\"\", VLOOKUP($A383,Rates!$A$1:$EB$430,MATCH($C$2,Rates!$A$1:$EB$1,0),FALSE), \"\")","v":""},null,"",{"$f":"IF($E383<>\"\", (_xlfn.PERCENTRANK.INC(INDEX(Rates!$B$1:$EB$430,MATCH($A383, Rates!$A$1:$A$430, 0),0), $E383, 2)*100), \"\")","v":""},"",null,null,"Y"]
["18-55.","Air Sparge/Multphase Extraction (AS/MPE) System - Medium - Short Term ≤ 6 Months",null,"Per Month",{"$f":"IF($C$2<>\"\", VLOOKUP($A384,Rates!$A$1:$EB$430,MATCH($C$2,Rates!$A$1:$EB$1,0),FALSE), \"\")","v":""},null,"",{"$f":"IF($E384<>\"\", (_xlfn.PERCENTRANK.INC(INDEX(Rates!$B$1:$EB$430,MATCH($A384, Rates!$A$1:$A$430, 0),0), $E384, 2)*100), \"\")","v":""},"",null,null,"Y"]
["18-56.","Air Sparge/Multphase Extraction (AS/MPE) System - Medium - Long Term > 6 Months",null,"Per Month",{"$f":"IF($C$2<>\"\", VLOOKUP($A385,Rates!$A$1:$EB$430,MATCH($C$2,Rates!$A$1:$EB$1,0),FALSE), \"\")","v":""},null,"",{"$f":"IF($E385<>\"\", (_xlfn.PERCENTRANK.INC(INDEX(Rates!$B$1:$EB$430,MATCH($A385, Rates!$A$1:$A$430, 0),0), $E385, 2)*100), \"\")","v":""},"",null,null,"Y"]
["18-57.","Air Sparge/Multphase Extraction (AS/MPE) System - Large - Short Term ≤ 6 Months",null,"Per Month",{"$f":"IF($C$2<>\"\", VLOOKUP($A386,Rates!$A$1:$EB$430,MATCH($C$2,Rates!$A$1:$EB$1,0),FALSE), \"\")","v":""},null,"",{"$f":"IF($E386<>\"\", (_xlfn.PERCENTRANK.INC(INDEX(Rates!$B$1:$EB$430,MATCH($A386, Rates!$A$1:$A$430, 0),0), $E386, 2)*100), \"\")","v":""},"",null,null,"Y"]
["18-58.","Air Sparge/Multphase Extraction (AS/MPE) System - Large - Long Term > 6 Months",null,"Per Month",{"$f":"IF($C$2<>\"\", VLOOKUP($A387,Rates!$A$1:$EB$430,MATCH($C$2,Rates!$A$1:$EB$1,0),FALSE), \"\")","v":""},null,"",{"$f":"IF($E387<>\"\", (_xlfn.PERCENTRANK.INC(INDEX(Rates!$B$1:$EB$430,MATCH($A387, Rates!$A$1:$A$430, 0),0), $E387, 2)*100), \"\")","v":""},"",null,null,"Y"]
["19.","REPORTS (Excluding Professional Engineering and Professional Geology Services)",null,null,null,null,null,null,null,null,null,"N"]
["19-1.","Soil Source Removal Report",null,"Per Report",{"$f":"IF($C$2<>\"\", VLOOKUP($A389,Rates!$A$1:$EB$430,MATCH($C$2,Rates!$A$1:$EB$1,0),FALSE), \"\")","v":""},null,"",{"$f":"IF($E389<>\"\", (_xlfn.PERCENTRANK.INC(INDEX(Rates!$B$1:$EB$430,MATCH($A389, Rates!$A$1:$A$430, 0),0), $E389, 2)*100), \"\")","v":""},"",null,null,"Y"]
["19-3.","General Site Assessment Report",null,"Per Report",{"$f":"IF($C$2<>\"\", VLOOKUP($A390,Rates!$A$1:$EB$430,MATCH($C$2,Rates!$A$1:$EB$1,0),FALSE), \"\")","v":""},null,"",{"$f":"IF($E390<>\"\", (_xlfn.PERCENTRANK.INC(INDEX(Rates!$B$1:$EB$430,MATCH($A390, Rates!$A$1:$A$430, 0),0), $E390, 2)*100), \"\")","v":""},"",null,null,"Y"]
["19-4.","Supplemental Site Assessment Report",null,"Per Report",{"$f":"IF($C$2<>\"\", VLOOKUP($A391,Rates!$A$1:$EB$430,MATCH($C$2,Rates!$A$1:$EB$1,0),FALSE), \"\")","v":""},null,"",{"$f":"IF($E391<>\"\", (_xlfn.PERCENTRANK.INC(INDEX(Rates!$B$1:$EB$430,MATCH($A391, Rates!$A$1:$A$430, 0),0), $E391, 2)*100), \"\")","v":""},"",null,null,"Y"]
["19-5.","Receptor and Exposure Pathway Report",null,"Per Report",{"$f":"IF($C$2<>\"\", VLOOKUP($A392,Rates!$A$1:$EB$430,MATCH($C$2,Rates!$A$1:$EB$1,0),FALSE), \"\")","v":""},null,"",{"$f":"IF($E392<>\"\", (_xlfn.PERCENTRANK.INC(INDEX(Rates!$B$1:$EB$430,MATCH($A392, Rates!$A$1:$A$430, 0),0), $E392, 2)*100), \"\")","v":""},"",null,null,"Y"]
["19-6.","Level 2 Natural Attenuation Monitoring Plan",null,"Per Plan",{"$f":"IF($C$2<>\"\", VLOOKUP($A393,Rates!$A$1:$EB$430,MATCH($C$2,Rates!$A$1:$EB$1,0),FALSE), \"\")","v":""},null,"",{"$f":"IF($E393<>\"\", (_xlfn.PERCENTRANK.INC(INDEX(Rates!$B$1:$EB$430,MATCH($A393, Rates!$A$1:$A$430, 0),0), $E393, 2)*100), \"\")","v":""},"",null,null,"Y"]
["19-7.","Natural Attenuation or Post RA Monitoring Report, Quarterly or Non-Annual ",null,"Per Report",{"$f":"IF($C$2<>\"\", VLOOKUP($A394,Rates!$A$1:$EB$430,MATCH($C$2,Rates!$A$1:$EB$1,0),FALSE), \"\")","v":""},null,{"$f":"IF(AND(F394<>\"\",E394<>\"\"), (F394-E394)/E394, \"\")","v":""},{"$f":"IF($E394<>\"\", (_xlfn.PERCENTRANK.INC(INDEX(Rates!$B$1:$EB$430,MATCH($A394, Rates!$A$1:$A$430, 0),0), $E394, 2)*100), \"\")","v":""},{"$f":"IF(AND(E394<>\"\",F394<>\"\" ), IF(AND(H394>75,G394>0), E394, ROUND(F394,2)), \"\")","v":""},null,null,"Y"]
["19-8.","Natural Attenuation or Post RA Monitoring Report, Annual ",null,"Per Report",{"$f":"IF($C$2<>\"\", VLOOKUP($A395,Rates!$A$1:$EB$430,MATCH($C$2,Rates!$A$1:$EB$1,0),FALSE), \"\")","v":""},null,"",{"$f":"IF($E395<>\"\", (_xlfn.PERCENTRANK.INC(INDEX(Rates!$B$1:$EB$430,MATCH($A395, Rates!$A$1:$A$430, 0),0), $E395, 2)*100), \"\")","v":""},"",null,null,"Y"]
["19-9.","Pilot Test Plan",null,"Per Plan",{"$f":"IF($C$2<>\"\", VLOOKUP($A396,Rates!$A$1:$EB$430,MATCH($C$2,Rates!$A$1:$EB$1,0),FALSE), \"\")","v":""},null,"",{"$f":"IF($E396<>\"\", (_xlfn.PERCENTRANK.INC(INDEX(Rates!$B$1:$EB$430,MATCH($A396, Rates!$A$1:$A$430, 0),0), $E396, 2)*100), \"\")","v":""},"",null,null,"Y"]
["19-10.","Pilot Test Report",null,"Per Report",{"$f":"IF($C$2<>\"\", VLOOKUP($A397,Rates!$A$1:$EB$430,MATCH($C$2,Rates!$A$1:$EB$1,0),FALSE), \"\")","v":""},null,"",{"$f":"IF($E397<>\"\", (_xlfn.PERCENTRANK.INC(INDEX(Rates!$B$1:$EB$430,MATCH($A397, Rates!$A$1:$A$430, 0),0), $E397, 2)*100), \"\")","v":""},"",null,null,"Y"]
["19-11.","Level 1 Remedial Action Plan",null,"Per Plan",{"$f":"IF($C$2<>\"\", VLOOKUP($A398,Rates!$A$1:$EB$430,MATCH($C$2,Rates!$A$1:$EB$1,0),FALSE), \"\")","v":""},null,"",{"$f":"IF($E398<>\"\", (_xlfn.PERCENTRANK.INC(INDEX(Rates!$B$1:$EB$430,MATCH($A398, Rates!$A$1:$A$430, 0),0), $E398, 2)*100), \"\")","v":""},"",null,null,"Y"]
["19-12.","Level 2 Remedial Action Plan",null,"Per Plan",{"$f":"IF($C$2<>\"\", VLOOKUP($A399,Rates!$A$1:$EB$430,MATCH($C$2,Rates!$A$1:$EB$1,0),FALSE), \"\")","v":""},null,"",{"$f":"IF($E399<>\"\", (_xlfn.PERCENTRANK.INC(INDEX(Rates!$B$1:$EB$430,MATCH($A399, Rates!$A$1:$A$430, 0),0), $E399, 2)*100), \"\")","v":""},"",null,null,"Y"]
["19-13.","Level 1 Limited Scope Remedial Action Plan or RAP Modification Plan",null,"Per Plan",{"$f":"IF($C$2<>\"\", VLOOKUP($A400,Rates!$A$1:$EB$430,MATCH($C$2,Rates!$A$1:$EB$1,0),FALSE), \"\")","v":""},null,"",{"$f":"IF($E400<>\"\", (_xlfn.PERCENTRANK.INC(INDEX(Rates!$B$1:$EB$430,MATCH($A400, Rates!$A$1:$A$430, 0),0), $E400, 2)*100), \"\")","v":""},"",null,null,"Y"]
["19-14.","Level 2 Limited Scope Remedial Action Plan or RAP Modification Plan",null,"Per Plan",{"$f":"IF($C$2<>\"\", VLOOKUP($A401,Rates!$A$1:$EB$430,MATCH($C$2,Rates!$A$1:$EB$1,0),FALSE), \"\")","v":""},null,"",{"$f":"IF($E401<>\"\", (_xlfn.PERCENTRANK.INC(INDEX(Rates!$B$1:$EB$430,MATCH($A401, Rates!$A$1:$A$430, 0),0), $E401, 2)*100), \"\")","v":""},"",null,null,"Y"]
["19-15.","Level 3 Limited Scope Remedial Action Plan or RAP Modification Plan",null,"Per Plan",{"$f":"IF($C$2<>\"\", VLOOKUP($A402,Rates!$A$1:$EB$430,MATCH($C$2,Rates!$A$1:$EB$1,0),FALSE), \"\")","v":""},null,"",{"$f":"IF($E402<>\"\", (_xlfn.PERCENTRANK.INC(INDEX(Rates!$B$1:$EB$430,MATCH($A402, Rates!$A$1:$A$430, 0),0), $E402, 2)*100), \"\")","v":""},"",null,null,"Y"]
["19-16.","Level 4 Limited Scope Remedial Action Plan or RAP Modification Plan",null,"Per Plan",{"$f":"IF($C$2<>\"\", VLOOKUP($A403,Rates!$A$1:$EB$430,MATCH($C$2,Rates!$A$1:$EB$1,0),FALSE), \"\")","v":""},null,"",{"$f":"IF($E403<>\"\", (_xlfn.PERCENTRANK.INC(INDEX(Rates!$B$1:$EB$430,MATCH($A403, Rates!$A$1:$A$430, 0),0), $E403, 2)*100), \"\")","v":""},"",null,null,"Y"]
["19-17.","Construction Drawings and Specs Report",null,"Per Report",{"$f":"IF($C$2<>\"\", VLOOKUP($A404,Rates!$A$1:$EB$430,MATCH($C$2,Rates!$A$1:$EB$1,0),FALSE), \"\")","v":""},null,"",{"$f":"IF($E404<>\"\", (_xlfn.PERCENTRANK.INC(INDEX(Rates!$B$1:$EB$430,MATCH($A404, Rates!$A$1:$A$430, 0),0), $E404, 2)*100), \"\")","v":""},"",null,null,"Y"]
["19-18.","As-Built Drawings (P.E. Sealed red lined modifications)",null,"Per Drawings",{"$f":"IF($C$2<>\"\", VLOOKUP($A405,Rates!$A$1:$EB$430,MATCH($C$2,Rates!$A$1:$EB$1,0),FALSE), \"\")","v":""},null,"",{"$f":"IF($E405<>\"\", (_xlfn.PERCENTRANK.INC(INDEX(Rates!$B$1:$EB$430,MATCH($A405, Rates!$A$1:$A$430, 0),0), $E405, 2)*100), \"\")","v":""},"",null,null,"Y"]
["19-19.","Remedial Action Startup Report ",null,"Per Report",{"$f":"IF($C$2<>\"\", VLOOKUP($A406,Rates!$A$1:$EB$430,MATCH($C$2,Rates!$A$1:$EB$1,0),FALSE), \"\")","v":""},null,"",{"$f":"IF($E406<>\"\", (_xlfn.PERCENTRANK.INC(INDEX(Rates!$B$1:$EB$430,MATCH($A406, Rates!$A$1:$A$430, 0),0), $E406, 2)*100), \"\")","v":""},"",null,null,"Y"]
["19-20.","Letter/NPDES Report",null,"Per Report",{"$f":"IF($C$2<>\"\", VLOOKUP($A407,Rates!$A$1:$EB$430,MATCH($C$2,Rates!$A$1:$EB$1,0),FALSE), \"\")","v":""},null,"",{"$f":"IF($E407<>\"\", (_xlfn.PERCENTRANK.INC(INDEX(Rates!$B$1:$EB$430,MATCH($A407, Rates!$A$1:$A$430, 0),0), $E407, 2)*100), \"\")","v":""},"",null,null,"Y"]
["19-21.","Operation & Maintenance Report, Quarterly or Non-Annual ",null,"Per Report",{"$f":"IF($C$2<>\"\", VLOOKUP($A408,Rates!$A$1:$EB$430,MATCH($C$2,Rates!$A$1:$EB$1,0),FALSE), \"\")","v":""},null,"",{"$f":"IF($E408<>\"\", (_xlfn.PERCENTRANK.INC(INDEX(Rates!$B$1:$EB$430,MATCH($A408, Rates!$A$1:$A$430, 0),0), $E408, 2)*100), \"\")","v":""},"",null,null,"Y"]
["19-22.","Operation & Maintenance Annual Report ",null,"Per Report",{"$f":"IF($C$2<>\"\", VLOOKUP($A409,Rates!$A$1:$EB$430,MATCH($C$2,Rates!$A$1:$EB$1,0),FALSE), \"\")","v":""},null,"",{"$f":"IF($E409<>\"\", (_xlfn.PERCENTRANK.INC(INDEX(Rates!$B$1:$EB$430,MATCH($A409, Rates!$A$1:$A$430, 0),0), $E409, 2)*100), \"\")","v":""},"",null,null,"Y"]
["19-23.","Remedial Action General Report",null,"Per Report",{"$f":"IF($C$2<>\"\", VLOOKUP($A410,Rates!$A$1:$EB$430,MATCH($C$2,Rates!$A$1:$EB$1,0),FALSE), \"\")","v":""},null,"",{"$f":"IF($E410<>\"\", (_xlfn.PERCENTRANK.INC(INDEX(Rates!$B$1:$EB$430,MATCH($A410, Rates!$A$1:$A$430, 0),0), $E410, 2)*100), \"\")","v":""},"",null,null,"Y"]
["19-24.","Remedial Action Interim Report",null,"Per Report",{"$f":"IF($C$2<>\"\", VLOOKUP($A411,Rates!$A$1:$EB$430,MATCH($C$2,Rates!$A$1:$EB$1,0),FALSE), \"\")","v":""},null,"",{"$f":"IF($E411<>\"\", (_xlfn.PERCENTRANK.INC(INDEX(Rates!$B$1:$EB$430,MATCH($A411, Rates!$A$1:$A$430, 0),0), $E411, 2)*100), \"\")","v":""},"",null,null,"Y"]
["19-25.","Free Product Recovery Report ",null,"Per Report",{"$f":"IF($C$2<>\"\", VLOOKUP($A412,Rates!$A$1:$EB$430,MATCH($C$2,Rates!$A$1:$EB$1,0),FALSE), \"\")","v":""},null,"",{"$f":"IF($E412<>\"\", (_xlfn.PERCENTRANK.INC(INDEX(Rates!$B$1:$EB$430,MATCH($A412, Rates!$A$1:$A$430, 0),0), $E412, 2)*100), \"\")","v":""},"",null,null,"Y"]
["19-26.","Well Abandonment/Site Restoration Report ",null,"Per Report",{"$f":"IF($C$2<>\"\", VLOOKUP($A413,Rates!$A$1:$EB$430,MATCH($C$2,Rates!$A$1:$EB$1,0),FALSE), \"\")","v":""},null,"",{"$f":"IF($E413<>\"\", (_xlfn.PERCENTRANK.INC(INDEX(Rates!$B$1:$EB$430,MATCH($A413, Rates!$A$1:$A$430, 0),0), $E413, 2)*100), \"\")","v":""},"",null,null,"Y"]
["19-27.","Interim Assessment Report",null,"Per Report",{"$f":"IF($C$2<>\"\", VLOOKUP($A414,Rates!$A$1:$EB$430,MATCH($C$2,Rates!$A$1:$EB$1,0),FALSE), \"\")","v":""},null,"",{"$f":"IF($E414<>\"\", (_xlfn.PERCENTRANK.INC(INDEX(Rates!$B$1:$EB$430,MATCH($A414, Rates!$A$1:$A$430, 0),0), $E414, 2)*100), \"\")","v":""},"",null,null,"Y"]
["20.","PERSONNEL (Excluding Professional Engineer and Professional Geologist)",null,null,null,null,null,null,null,null,null,"N"]
["20-1.","Program Manager (Key)",null,"Per Hour",{"$f":"IF($C$2<>\"\", VLOOKUP($A416,Rates!$A$1:$EB$430,MATCH($C$2,Rates!$A$1:$EB$1,0),FALSE), \"\")","v":""},null,"",{"$f":"IF($E416<>\"\", (_xlfn.PERCENTRANK.INC(INDEX(Rates!$B$1:$EB$430,MATCH($A416, Rates!$A$1:$A$430, 0),0), $E416, 2)*100), \"\")","v":""},"",null,null,"Y"]
["20-2.","Project Manager (Key)",null,"Per Hour",{"$f":"IF($C$2<>\"\", VLOOKUP($A417,Rates!$A$1:$EB$430,MATCH($C$2,Rates!$A$1:$EB$1,0),FALSE), \"\")","v":""},null,"",{"$f":"IF($E417<>\"\", (_xlfn.PERCENTRANK.INC(INDEX(Rates!$B$1:$EB$430,MATCH($A417, Rates!$A$1:$A$430, 0),0), $E417, 2)*100), \"\")","v":""},"",null,null,"Y"]
["20-3.","Engineer (Key)",null,"Per Hour",{"$f":"IF($C$2<>\"\", VLOOKUP($A418,Rates!$A$1:$EB$430,MATCH($C$2,Rates!$A$1:$EB$1,0),FALSE), \"\")","v":""},null,"",{"$f":"IF($E418<>\"\", (_xlfn.PERCENTRANK.INC(INDEX(Rates!$B$1:$EB$430,MATCH($A418, Rates!$A$1:$A$430, 0),0), $E418, 2)*100), \"\")","v":""},"",null,null,"Y"]
["20-4.","Geologist/Geoscientist (Key)",null,"Per Hour",{"$f":"IF($C$2<>\"\", VLOOKUP($A419,Rates!$A$1:$EB$430,MATCH($C$2,Rates!$A$1:$EB$1,0),FALSE), \"\")","v":""},null,"",{"$f":"IF($E419<>\"\", (_xlfn.PERCENTRANK.INC(INDEX(Rates!$B$1:$EB$430,MATCH($A419, Rates!$A$1:$A$430, 0),0), $E419, 2)*100), \"\")","v":""},"",null,null,"Y"]
["20-5.","Hydrogeologist/Modeler (Key)",null,"Per Hour",{"$f":"IF($C$2<>\"\", VLOOKUP($A420,Rates!$A$1:$EB$430,MATCH($C$2,Rates!$A$1:$EB$1,0),FALSE), \"\")","v":""},null,"",{"$f":"IF($E420<>\"\", (_xlfn.PERCENTRANK.INC(INDEX(Rates!$B$1:$EB$430,MATCH($A420, Rates!$A$1:$A$430, 0),0), $E420, 2)*100), \"\")","v":""},"",null,null,"Y"]
["20-6.","Scientist/Technical Specialist (Key)",null,"Per Hour",{"$f":"IF($C$2<>\"\", VLOOKUP($A421,Rates!$A$1:$EB$430,MATCH($C$2,Rates!$A$1:$EB$1,0),FALSE), \"\")","v":""},null,"",{"$f":"IF($E421<>\"\", (_xlfn.PERCENTRANK.INC(INDEX(Rates!$B$1:$EB$430,MATCH($A421, Rates!$A$1:$A$430, 0),0), $E421, 2)*100), \"\")","v":""},"",null,null,"Y"]
["20-7.","Assistant Scientist/Technical Specialist",null,"Per Hour",{"$f":"IF($C$2<>\"\", VLOOKUP($A422,Rates!$A$1:$EB$430,MATCH($C$2,Rates!$A$1:$EB$1,0),FALSE), \"\")","v":""},null,"",{"$f":"IF($E422<>\"\", (_xlfn.PERCENTRANK.INC(INDEX(Rates!$B$1:$EB$430,MATCH($A422, Rates!$A$1:$A$430, 0),0), $E422, 2)*100), \"\")","v":""},"",null,null,"Y"]
["20-8.","Field Technician (Key)",null,"Per Hour",{"$f":"IF($C$2<>\"\", VLOOKUP($A423,Rates!$A$1:$EB$430,MATCH($C$2,Rates!$A$1:$EB$1,0),FALSE), \"\")","v":""},null,"",{"$f":"IF($E423<>\"\", (_xlfn.PERCENTRANK.INC(INDEX(Rates!$B$1:$EB$430,MATCH($A423, Rates!$A$1:$A$430, 0),0), $E423, 2)*100), \"\")","v":""},"",null,null,"Y"]
["20-9.","Draftsperson",null,"Per Hour",{"$f":"IF($C$2<>\"\", VLOOKUP($A424,Rates!$A$1:$EB$430,MATCH($C$2,Rates!$A$1:$EB$1,0),FALSE), \"\")","v":""},null,"",{"$f":"IF($E424<>\"\", (_xlfn.PERCENTRANK.INC(INDEX(Rates!$B$1:$EB$430,MATCH($A424, Rates!$A$1:$A$430, 0),0), $E424, 2)*100), \"\")","v":""},"",null,null,"Y"]
["20-10.","Administrative ",null,"Per Hour",{"$f":"IF($C$2<>\"\", VLOOKUP($A425,Rates!$A$1:$EB$430,MATCH($C$2,Rates!$A$1:$EB$1,0),FALSE), \"\")","v":""},null,"",{"$f":"IF($E425<>\"\", (_xlfn.PERCENTRANK.INC(INDEX(Rates!$B$1:$EB$430,MATCH($A425, Rates!$A$1:$A$430, 0),0), $E425, 2)*100), \"\")","v":""},"",null,null,"Y"]
["20-11.","Laborers and Security Guards",null,"Per Hour",{"$f":"IF($C$2<>\"\", VLOOKUP($A426,Rates!$A$1:$EB$430,MATCH($C$2,Rates!$A$1:$EB$1,0),FALSE), \"\")","v":""},null,"",{"$f":"IF($E426<>\"\", (_xlfn.PERCENTRANK.INC(INDEX(Rates!$B$1:$EB$430,MATCH($A426, Rates!$A$1:$A$430, 0),0), $E426, 2)*100), \"\")","v":""},"",null,null,"Y"]
["21.","PROFESSIONAL ENGINEERING AND PROFESSIONAL GEOLOGY SERVICES                                                                   ",null,null,null,null,null,null,null,null,null,"N"]
["21-1.","Professional Engineer (Key)",null,"Per Hour",{"$f":"IF($C$2<>\"\", VLOOKUP($A428,Rates!$A$1:$EB$430,MATCH($C$2,Rates!$A$1:$EB$1,0),FALSE), \"\")","v":""},null,"",{"$f":"IF($E428<>\"\", (_xlfn.PERCENTRANK.INC(INDEX(Rates!$B$1:$EB$430,MATCH($A428, Rates!$A$1:$A$430, 0),0), $E428, 2)*100), \"\")","v":""},"",null,null,"Y"]
["21-2.","Professional Geologist (Key)",null,"Per Hour",{"$f":"IF($C$2<>\"\", VLOOKUP($A429,Rates!$A$1:$EB$430,MATCH($C$2,Rates!$A$1:$EB$1,0),FALSE), \"\")","v":""},null,"",{"$f":"IF($E429<>\"\", (_xlfn.PERCENTRANK.INC(INDEX(Rates!$B$1:$EB$430,MATCH($A429, Rates!$A$1:$A$430, 0),0), $E429, 2)*100), \"\")","v":""},"",null,null,"Y"]
["21-3.","P.G. Field Oversight of Drilling and Boring and Soil-Boring Logging (Use hourly rate on site specific basis)",null,"Per Hour",{"$f":"IF($C$2<>\"\", VLOOKUP($A430,Rates!$A$1:$EB$430,MATCH($C$2,Rates!$A$1:$EB$1,0),FALSE), \"\")","v":""},null,"",{"$f":"IF($E430<>\"\", (_xlfn.PERCENTRANK.INC(INDEX(Rates!$B$1:$EB$430,MATCH($A430, Rates!$A$1:$A$430, 0),0), $E430, 2)*100), \"\")","v":""},"",null,null,"Y"]
["21-4.","P.G. Field Oversight of Well Installation (Use hourly rate on site specific basis)",null,"Per Hour",{"$f":"IF($C$2<>\"\", VLOOKUP($A431,Rates!$A$1:$EB$430,MATCH($C$2,Rates!$A$1:$EB$1,0),FALSE), \"\")","v":""},null,"",{"$f":"IF($E431<>\"\", (_xlfn.PERCENTRANK.INC(INDEX(Rates!$B$1:$EB$430,MATCH($A431, Rates!$A$1:$A$430, 0),0), $E431, 2)*100), \"\")","v":""},"",null,null,"Y"]
["21-5.","P.E. Project Oversight for Remediation Technology Pilot Testing ",null,"Per Test",{"$f":"IF($C$2<>\"\", VLOOKUP($A432,Rates!$A$1:$EB$430,MATCH($C$2,Rates!$A$1:$EB$1,0),FALSE), \"\")","v":""},null,"",{"$f":"IF($E432<>\"\", (_xlfn.PERCENTRANK.INC(INDEX(Rates!$B$1:$EB$430,MATCH($A432, Rates!$A$1:$A$430, 0),0), $E432, 2)*100), \"\")","v":""},"",null,null,"Y"]
["21-6.a.","P.E. Project Oversight for Remediation System Integration and Startup - Small System",null,"Per System ",{"$f":"IF($C$2<>\"\", VLOOKUP($A433,Rates!$A$1:$EB$430,MATCH($C$2,Rates!$A$1:$EB$1,0),FALSE), \"\")","v":""},null,"",{"$f":"IF($E433<>\"\", (_xlfn.PERCENTRANK.INC(INDEX(Rates!$B$1:$EB$430,MATCH($A433, Rates!$A$1:$A$430, 0),0), $E433, 2)*100), \"\")","v":""},"",null,null,"Y"]
["21-6.b.","P.E. Project Oversight for Remediation System Integration and Startup - Medium System",null,"Per System ",{"$f":"IF($C$2<>\"\", VLOOKUP($A434,Rates!$A$1:$EB$430,MATCH($C$2,Rates!$A$1:$EB$1,0),FALSE), \"\")","v":""},null,"",{"$f":"IF($E434<>\"\", (_xlfn.PERCENTRANK.INC(INDEX(Rates!$B$1:$EB$430,MATCH($A434, Rates!$A$1:$A$430, 0),0), $E434, 2)*100), \"\")","v":""},"",null,null,"Y"]
["21-6.c.","P.E. Project Oversight for Remediation System Integration and Startup - Large System",null,"Per System ",{"$f":"IF($C$2<>\"\", VLOOKUP($A435,Rates!$A$1:$EB$430,MATCH($C$2,Rates!$A$1:$EB$1,0),FALSE), \"\")","v":""},null,"",{"$f":"IF($E435<>\"\", (_xlfn.PERCENTRANK.INC(INDEX(Rates!$B$1:$EB$430,MATCH($A435, Rates!$A$1:$A$430, 0),0), $E435, 2)*100), \"\")","v":""},"",null,null,"Y"]
["21-6.d.","P.E. Project Oversight for Remediation System Integration and Startup - Extra Large System",null,"Per System ",{"$f":"IF($C$2<>\"\", VLOOKUP($A436,Rates!$A$1:$EB$430,MATCH($C$2,Rates!$A$1:$EB$1,0),FALSE), \"\")","v":""},null,"",{"$f":"IF($E436<>\"\", (_xlfn.PERCENTRANK.INC(INDEX(Rates!$B$1:$EB$430,MATCH($A436, Rates!$A$1:$A$430, 0),0), $E436, 2)*100), \"\")","v":""},"",null,null,"Y"]
["21-7.a.","P.E. Project Oversight for Short Term or Episodic Remediation System Operation - Daily Basis",null,"Per Day",{"$f":"IF($C$2<>\"\", VLOOKUP($A437,Rates!$A$1:$EB$430,MATCH($C$2,Rates!$A$1:$EB$1,0),FALSE), \"\")","v":""},null,"",{"$f":"IF($E437<>\"\", (_xlfn.PERCENTRANK.INC(INDEX(Rates!$B$1:$EB$430,MATCH($A437, Rates!$A$1:$A$430, 0),0), $E437, 2)*100), \"\")","v":""},"",null,null,"Y"]
["21-7.b.","P.E. Project Oversight for Short Term or Episodic Remediation System Operation - Weekly Basis",null,"Per Week",{"$f":"IF($C$2<>\"\", VLOOKUP($A438,Rates!$A$1:$EB$430,MATCH($C$2,Rates!$A$1:$EB$1,0),FALSE), \"\")","v":""},null,"",{"$f":"IF($E438<>\"\", (_xlfn.PERCENTRANK.INC(INDEX(Rates!$B$1:$EB$430,MATCH($A438, Rates!$A$1:$A$430, 0),0), $E438, 2)*100), \"\")","v":""},"",null,null,"Y"]
["21-8.","P.E. Project Oversight for Remediation System Operation and Maintenance",null,"Per Month",{"$f":"IF($C$2<>\"\", VLOOKUP($A439,Rates!$A$1:$EB$430,MATCH($C$2,Rates!$A$1:$EB$1,0),FALSE), \"\")","v":""},null,"",{"$f":"IF($E439<>\"\", (_xlfn.PERCENTRANK.INC(INDEX(Rates!$B$1:$EB$430,MATCH($A439, Rates!$A$1:$A$430, 0),0), $E439, 2)*100), \"\")","v":""},"",null,null,"Y"]
["21-9.","P.E. Review and Certification of Sufficiency of Engineering Controls (other than permanent, impermeable surface or top two feet of clean fill), with Monitoring and Maintenance Recommendations Required for a Conditional NFA",null,"Per Review and Certification",{"$f":"IF($C$2<>\"\", VLOOKUP($A440,Rates!$A$1:$EB$430,MATCH($C$2,Rates!$A$1:$EB$1,0),FALSE), \"\")","v":""},null,"",{"$f":"IF($E440<>\"\", (_xlfn.PERCENTRANK.INC(INDEX(Rates!$B$1:$EB$430,MATCH($A440, Rates!$A$1:$A$430, 0),0), $E440, 2)*100), \"\")","v":""},"",null,null,"Y"]
["21-10.","P.G. Review and Certification of Sufficiency of Engineering Controls Limited to Permanent, Impermeable Surface or Top Two Feet of Clean Fill with Monitoring and Maintenance Recommendations Required for a Conditional NFA",null,"Per Review and Certification",{"$f":"IF($C$2<>\"\", VLOOKUP($A441,Rates!$A$1:$EB$430,MATCH($C$2,Rates!$A$1:$EB$1,0),FALSE), \"\")","v":""},null,"",{"$f":"IF($E441<>\"\", (_xlfn.PERCENTRANK.INC(INDEX(Rates!$B$1:$EB$430,MATCH($A441, Rates!$A$1:$A$430, 0),0), $E441, 2)*100), \"\")","v":""},"",null,null,"Y"]
["21-11.","P.E. Design and Certification of Plans and Project Oversight of Installation for Engineering Controls (other than permanent, impermeable surface or top two feet of clean fill) required for a conditional NFA",null,"Per Engineering Controls Installation",{"$f":"IF($C$2<>\"\", VLOOKUP($A442,Rates!$A$1:$EB$430,MATCH($C$2,Rates!$A$1:$EB$1,0),FALSE), \"\")","v":""},null,"",{"$f":"IF($E442<>\"\", (_xlfn.PERCENTRANK.INC(INDEX(Rates!$B$1:$EB$430,MATCH($A442, Rates!$A$1:$A$430, 0),0), $E442, 2)*100), \"\")","v":""},"",null,null,"Y"]
["21-12.","P.G. Review, Evaluation and Certification of Plans and Project Oversight for Installation of Engineering Controls Limited to Permanent, Impermeable Surface or Top Two Feet of Clean Fill Required for a Conditional NFA",null,"Per Engineering Controls Installation",{"$f":"IF($C$2<>\"\", VLOOKUP($A443,Rates!$A$1:$EB$430,MATCH($C$2,Rates!$A$1:$EB$1,0),FALSE), \"\")","v":""},null,"",{"$f":"IF($E443<>\"\", (_xlfn.PERCENTRANK.INC(INDEX(Rates!$B$1:$EB$430,MATCH($A443, Rates!$A$1:$A$430, 0),0), $E443, 2)*100), \"\")","v":""},"",null,null,"Y"]
["21-13.","P.G. or P.E. Review, Evaluation and Certification of a Soil Source Removal Report That Includes a Recommendation for NFA",null,"Per Report",{"$f":"IF($C$2<>\"\", VLOOKUP($A444,Rates!$A$1:$EB$430,MATCH($C$2,Rates!$A$1:$EB$1,0),FALSE), \"\")","v":""},null,"",{"$f":"IF($E444<>\"\", (_xlfn.PERCENTRANK.INC(INDEX(Rates!$B$1:$EB$430,MATCH($A444, Rates!$A$1:$A$430, 0),0), $E444, 2)*100), \"\")","v":""},"",null,null,"Y"]
["21-15.","P.G. or Qualified P.E. Review, Evaluation and Certification of a General Site Assessment Report",null,"Per Report",{"$f":"IF($C$2<>\"\", VLOOKUP($A445,Rates!$A$1:$EB$430,MATCH($C$2,Rates!$A$1:$EB$1,0),FALSE), \"\")","v":""},null,"",{"$f":"IF($E445<>\"\", (_xlfn.PERCENTRANK.INC(INDEX(Rates!$B$1:$EB$430,MATCH($A445, Rates!$A$1:$A$430, 0),0), $E445, 2)*100), \"\")","v":""},"",null,null,"Y"]
["21-16.","P.G. or Qualified P.E. Review, Evaluation and Certification of a Supplemental Site Assessment Report",null,"Per Report",{"$f":"IF($C$2<>\"\", VLOOKUP($A446,Rates!$A$1:$EB$430,MATCH($C$2,Rates!$A$1:$EB$1,0),FALSE), \"\")","v":""},null,"",{"$f":"IF($E446<>\"\", (_xlfn.PERCENTRANK.INC(INDEX(Rates!$B$1:$EB$430,MATCH($A446, Rates!$A$1:$A$430, 0),0), $E446, 2)*100), \"\")","v":""},"",null,null,"Y"]
["21-17.","P.G. or P.E. Review, Evaluation and Certification of a Receptor and Exposure Pathway Report",null,"Per Report",{"$f":"IF($C$2<>\"\", VLOOKUP($A447,Rates!$A$1:$EB$430,MATCH($C$2,Rates!$A$1:$EB$1,0),FALSE), \"\")","v":""},null,"",{"$f":"IF($E447<>\"\", (_xlfn.PERCENTRANK.INC(INDEX(Rates!$B$1:$EB$430,MATCH($A447, Rates!$A$1:$A$430, 0),0), $E447, 2)*100), \"\")","v":""},"",null,null,"Y"]
["21-18.","P.E. Review, Evaluation and Certification of a Level 2 Natural Attenuation Monitoring Plan",null,"Per Plan",{"$f":"IF($C$2<>\"\", VLOOKUP($A448,Rates!$A$1:$EB$430,MATCH($C$2,Rates!$A$1:$EB$1,0),FALSE), \"\")","v":""},null,"",{"$f":"IF($E448<>\"\", (_xlfn.PERCENTRANK.INC(INDEX(Rates!$B$1:$EB$430,MATCH($A448, Rates!$A$1:$A$430, 0),0), $E448, 2)*100), \"\")","v":""},"",null,null,"Y"]
["21-19.","P.E. Review, Evaluation and Certification of a Non-Annual Natural Attenuation or Post RA Monitoring Report That Includes a Recommendation for NFA or a Recommendation to Modify the Approved Monitoring Plan",null,"Per Report",{"$f":"IF($C$2<>\"\", VLOOKUP($A449,Rates!$A$1:$EB$430,MATCH($C$2,Rates!$A$1:$EB$1,0),FALSE), \"\")","v":""},null,"",{"$f":"IF($E449<>\"\", (_xlfn.PERCENTRANK.INC(INDEX(Rates!$B$1:$EB$430,MATCH($A449, Rates!$A$1:$A$430, 0),0), $E449, 2)*100), \"\")","v":""},"",null,null,"Y"]
["21-20.","P.G or P.E. Review, Evaluation and Certification of an Annual Natural Attenuation Monitoring Report",null,"Per Report",{"$f":"IF($C$2<>\"\", VLOOKUP($A450,Rates!$A$1:$EB$430,MATCH($C$2,Rates!$A$1:$EB$1,0),FALSE), \"\")","v":""},null,"",{"$f":"IF($E450<>\"\", (_xlfn.PERCENTRANK.INC(INDEX(Rates!$B$1:$EB$430,MATCH($A450, Rates!$A$1:$A$430, 0),0), $E450, 2)*100), \"\")","v":""},"",null,null,"Y"]
["21-21.","P.E. Review, Evaluation and Certification of a Pilot Test Plan",null,"Per Plan",{"$f":"IF($C$2<>\"\", VLOOKUP($A451,Rates!$A$1:$EB$430,MATCH($C$2,Rates!$A$1:$EB$1,0),FALSE), \"\")","v":""},null,"",{"$f":"IF($E451<>\"\", (_xlfn.PERCENTRANK.INC(INDEX(Rates!$B$1:$EB$430,MATCH($A451, Rates!$A$1:$A$430, 0),0), $E451, 2)*100), \"\")","v":""},"",null,null,"Y"]
["21-22.","P.E. Review, Evaluation and Certification of a Pilot Test Report",null,"Per Report",{"$f":"IF($C$2<>\"\", VLOOKUP($A452,Rates!$A$1:$EB$430,MATCH($C$2,Rates!$A$1:$EB$1,0),FALSE), \"\")","v":""},null,"",{"$f":"IF($E452<>\"\", (_xlfn.PERCENTRANK.INC(INDEX(Rates!$B$1:$EB$430,MATCH($A452, Rates!$A$1:$A$430, 0),0), $E452, 2)*100), \"\")","v":""},"",null,null,"Y"]
["21-23.","P.E. Review, Evaluation and Certification of a Level 1 Remedial Action Plan",null,"Per Plan",{"$f":"IF($C$2<>\"\", VLOOKUP($A453,Rates!$A$1:$EB$430,MATCH($C$2,Rates!$A$1:$EB$1,0),FALSE), \"\")","v":""},null,"",{"$f":"IF($E453<>\"\", (_xlfn.PERCENTRANK.INC(INDEX(Rates!$B$1:$EB$430,MATCH($A453, Rates!$A$1:$A$430, 0),0), $E453, 2)*100), \"\")","v":""},"",null,null,"Y"]
["21-24.","P.E. Review, Evaluation and Certification of a Level 2 Remedial Action Plan",null,"Per Plan",{"$f":"IF($C$2<>\"\", VLOOKUP($A454,Rates!$A$1:$EB$430,MATCH($C$2,Rates!$A$1:$EB$1,0),FALSE), \"\")","v":""},null,"",{"$f":"IF($E454<>\"\", (_xlfn.PERCENTRANK.INC(INDEX(Rates!$B$1:$EB$430,MATCH($A454, Rates!$A$1:$A$430, 0),0), $E454, 2)*100), \"\")","v":""},"",null,null,"Y"]
["21-25.","P.E. Review, Evaluation and Certification of a Level 1 Limited Scope Remedial Action Plan or RAP Modification Plan",null,"Per Plan",{"$f":"IF($C$2<>\"\", VLOOKUP($A455,Rates!$A$1:$EB$430,MATCH($C$2,Rates!$A$1:$EB$1,0),FALSE), \"\")","v":""},null,"",{"$f":"IF($E455<>\"\", (_xlfn.PERCENTRANK.INC(INDEX(Rates!$B$1:$EB$430,MATCH($A455, Rates!$A$1:$A$430, 0),0), $E455, 2)*100), \"\")","v":""},"",null,null,"Y"]
["21-26.","P.E. Review, Evaluation and Certification of a Level 2 Limited Scope Remedial Action Plan or RAP Modification Plan",null,"Per Plan",{"$f":"IF($C$2<>\"\", VLOOKUP($A456,Rates!$A$1:$EB$430,MATCH($C$2,Rates!$A$1:$EB$1,0),FALSE), \"\")","v":""},null,"",{"$f":"IF($E456<>\"\", (_xlfn.PERCENTRANK.INC(INDEX(Rates!$B$1:$EB$430,MATCH($A456, Rates!$A$1:$A$430, 0),0), $E456, 2)*100), \"\")","v":""},"",null,null,"Y"]
["21-27.","P.E. Review, Evaluation and Certification of a Level 3 Limited Scope Remedial Action Plan or RAP Modification Plan",null,"Per Plan",{"$f":"IF($C$2<>\"\", VLOOKUP($A457,Rates!$A$1:$EB$430,MATCH($C$2,Rates!$A$1:$EB$1,0),FALSE), \"\")","v":""},null,"",{"$f":"IF($E457<>\"\", (_xlfn.PERCENTRANK.INC(INDEX(Rates!$B$1:$EB$430,MATCH($A457, Rates!$A$1:$A$430, 0),0), $E457, 2)*100), \"\")","v":""},"",null,null,"Y"]
["21-28.","P.E. Review, Evaluation and Certification of a Level 4 Limited Scope Remedial Action Plan or RAP Modification Plan",null,"Per Plan",{"$f":"IF($C$2<>\"\", VLOOKUP($A458,Rates!$A$1:$EB$430,MATCH($C$2,Rates!$A$1:$EB$1,0),FALSE), \"\")","v":""},null,{"$f":"IF(AND(F458<>\"\",E458<>\"\"), (F458-E458)/E458, \"\")","v":""},{"$f":"IF($E458<>\"\", (_xlfn.PERCENTRANK.INC(INDEX(Rates!$B$1:$EB$430,MATCH($A458, Rates!$A$1:$A$430, 0),0), $E458, 2)*100), \"\")","v":""},{"$f":"IF(AND(E458<>\"\",F458<>\"\" ), IF(AND(H458>75,G458>0), E458, ROUND(F458,2)), \"\")","v":""},null,null,"Y"]
["21-29.","P.E. Review, Evaluation and Certification of As-Built Drawings (P.E. sealed red lined modifications)",null,"Per Set of Drawings",{"$f":"IF($C$2<>\"\", VLOOKUP($A459,Rates!$A$1:$EB$430,MATCH($C$2,Rates!$A$1:$EB$1,0),FALSE), \"\")","v":""},null,"",{"$f":"IF($E459<>\"\", (_xlfn.PERCENTRANK.INC(INDEX(Rates!$B$1:$EB$430,MATCH($A459, Rates!$A$1:$A$430, 0),0), $E459, 2)*100), \"\")","v":""},"",null,null,"Y"]
["21-30.","P.E. Review, Evaluation and Certification of a Remedial Action Startup Report That Includes a Recommendation for System Modification or Significant Change in the Course of Action",null,"Per Report",{"$f":"IF($C$2<>\"\", VLOOKUP($A460,Rates!$A$1:$EB$430,MATCH($C$2,Rates!$A$1:$EB$1,0),FALSE), \"\")","v":""},null,"",{"$f":"IF($E460<>\"\", (_xlfn.PERCENTRANK.INC(INDEX(Rates!$B$1:$EB$430,MATCH($A460, Rates!$A$1:$A$430, 0),0), $E460, 2)*100), \"\")","v":""},"",null,null,"Y"]
["21-31.","P.E. Review, Evaluation and Certification of a Non-Annual Operation and Maintenance Report That Includes Significant Proposed Changes to the Approved RAP",null,"Per Report",{"$f":"IF($C$2<>\"\", VLOOKUP($A461,Rates!$A$1:$EB$430,MATCH($C$2,Rates!$A$1:$EB$1,0),FALSE), \"\")","v":""},null,"",{"$f":"IF($E461<>\"\", (_xlfn.PERCENTRANK.INC(INDEX(Rates!$B$1:$EB$430,MATCH($A461, Rates!$A$1:$A$430, 0),0), $E461, 2)*100), \"\")","v":""},"",null,null,"Y"]
["21-32.","P.E. Review, Evaluation and Certification of an Annual Operation and Maintenance Report",null,"Per Report",{"$f":"IF($C$2<>\"\", VLOOKUP($A462,Rates!$A$1:$EB$430,MATCH($C$2,Rates!$A$1:$EB$1,0),FALSE), \"\")","v":""},null,"",{"$f":"IF($E462<>\"\", (_xlfn.PERCENTRANK.INC(INDEX(Rates!$B$1:$EB$430,MATCH($A462, Rates!$A$1:$A$430, 0),0), $E462, 2)*100), \"\")","v":""},"",null,null,"Y"]
["21-33.","P.G or P.E. Review, Evaluation and Certification of a Remedial Action General Report",null,"Per Report",{"$f":"IF($C$2<>\"\", VLOOKUP($A463,Rates!$A$1:$EB$430,MATCH($C$2,Rates!$A$1:$EB$1,0),FALSE), \"\")","v":""},null,"",{"$f":"IF($E463<>\"\", (_xlfn.PERCENTRANK.INC(INDEX(Rates!$B$1:$EB$430,MATCH($A463, Rates!$A$1:$A$430, 0),0), $E463, 2)*100), \"\")","v":""},"",null,null,"Y"]
["21-34.","P.G or P.E. Review, Evaluation and Certification of an Interim Remedial Action Report That Includes a Recommendation for System Modification or Significant Change in the Course of Action",null,"Per Report",{"$f":"IF($C$2<>\"\", VLOOKUP($A464,Rates!$A$1:$EB$430,MATCH($C$2,Rates!$A$1:$EB$1,0),FALSE), \"\")","v":""},null,"",{"$f":"IF($E464<>\"\", (_xlfn.PERCENTRANK.INC(INDEX(Rates!$B$1:$EB$430,MATCH($A464, Rates!$A$1:$A$430, 0),0), $E464, 2)*100), \"\")","v":""},"",null,null,"Y"]
["21-35.","P.E. Review, Evaluation, and Certification of Construction Drawings",null,"Per Set of Drawings",{"$f":"IF($C$2<>\"\", VLOOKUP($A465,Rates!$A$1:$EB$430,MATCH($C$2,Rates!$A$1:$EB$1,0),FALSE), \"\")","v":""},null,"",{"$f":"IF($E465<>\"\", (_xlfn.PERCENTRANK.INC(INDEX(Rates!$B$1:$EB$430,MATCH($A465, Rates!$A$1:$A$430, 0),0), $E465, 2)*100), \"\")","v":""},"",null,null,"Y"]
["21-36.","P.E. Review, Evaluation, and Certification of Annual PARM Report",null,"Per Report",{"$f":"IF($C$2<>\"\", VLOOKUP($A466,Rates!$A$1:$EB$430,MATCH($C$2,Rates!$A$1:$EB$1,0),FALSE), \"\")","v":""},null,"",{"$f":"IF($E466<>\"\", (_xlfn.PERCENTRANK.INC(INDEX(Rates!$B$1:$EB$430,MATCH($A466, Rates!$A$1:$A$430, 0),0), $E466, 2)*100), \"\")","v":""},"",null,null,"Y"]
[null,null,null,null,null,null,null,null,null,"Revised 02-17-22"]

{"sheet":"Rates","index":2,"n_rows":430,"n_cols":132,"rows_kept":430,"cut":false,"hidden":true,"merged":[]}
["PAY\nITEM","GC728","GC729","GC730","GC731","GC732","GC733","GC734","GC735","GC737","GC738","GC739","GC741","GC742","GC743","GC745","GC746","GC748","GC749","GC750","GC751","GC752","GC753","GC755","GC757","GC758","GC759","GC761","GC762","GC763","GC764","GC765","GC766","GC768","GC769","GC770","GC771","GC772","GC773","GC774","GC776","GC777","GC778","GC779","GC781","GC783","GC784","GC785","GC786","GC787","GC788","GC789","GC790","GC792","GC793","GC794","GC796","GC797","GC798","GC799","GC800","GC801","GC802","GC805","GC806","GC807","GC808","GC809","GC810","GC811","GC812","GC813","GC814","GC815","GC816","GC817","GC818","GC820","GC821","GC822","GC823","GC824","GC825","GC827","GC828","GC829","GC831","GC832","GC833","GC834","GC835","GC836","GC837","GC838","GC839","GC840","GC842","GC843","GC844","GC846","GC847","GC848","GC849","GC850","GC851","GC853","GC854","GC855","GC857","GC858","GC859","GC860","GC861","GC862","GC863","GC864","GC866","GC867","GC868","GC870","GC871","GC873","GC874","GC875","GC876","GC877","GC879","GC880","GC881","GC883","GC885","GC887"]
["1-1.",525,620.22,636.20000000000005,577,630,500,478.59,105,578.76,550,367.5,600,604.48,633.92999999999995,505,600,483.5,551.25,493,461.88,491.98,625,500,115.76,631.4,433,430,587.47,608.02,576.75,636.20000000000005,532.35,500,551.25,630,613.45000000000005,559.91,500,551.25,600,630,600,576,500,535,400,525,620.22,636.20000000000005,577,478.59,105,551.25,500,393.75,409,600,604.48,633.92999999999995,300,505,600,486,551.25,518,600,640,610,631.4,515,630,430,587.47,636.20000000000005,601.65,614.34,551.25,642.54999999999995,613.44000000000005,550,630,600,605,633.92999999999995,500,400,500,525,620.22,636.20000000000005,565,472.5,550,500,478.59,578.80999999999995,630,367.5,600,604.48,633.92999999999995,300,505,600,486,461.88,551.25,500,518,625,640,105,115.76,631.4,525,430,587.47,607.69000000000005,601.65,603.75,551.25,625.54,630,613.45000000000005,550,600,630,600,576,500,535]
["1-2.",211.05,368.6,372.81,300,370,350,313,105,324.13,335,210,300,338.35,358.31,300,370,241.5,165.37,300,269.41000000000003,289.39999999999998,380,250,115.76,370,350,120,373.66,381,315.19,372.81,202.57,262,324.13,370,312.97000000000003,342.03,350,267.39999999999998,350,372,350,230.5,262,262.5,345,211.05,368.6,372.81,300,317.54000000000002,105,308.7,305.89999999999998,214,273,300,338.35,376.22,200,300,370,181,165.37,305,365,325,367.51,388.5,350,375,120,373.66,372.81,292.95,372.25,324.13,370,312.95,350,375,350,231,375,262,345,300,211.05,368.6,372.81,308,367.5,250,350,314.5,324.10000000000002,375,210,300,338.35,376.21,200,300,370,181,269.41000000000003,165.37,250,320,380,325,105,115.76,375,350,120,373.66,381,292.95,367.5,324.13,649.87,370,312.97000000000003,350,350,372,400,231,262,262.5]
["1-2.A.",0,0,0,0,0,0,0,0,0,0,0,0,0,0,0,0,0,0,0,0,0,0,0,0,0,0,0,0,0,0,0,0,0,0,0,0,0,0,0,0,0,0,0,0,0,0,0,0,0,0,0,0,0,0,0,0,0,0,0,0,0,0,0,0,0,0,0,0,0,0,0,0,0,0,0,0,0,0,0,0,0,0,0,0,0,0,0,0,0,0,0,0,0,0,0,0,0,0,0,0,0,0,0,0,0,0,0,0,0,0,0,0,0,0,0,0,0,0,0,0,0,0,0,0,0,0,0,0,0,0,0]
["1-3.",304.5,311.07,295.27,300,295,275,296.10000000000002,250,303.18,285,262.5,300,277.75,275.62,290,315,272,262.5,245,291.41000000000003,260.45999999999998,280,295,115.76,340,300,315,286.18,315.91000000000003,281.45,310,262.5,275,255.78,313.13,324.13,244.5,280,277.75,305,315.94,300,230.5,285,260,290,329.87,311.07,295.27,300,299.52999999999997,250,303.18,335,274.44,273,300,277.75,303.87,225,290,315,273,262.5,245,280,245,315.75,340.9,300,315,325,286.18,310.02999999999997,281,313.45,255.78,313.13,324.10000000000002,280,327.45,300,231,315,285,290,250,329.87,311.07,295.27,300,294,250,275,296.62,318.31,315,262.5,300,277.75,303.87,225,290,315,260.45999999999998,291.41000000000003,262.5,295,245,280,245,250,115.76,340.9,300,310.8,311.23,315.85000000000002,295.05,295.27,255.78,324.98,313.13,324.13,280,305,315.93,325,231,285,260]
["1-4.",1,1,1,1,1,1,1,1,1,1,1,1,1,1,1,1,1,1,1,1,1,1,1,1,1,1,1,1,1,1,1,1,1,1,1,1,1,1,1,1,1,1,1,1,1,1,1,1,1,1,1,1,1,1,1,1,1,1,1,1,1,1,1,1,1,1,1,1,1,1,1,1,1,1,1,1,1,1,1,1,1,1,1,1,1,1,1,1,1,1,1,1,1,1,1,1,1,1,1,1,1,1,1,1,1,1,1,1,1,1,1,1,1,1,1,1,1,1,1,1,1,1,1,1,1,1,1,1,1,1,1]
["1-5.",385.87,481.37,398.47,330,220.5,400,255.24,250,337.8,450,198.45,400,379.12,303.87,360,500,241.5,115.76,288,346.41,231.52,375,300,115.76,500,380,410,535.88,475,347.4,475,330.75,300,288.85000000000002,380.21,344.57,499.23,315,347.28,500,267.38,367.5,399,355,157.5,350,385.87,481.37,398.47,330,255.24,250,347.28,350,202.38,378,400,379.12,303.87,200,360,500,243,115.76,302,370,500,327.96,538.79,371.17,450,410,535.88,475,355.95,427.9,288.85000000000002,380.23,344.57,315,267.33,250,399,385.87,355,350,147,385.87,428.42,398.47,315,315,350,400,255.24,346.95,275.62,198.45,400,379.12,303.87,200,360,500,243,346.41,115.76,300,302,375,500,250,115.76,500,380,410,535.88,475,355.95,473,288.85000000000002,292.39999999999998,380.21,344.57,315,500,267.33,380,399,355,157.5]
["1-5.A.",0,0,0,0,0,0,0,0,0,0,0,0,0,0,0,0,0,0,0,0,0,0,0,0,0,0,0,0,0,0,0,0,0,0,0,0,0,0,0,0,0,0,0,0,0,0,0,0,0,0,0,0,0,0,0,0,0,0,0,0,0,0,0,0,0,0,0,0,0,0,0,0,0,0,0,0,0,0,0,0,0,0,0,0,0,0,0,0,0,0,0,0,0,0,0,0,0,0,0,0,0,0,0,0,0,0,0,0,0,0,0,0,0,0,0,0,0,0,0,0,0,0,0,0,0,0,0,0,0,0,0]
["1-6.",1,1,1,1,1,1,1,1,1,1,1,1,1,1,1,1,1,1,1,1,1,1,1,1,1,1,1,1,1,1,1,1,1,1,1,1,1,1,1,1,1,1,1,1,1,1,1,1,1,1,1,1,1,1,1,1,1,1,1,1,1,1,1,1,1,1,1,1,1,1,1,1,1,1,1,1,1,1,1,1,1,1,1,1,1,1,1,1,1,1,1,1,1,1,1,1,1,1,1,1,1,1,1,1,1,1,1,1,1,1,1,1,1,1,1,1,1,1,1,1,1,1,1,1,1,1,1,1,1,1,1]
["1-7.",0.06,0.06,0.06,0.06,0.06,0.06,0.06,0.06,0.06,0.06,0.06,0.06,0.06,0.06,0.06,0.06,0.06,0.06,0.06,0.06,0.06,0.06,0.06,0.06,0.06,0.06,0.06,0.06,0.06,0.06,0.06,0.06,0.06,0.06,0.06,0.06,0.06,0.06,0.06,0.06,0.06,0.06,0.06,0.06,0.06,0.06,0.06,0.06,0.06,0.06,0.06,0.06,0.06,0.06,0.06,0.06,0.06,0.06,0.06,0.06,0.06,0.06,0.06,0.06,0.06,0.06,0.06,0.06,0.06,0.06,0.06,0.06,0.06,0.06,0.06,0.06,0.06,0.06,0.06,0.06,0.06,0.06,0.06,0.06,0.06,0.06,0.06,0.06,0.06,0.06,0.06,0.06,0.06,0.06,0.06,0.06,0.06,0.06,0.06,0.06,0.06,0.06,0.06,0.06,0.06,0.06,0.06,0.06,0.06,0.06,0.06,0.06,0.06,0.06,0.06,0.06,0.06,0.06,0.06,0.06,0.06,0.06,0.06,0.06,0.06,0.06,0.06,0.06,0.06,0.06,0.06]
["2-1.",580,681.99,593.82000000000005,440,660,350,433.92,315,694.57,600,515,600,795.84,607,375,378,381.5,551.25,179,329.92,682.5,620,420,347.28,850,675,485,850.51,688.6,553.74,306,750,575,288.85000000000002,681.17,662.05,763.05,500,510.51,430.5,667.69,488.75,635,550,700,400,580,721.63,593.82000000000005,440,433.92,315,694.57,570.55999999999995,658.56,900,600,795.84,607.75,250,375,378,382.5,551.25,179,625,800,750,900,700,535,485,850.51,294,860,651.66999999999996,288.85000000000002,681.17,662.05,525,667.69,488.75,635,659.29,550,400,450,580,681.99,593.82000000000005,432,750,500,350,433.92,756.38,463.05,515,600,795.84,607.75,250,375,378,381,329.92,551.25,420,171,620,850,315,347.28,850,750,490,850.51,688.65,860,750,288.85000000000002,1200,681.17,662.05,525,430.5,667.69,488.75,635,550,630]
["2-2.",671.07,794.75,850,550,800,350,389.25,314,598.37,575,393.75,450,416.97,780,500,400,425,551.25,206,329.92,405.16,569,500,578.80999999999995,661.57,800,525,829.91,713,568.5,500,725,500,404.61,381.68,717.88,639.95000000000005,500,520.91999999999996,491.9,659.82,900,701.93,445,800,400,671.07,794.75,850,550,389.25,315,628.28,587.62,401.5,750,450,416.97,780,600,500,400,425,551.25,206,617,750,750,660.11,850,800,525,829.91,525,765,681.71,404.61,381.68,717.87,525,717.7,900,701.93,680.24,445,400,450,671.07,596.05999999999995,800,540,682.5,500,350,389.24,659.63,420,393.75,450,417.81,780,600,500,400,425,329.92,551.25,500,206,569,800,315,578.80999999999995,694.32,750,525,829.91,712.5,765,700,404.61,709.65,381.68,717.88,525,491.9,692.79,650,701.93,445,800]
["2-3.",1,1,1,1,1,1,1,1,1,1,1,1,1,1,1,1,1,1,1,1,1,1,1,1,1,1,1,1,1,1,1,1,1,1,1,1,1,1,1,1,1,1,1,1,1,1,1,1,1,1,1,1,1,1,1,1,1,1,1,1,1,1,1,1,1,1,1,1,1,1,1,1,1,1,1,1,1,1,1,1,1,1,1,1,1,1,1,1,1,1,1,1,1,1,1,1,1,1,1,1,1,1,1,1,1,1,1,1,1,1,1,1,1,1,1,1,1,1,1,1,1,1,1,1,1,1,1,1,1,1,1]
["2-4.",731.05,976.43,962.25,787.5,975,600,765.75,550,892.5,1000,700,650,967.58,1100,661.5,1000,820,750,850,659.84,752.45,940,800,578.80999999999995,1038.74,900,900,960.23,938,899.58,1150,787.5,945,603.75,1007.08,1002.78,833.64,850,667,850,979,500,948,850,945,800,731.05,976.43,962.25,787.5,765.75,550,937.12,854.63,955.5,800,650,967.58,1100,600,661.5,1000,820,750,890,940,1000,800,1038.74,900,1000,866.25,960.23,1100,921.9,987.32,603.75,1007.08,1002.78,825,979,500,948,799.31,875,800,708,731.05,976.43,962.25,787.5,892.5,780,600,765.75,983.88,937.12,700,650,967.58,1050,600,700,1000,752.45,659.84,750,800,850,940,1000,577.5,578.80999999999995,1038.74,900,866.25,960.23,938,921.9,900,633.92999999999995,1000,1007.08,1002.78,825,850,979,500,948,915,971]
["3-1.",498.85,578.64,625.5,450,472.5,315,433.92,500,491.98,500,412.88,500,472.5,425.4,250,520,317.5,289.39999999999998,425,347.28,289.39999999999998,490,450,231.52,600.12,500,425,437.33,520,444.02,519.75,425,360,145.53,525,500.78,498.27,350,413.26,535,549.45000000000005,440,446.63,440,485,367.5,498.85,578.64,625.5,450,433.92,500,468.56,540,432.28,450,500,472.5,425.41,200,250,322.14,338,150,425,470,525,417.25,575.77,550,600,425,437.33,519.75,445,523.52,145.53,525,469.47,450,549.45000000000005,440,446.64,385.87,445,367.5,486,498.85,578.64,575,432,315,525,420,433.92,405.12,445.68,412.88,500,472.5,425.41,200,250,520,338,347.28,289.39999999999998,550,445,515,525,500,231.52,600.12,500,425,504.12,525,445,366.3,145.53,395.03,600,500.78,450,525,549.45000000000005,460,446.64,440,535.5]
["3-2.",561.20000000000005,771.51,850,648.9,534.70000000000005,472.5,745.5,600,694.57,650,589.83000000000004,500,682.5,607.75,690,885,509,463.05,575,520.91999999999996,463.05,880,550,463.05,855.67,750,655,874.65,787,822.1,850,650,615,363.82,819,625.96,630.41999999999996,577.5,638.13,787.5,900,700,701.93,680,810,525,561.21,786.94,850,648.9,745.5,600,661.5,850,617.5,575,500,753.37,607.75,450,690,515.41999999999996,510,463.05,650,880,800,835.41,860.12,1000,850,655,874.65,1000,796,826.87,363.82,900,625.96,700,982.35,600,701.19,485.1,690,525,760,561.20000000000005,779.23,850,630,577.5,785,682.5,745.5,694.51,771.75,589.83000000000004,500,753.37,607.75,400,440,885,510.5,520.91999999999996,463.05,650,635,880,800,600,463.05,855.67,750,655,874.65,810.03,796,417.12,363.82,486.2,850,625.96,700,840,900,750,701.93,680,824.25]
["3-3.",611.04999999999995,630.23,630,432.6,485.1,577.5,465.83,550,495.07,450,561.75,367.5,495.78,486.2,480,520,510,400,500,578.80999999999995,520.91999999999996,550,450,636.66,635.25,700,632,613.54999999999995,566,462,640.28,523.67999999999995,500,606.37,633.92999999999995,500.78,533.19000000000005,540,603.75,650,636.66,495,509.25,540,630,420,611.04999999999995,630.23,700,450,465.83,550,495.33,491.23,589.83000000000004,700,367.5,495.78,486.2,385,500,520,510,150,600,550,630,478.28,685,700,630,630,613.54999999999995,700,514.5,599.9,606.37,661.5,500.78,540,636.5,495,509.25,660,540,420,576,525,630.23,700,432,498.75,625,577.5,465.83,546.04,636.67999999999995,561.75,500,495.78,486.2,385,500,600,510.51,719.92,400,550,660,735,630,550,700,635.25,750,630,613.54999999999995,568,514.5,750,606.37,636.67999999999995,740,500.78,540,559,636.59,425,509.25,540,633.9]
["3-4.",917.28,935,925,648.9,716.6,735,875.88,682.5,874.12,750,749,600,874.91,850.8,785,840,829.5,700,785,926.1,810.33,910,650,937.12,954.95,1000,950,975.38,990,880,950,761.25,890,909.56,992.25,876.37,746.97,840,868.21,880,945,800,751.8,850,881,735,1055.45,919,971.25,675,901.19,682.5,874.12,850,825.77,1050,630,874.91,850.84,500,820,880,790.07,800,780,975,1000,911.02,952.56,1000,925,950,975.38,1050,919.8,927.25,909.56,1000,876.37,840,982.35,700,751.8,970.2,855,735,955,787.5,919,925,630,787.5,900,735,893.31,963.62,829.5,749,600,874.91,850.84,500,820,880,830,964.68,700,650,860,975,1000,682.5,937.09,954.95,1000,950,975.38,991,919.8,950,909.56,911.62,1000,876.31,840,900,982.35,840,751.8,850,1035]
["3-5.",222.2,156.55000000000001,250,216.3,210,200,153.13999999999999,170,128.47999999999999,200,150,86.62,233.31,231.5,210,220,134.5,200,200,236.25,173.63,155,100,250,275,275,120,165.2,220,275,275,144.69999999999999,150,121.27,240,250.38,229.27,115,191.42,187.4,233.1,220,115.25,160,241,200,233.31,161.13,300,225,153.13999999999999,170,116.55,295,224.7,300,86.62,233.31,243.09,135,210,177,138.5,100,250,150,320,227.76,270,300,250,120,165.2,300,157.5,259.7,121.27,300,250.38,115,244.75,220,115.5,220.5,175,200,133,210,154.93,250,210,210,100,200,153.13999999999999,128.47999999999999,196.79,150,86.62,233.31,231.52,135,210,220,121,256.17,200,100,250,155,36.75,170,250,275,275,120,167.75,220,157.5,181.12,121.27,277.55,240,250.38,115,185.2,233.1,220,115.5,160,241]
["3-6.",330.75,273.29000000000002,385,324.45,350,300,204.2,300,256.95999999999998,300,200,120,315,330.75,315,295,182,400,300,260.45999999999998,173.63,310,100,289.39999999999998,318.19,350,180,275.33999999999997,330,275,385,260.45999999999998,260,181.91,357,363.82,337.36,175,287.14,285,367.13,315,173.25,300,241,250,374.75,287.12,385,340,204.2,300,233.1,450,337.05,350,126,444.4,364.64,180,315,236,243,300,300,300,457,400,480.23,450,400,180,275.33999999999997,385,330.75,363.58,181.91,450,374.73,175.5,367,220,173.25,275.62,285,250,286,315,273.27999999999997,385,315,315,150,300,204.19,256.95999999999998,236.25,200,120,444.4,347.28,180,315,295,182,365.7,400,100,300,310,400,300,289.39999999999998,318.19,350,180,279.58,330,330.75,253.57,181.91,388.47,357,356.29,175.5,285,367.13,350,173.25,300,241]
["3-7.A.",661.5,637.97,577.5,600,670,630,612.95000000000005,551.25,578.80999999999995,560,500,630,650,607.70000000000005,630,670,536,661.5,550,630,509.35,675,525,661.5,693,515,675,500,692,577.49,602.5,675,675,667.01,667.88,573.79999999999995,660.74,540,561.54999999999995,546,668.43,575,620.26,600,617,500,661.5,601.59,577.5,573.46,600.94000000000005,551.25,551.25,500,682.5,540,630,650,665.62,600,660,670,510,200,550,575,550,625,693,515,630,690,500,577.5,650,687.77,667.01,667.88,573.79999999999995,540,668.43,575,620.26,682.5,630,400,665,787.5,662.98,577.5,572,800,700,800,643.24,578.76,800,500,630,750,727.65,600,660,700,536,661.5,661.5,577.5,630,725,550,551.25,735,727.65,515,800,500,694,775,650.47,667.01,795,701.25,573.79999999999995,540,573.5,668.43,605,620.26,630,622]
["3-8.A.",1000,929.1,1150,795.38,1200,1250,999.67,826.85,868.14,900,800,1050,1100,1002,960,1250,701.5,937.12,905,1041.8599999999999,732.76,1207,840,897.12,1212.75,825,1225,664.7,1312.38,866.25,935,1200,1075,1041.8599999999999,1312.5,912.34,1066.8699999999999,900,1027,660,911.55,1000,1033.77,920,1102,700,1000,947.68,1320,795.38,1016.59,826.87,826.87,835,1200,855,1050,1100,1260,1200,960,1275,670,937.12,866,1200,990,1100,1212.75,865,945,1240,664.7,892.5,1150,1316.35,1041.8599999999999,1386,912.34,900,911.55,1000,1033.77,992.25,950,700,1081.5,1000,994.49,1320,795.38,1200,1375,1250,1065.95,868.13,1200,800,1050,1100,1002.78,950,960,1300,701.5,1041.8599999999999,937.12,892.5,997,1350,882,826.85,1141.3499999999999,1212.75,866,1240,664.7,1365,1350,1350,1041.8599999999999,1215.5,1386,911.77,900,789,911.55,1100,689.11,950,1157]
["3-9.A.",1050,795.6,924,930,1000,735,986.6,945,770.91,1000,761.25,1000,866.25,924,900,1000,638,1014.3,890,997.5,578.80999999999995,1023,945,694.57,1039.5,880,1050,728.33,1041.5999999999999,924,985,1000,1020,1050,1017.74,906.62,1044,960,912.52,643.65,1041.8599999999999,920,950,690,992,750,1050,773.03,924,688.15,986.6,945,734.26,877.99,1050,960,1000,866.25,1018.71,920,945,1000,638,300,808,1020,770,985,1039.5,880,945,1050,728.33,945,950,1082.98,1050,1017.73,906.62,960,1041.8599999999999,920,950,716.62,1040,750,1047,1050,780.45,924,915,1050,1000,700,991.42,770.9,983.97,800,1000,866.25,1018.71,920,945,1000,638,997.5,1014.3,997.5,890,1020,661.5,945,868.19,1039.5,880,1050,728.33,1041.46,1000,981.22,1050,1063.55,1017.74,906.62,960,782,1041.8599999999999,975,950,710,1041]
["3-10.A.",1737.75,1082.45,1980,1060.5,1650,1207.5,1525.73,1575,1156.3499999999999,1750,1100,1900,1155,1386,1470,1900,701.5,1653.75,1330,1562.78,752.45,1970,1260,897.12,1818.95,1320,1750,1062,1836,1386,1425,1800,1575,1389.15,1890,1680.12,1627.5,1440,1317.48,810,1736.43,1500,1497,1100,1598,1000,1737.75,1182.03,1980,901.43,1539.46,1575,1101.3900000000001,1350,1488.37,1380,1900,1155,1528.06,1250,1575,1900,701.5,1653.75,1270,1970,1900,1900,1818.26,1320,1575,1705,1062,1365,1950,1990.29,1389.15,1800,1680.12,1440,1823.25,1500,1497,992.25,1125,1000,1819,1732.5,1182,1980,1060.5,1312.5,1800,1150,1572.45,1156.3499999999999,1365,1100,2000,1155,1528.06,1250,1600,1900,701.5,1562.78,1653.75,1365,1333,1970,1750,1575,1141.3499999999999,1818.26,1385,1490,1062,1950,1950,1598.62,1389.15,1819.12,1890,1680.12,1440,972,1823.25,1600,1497,1125,1620]
["3-11.",583.28,667.64,600,540.75,606.35,630,478.59,750,694.57,675,588.5,385,666.6,603.75,540,650,578.80999999999995,500,600,694.57,463.05,440,630,636.66,693,650,690,690,287,690,665,578.80999999999995,540,628.41999999999996,682.5,669.29,693,355,665.62,665,607.74,550,551.34,575,617,525,583.28,674.19,660,705.6,478.59,750,643.65,609.57000000000005,603.21,670,385,666.6,665.62,670,540,708,645,300,648,420,682,626.33000000000004,714.42,700,682.5,690,690,635.25,525,690.87,628.41999999999996,710,669.29,355,607.63,550,689.11,661.5,575,525,652,583.28,674.19,660,540,577.5,650,600,708.75,682.93,725,588.5,385,666.6,633.92999999999995,670,540,680,607,705.6,500,700,700,440,708.75,750,636.61,693,700,690,690,287.5,525,650,628.41999999999996,655.79,765,669.21,355,667,668.43,550,689.11,600,622]
["3-12.",816.59,687.27,1000,550,850,735,574.29999999999995,787.5,892.5,1000,800,420,901,992.25,840,1003,925,700,950,993.35,578.80999999999995,440,892.5,1041.8599999999999,1045,900,1035,1035,287,558.6,1045,578.80999999999995,970,826.87,1076.25,966.75,1023.15,600,937.12,805,1041.8599999999999,750,748,660,926,735,816.59,757.71,1100,1120,574.29,750,955.5,903.34,1041.9100000000001,1040,441,1111,1041.8599999999999,1100,840,1048,1025,700,1080,420,1064,1081.8399999999999,1134,1100,1076.25,1035,1035,1045,578.80999999999995,1110.77,826.87,1100,966.75,600,1041.8499999999999,750,1077,1047.3699999999999,660,735,550,816.59,707.89,1000,550,997.5,750,700,1100,983.88,854.43,800,420,1111,992.25,1100,840,1003,950,1029,700,1050,1000,440,1064,750,1041.8599999999999,1045,950,1035,1035,285,694.57,900,826.87,953.88,1100,966.75,600,808.5,1047.3499999999999,750,998,700,925]
["3-13.A.",15000,9320.26,9500,18500,3087,15000,18500,4961.25,7350,6600,2900,8820,6000,5348,6050,7600,7293.02,6500,8660,2350,7507.5,8125,6500,4851,16500,7500,18450,8000,7159,8085,18500,9790,9000,8820,1,5759.06,5208,7000,5834.43,6750,6077.5,4500,15275,9350,7497,18000,15000,15242.56,10250,8332.5,19525,4961.25,7350,11500,14700,18000,8820,6000,5147.6499999999996,5500,6050,7600,5348,6500,8662.5,7850,13000,14000,18191.25,7500,10500,20200,8000,19600,10500,12372.5,8820,1,5759.06,20615,6077.5,4500,15275,12348,9350,18000,9072.5,15000,12979.98,10250,18500,8820,6500,15000,18548.75,8102.59,5250,2900,8820,6000,5448.5,4500,6050,7600,7657,2350,6500,6500,8250,7850,18000,4961.25,5093.55,16500,7500,20520,8000,7158,10500,12000,8820,18500,1,5759.06,20615,6750,6077.5,4400,15275,9950,7497]
["3-14.A.",17881.5,12204.04,12500,24000,3307.5,19000,24700,6615,8925,8300,3100,9975,8500,8657,10000,8300,9116.27,8000,9817,3300,10308.370000000001,10900,8000,7852,22000,9800,24300,10000,9693,10395,23500,12727,12500,11025,1,9322.4599999999991,8379,9500,9480.94,8850,9116.25,7500,18310,11350,7497,24000,17881.5,19787.78,13500,11110,26235,6615,8925,15225,20800,20000,10473,8500,8476.93,6840,10000,8300,9359,8000,9817,10500,18000,19000,24255,9800,12600,25000,10000,26000,14200,15907.5,11025,1,9322.4599999999991,27125,9116.25,7500,19225,19183,11000,24000,12733,17881.5,17038.560000000001,13500,24000,12075,8500,19000,24923.25,9838.86,7770,3100,9975,8500,8891.41,7140,10000,8300,9572,3300,8000,8500,9350,10500,26250,6615,8244.6,22000,9800,27000,10000,9691,14200,12600,11025,24500,1,9322.4599999999991,27125,8850,9116.25,7400,18310,12000,7497]
["3-15.",379.13,390.2,500,525,577.5,550,421.16,262.5,385.45,582,500,367.5,349.96,425.4,460,450,319,315,550,463.05,434.1,440,420,347.28,381.83,600,575,606.05999999999995,287,302.61,605,385.87,420,551.25,640,547.73,556.5,355,441,382.5,486.15,330,567,350,463,315,379.13,386.5,500,363.38,421.16,262.5,349.65,500,538.13,550,367.5,349.96,425.41,330,460,500,421,300,495,420,514.5,600,595.35,600,588,575,606.05999999999995,605,367.5,545.36,551.25,610,547.73,355,486.15,330,595.35,600,350,315,376,379.13,386.5,540,540,525,575,550,551.25,385.45,600,540,367.5,349.96,425.41,330,480,550,382.5,551.25,315,577.5,550,440,600,262.5,347.28,381.83,650,575,690.16,287.5,500,690,551.25,476.94,690,547.73,355,418.95,546.94000000000005,330,567,350,690]
["3-16.",641.6,625.83000000000004,800,550,850,735,701.93,367.5,582.75,1000,625,420,583.27,607.70000000000005,575,1003,607.75,400,950,946.05,578.80999999999995,440,630,520.91999999999996,636.39,900,750,1015.08,287,529.20000000000005,1000,551.25,925,551.25,975,782.44,927.5,800,644.96,800,729.27,550,891,425,694,525,641.6,637.98,800,560,701.93,367.5,582.75,750,1016.5,800,420,583.27,607.75,400,575,800,668.51,400,972,420,1008,850,1020.6,1000,950,720,1015.08,1045,578.80999999999995,986.86,551.25,1000,782.44,690,729.27,550,891,826.87,500,525,376,641.6,637.98,800,550,945,630,945,826.87,642.41,826.87,1016.5,420,583.27,607.75,400,600,1003,668.51,868.21,400,1000,1000,440,1008,367.5,520.9,636.39,900,722,1015.08,287.5,694.57,1035,551.25,596.16,1000,782.44,690,509.25,790.02,550,923,500,1035]
["3-17.",379.13,400,371,288.75,367.5,450,287.14999999999998,262.5,321.2,450,400,257.5,349.96,303.86,400,400,303.87,315,450,477,318.33,220,315,260.45999999999998,424.46,400,460,469.72,287,302.61,433,303.18,340,441,450,391.23,401.23,355,410,347.25,364.61,330,344.55,300,460,315,379.13,405.07,370,302.82,287.14999999999998,262.5,291.37,361.85,481.5,400,257.5,349.96,303.87,330,400,324.5,344,300,350,210,435.75,341.63,453.6,475,462,460,469.72,432.6,346.5,416.14,441,450,391.23,355,364.61,330,344.55,441,310,315,300,379.13,409.12,550,297,420,450,432,500,321.2,407.92,481.5,257.5,349.96,303.87,330,400,531,350,507.92,315,450,550,215,450,262.5,260.45999999999998,445.68,400,460,469.72,287.5,346.5,450,441,454.23,500,391.23,355,381.95,425.38,330,486,400,460]
["3-18.",583.28,433.55,700,550,550,577.5,491.35,367.5,407.92,624,595,368.55,666.5,486.2,600,531,405.16,400,700,552.17999999999995,520.91999999999996,220,420,376.22,509.31,550,600,742.4,287,393.75,690.25,468.56,680,441,715,591.53,667.8,800,630,540.75,694.57,385,436.5,400,570,500,583.28,455.24,770,392,491.35,367.5,407.92,650,650.88,700,386.95,666.5,486.2,330,600,442.5,484.5,400,615,210,700,683.27,562.28,700,660,600,742.4,780,555.66,660.2,441,750,591.53,575,694.55,385,436.5,682.5,425,500,425,583.28,450.92,770,550,700,630,800,682.5,449.68,606.37,802.5,368.5,666.5,486.2,330,600,531,484,721.56,400,577.5,650,215,700,367.5,376.22,509.31,550,600,742.4,287.5,606.37,625,441,596.16,750,591.53,575,462,694.57,385,561,500,694]
["3-19.",210,297.3,500,291.63,450,500,382.87,500,420,385,500,367.5,500,317.63,400,300,402,400,385,340,200,400,420,349.59,519.75,400,450,461,397,440,250,500,315,385.87,1,395.6,380.36,500,406.82,420,425.35,350,326.5,400,231,500,367.5,297.3,500,291.63,382.87,500,420,400,500,425,367.5,500,333.51,315,400,300,403,300,384,400,402.15,405,519.75,500,409.5,400,507.1,262.5,500,505,385.87,1,395.6,500,425.35,350,326.5,525,415,500,325,210,312.16000000000003,500,300,550,500,525,424.42,463.01,550,500,367.5,500,333.51,315,400,300,415,340,400,420,400,400,472.5,500,349.54,550,400,400,507.1,397,500,425,385.87,575,1,395.6,500,420,425.38,350,326.5,425,231]
["3-20.",367.5,371.63,800,555.5,577.5,630,603.75,525,472.5,500,600,472.5,750,519.75,650,500,546.95000000000005,600,519,550,240,400,700,520.91,775,750,650,815.66,511,525,350,750,515,385.87,1,647.25,681.86,750,619,650,729.27,550,326.5,650,275,600,367.5,371.63,850,555.5,603.75,525,472.5,550,600,600,496.1,750,545.73,475,650,500,546.96,400,493,400,600,625,825,850,525,650,815.66,367.5,850,757.5,385.87,1,647.25,750,729.27,550,326.5,735,740,600,325,367.5,390.21,850,555.5,750,600,825,630,520.88,750,600,472.5,750,545.73,475,650,500,546.95000000000005,550,600,700,515,400,625,525,572.98,825,750,650,815.66,510.5,850,625,385.87,850,1,647.25,750,650,729.27,550,326.5,800,288]
["4-1.A.",80,80,80,80,80,80,80,80,80,80,80,80,80,80,80,80,80,80,80,80,80,80,80,80,80,80,80,80,80,80,80,80,80,80,80,80,80,80,80,80,80,80,80,80,80,80,80,80,80,80,80,80,80,80,80,80,80,80,80,80,80,80,80,80,80,80,80,80,80,80,80,80,80,80,80,80,80,80,80,80,80,80,80,80,80,80,80,80,80,80,80,80,80,80,80,80,80,80,80,80,80,80,80,80,80,80,80,80,80,80,80,80,80,80,80,80,80,80,80,80,80,80,80,80,80,80,80,80,80,80,80]
["4-1.B.",1,1,1,1,1,1,1,1,1,1,1,1,1,1,1,1,1,1,1,1,1,1,1,1,1,1,1,1,1,1,1,1,1,1,1,1,1,1,1,1,1,1,1,1,1,1,1,1,1,1,1,1,1,1,1,1,1,1,1,1,1,1,1,1,1,1,1,1,1,1,1,1,1,1,1,1,1,1,1,1,1,1,1,1,1,1,1,1,1,1,1,1,1,1,1,1,1,1,1,1,1,1,1,1,1,1,1,1,1,1,1,1,1,1,1,1,1,1,1,1,1,1,1,1,1,1,1,1,1,1,1]
["5-1.A.1.",33.07,36.479999999999997,35.700000000000003,30.5,27.55,26.25,34.39,32,37,30,36.479999999999997,28.87,29.16,37,36.75,37,30.37,33.07,27.5,36.75,32.409999999999997,32.299999999999997,35,29.1,31.82,37,36,35.79,38.58,34.25,37.450000000000003,28.93,34.5,38.03,37.01,38.31,37.85,35,35.22,27.75,38.58,24,38.58,34.5,34.15,30,33.07,36.479999999999997,35.700000000000003,36,35.119999999999997,32,37,33,34.36,33,28.87,29.16,37,32,36.75,36,30.37,33.07,25.3,31.25,33.6,36,31.82,36,37.5,36,35.79,36,28.93,37.119999999999997,38.03,37.01,38.31,35,38.58,27,38.58,30.87,34.5,30,37.5,33.07,37.89,35.700000000000003,29.45,37.270000000000003,27.3,26.25,35.33,37,34.72,36.479999999999997,28.87,29.16,37.74,24,38,38,30.37,36.75,33.07,37,27.5,32.299999999999997,33.6,32,32.130000000000003,31.82,37,38,35.79,38.57,28.93,38,38.03,37.35,37.01,38.31,35,30.34,38.58,27,38.58,34.5,34.15]
["5-1.A.2.",38.01,44.11,45,40,33.049999999999997,29.4,40.25,33.6,36.75,32,45,35,32.659999999999997,43.54,47.25,46,34.72,32.5,35.22,45,32.409999999999997,45,37.5,29.1,38.19,39.5,44.1,40.28,46.3,39.42,43.5,35.869999999999997,38.75,40.229999999999997,42.55,45.81,43.39,38,43.65,35.1,46.3,34.5,47.98,45,39.67,35,38.01,44.11,45,45,40.44,33.6,44.1,39,37.590000000000003,37,35,32.659999999999997,45.71,33.5,47.25,45,36,32.5,33.549999999999997,45,43.05,45,38.19,39.5,39.9,44,40.28,41.47,35.869999999999997,44.83,40.229999999999997,44.63,45.81,38,46.3,37,46.3,30.87,45,35,42,38.01,43.23,45,38.5,44.62,38.85,29.4,40.83,46.3,36,45,35,32.659999999999997,43.54,33.5,45,45,36,45,32.5,39.5,36.5,45,40.950000000000003,33.6,33.409999999999997,38.19,39.5,44.1,40.28,47,35.869999999999997,40,40.229999999999997,45.75,44.63,45.81,38,32.200000000000003,46.3,37,47.98,45,39.68]
["5-1.A.3.",41.35,55.02,50,46.45,42,33.6,44.64,36,47.25,35,52,40,42,47.4,57.75,55,40,35,41.8,55,33.549999999999997,55,40,30.96,50.93,44,49.1,54.83,54.59,41.73,47.25,44.1,48,42.44,49.95,53.68,50.83,40,48.55,35,52.5,46,52.92,54,46.3,50,41.35,55.02,50,50.4,44.64,36,52.5,44,40.92,41.5,40,42,46.3,43,57.75,55,40,35,41.8,55,52.5,54,50.93,44,44.1,52,54.83,45.15,44.1,56.15,42.44,49.95,53.68,40,55.1,47,52.92,30.87,54,50,46,41.35,53.92,50,47.6,55,47.5,33.6,44.64,52.09,38,52,40,42,45.15,43,47,55,40,55,35,42,41.8,55,48.3,36,35.770000000000003,50.93,44,52,54.83,55.33,44.1,45,42.44,54.88,49.95,53.68,40,33.5,52.5,47,52.92,54,46.3]
["5-1.B.",118.64,143.65,150,110.31,125,150,138.6,118,126,125,116.3,120.75,116.66,109.38,125,106.2,109.96,85,120,126.78,114.59,125,116,150,127.28,150,126,139.47,139.6,115.5,123.75,93.71,105,109.14,128.49,139.05000000000001,122.2,105,109.38,108.65,147,102.3,124.02,125,104.15,125,118.64,143.65,150,129,129.15,118,126,120,124.91,100,120.75,116.66,109.38,119,125,92.9,123,85,126,123,126,125.27,128.77000000000001,150,150,135,142.75,126,89.25,134.28,109.14,152.25,139.05000000000001,105,147,102.3,124.02,115.5,125,125,120,118.64,143.65,150,110.25,105,120.75,150,131.25,135.43,131.25,116.3,120.75,116.66,109.38,119,125,106.2,122,126.78,85,116,120,125,117.6,118,150,127.28,150,135,143.65,139.72,93.71,114.1,109.14,133.9,133.27000000000001,139.05000000000001,105,115,147,102.3,137.83000000000001,125,104]
["5-2.",147.19,191.63,190.31,136,71.650000000000006,126,167.1,82.68,168,135.19999999999999,200,121.25,196.92,210,181,122.72,121,165.37,200,216.38,52.08,200,199.5,111.55,203.56,175,162,139.47999999999999,165,204.52,210.62,127.33,175,121.27,194.25,199.85,60.18,130,82.95,199.5,220.5,105.75,102.1,140,198.4,100,147.19,191.63,183.75,165,163.01,82.68,167.58,165,176.55,180,121.25,196.92,121.54,125,181,32.520000000000003,127.5,165.37,150,204,154,182.2,195.25,200,200,162,139.47999999999999,200,144.69999999999999,179.55,121.27,188.51,199.85,130,220.5,105.75,102.1,104.73,140,100,171.3,147.19,191.63,201.21,135,115.5,130,126,204.75,175.94,189,200,121.25,196.92,230,125,181,122.72,140,216.38,170.88,200,157,200,154,82.68,128.04,203.56,190,165,152,165,144.69999999999999,126.78,121.27,200,225.75,199.85,130,139.30000000000001,220.5,105.75,102.1,140,203.95]
["5-3.A.",3097.5,1988.99,1785,3097.5,1764,2835,2169.66,2500,3045,3000,2999,1846.65,2840,3080,2700,3150,1786.5,2500,2500,3150,2662.53,3150,3000,1951.74,3150,2600,3175,2916.32,2610,1674.75,3050,1852.2,3045,1940.4,2244.04,2047.35,2980.74,1960,2552.5500000000002,3150,1884.02,1725,3059.13,3075,3150,2100,3097.5,1988.99,1785,3052.73,2169.66,2500,3100,2900,3097.5,2900,1846.65,2840,3099.52,1700,2700,3150,1786.5,2500,2500,3125,2835,2900,3293.66,2725,2886,3175,3055.19,3100,1852.2,3182.96,1940.4,2244.06,2047.24,1960,1884.02,1900,3209.32,1984.5,3150,2100,2836,3097.5,1988.99,1785,3052.73,2887.5,3000,2835,2169.66,3150,3045,2999,1846.65,2840,3087,1750,2700,3000,1786,3150,2500,3000,2625,3150,2625,2500,2139.11,3150,2600,3175,2916.32,2610,1852.2,1929.37,1736.43,1967.37,2244.11,2047.35,1960,2008.75,1884.02,1810,3059.13,3150,3150]
["5-5.A.",2100,1591.19,1750,2500,3500,1732.5,2467.5,2800,3300,2250,3000,1760,1750,3465,1730,2900,2483.7800000000002,2500,2830,3150,1980,2800,2000,347.28,3753.75,1150,3000,1725,3524.51,1270.5,2950,1785,1575,500,3753.75,2065.73,2818.75,2400,3575,1980,2917.21,500,1782,3100,3150,3000,2100,1591.19,1750,2400,2467.5,2800,3300,2265,2046,3100,1760,1750,3465,2475,1730,2800,2480.63,2500,2830,2700,2324.6999999999998,2175,3753.75,1150,3200,3000,1725,2992.5,1785,1498.5,500,3753.75,2065.73,2520,2917.21,500,1782,2100,3350,3000,2701.12,2100,1591.19,1750,3000,3150,2000,1732.5,2467.5,3500,3500,3000,1760,1750,3780,2475,1730,2900,2480.63,3150,2500,2000,2830,2800,2625,2800,347.28,3753.75,1155,3050,1725,3525.04,1785,2500,578.80999999999995,2980.87,3753.75,2065.73,2520,1980,2917.21,500,1782,3500,3400]
["5-6.",29.25,32.19,32,27.03,24.25,15.75,28.35,22,28.66,25,24.76,26.2,32.07,22.46,25,24.3,22.47,28.35,25,27.78,27.34,20.5,24,16.43,35.409999999999997,28,20.25,33.11,31.85,29.75,33.03,23.15,22.55,24.25,29.54,31.79,24.61,28,23.56,32.35,34.65,24.5,22.96,32.5,31.5,25,29.25,31.56,32,29.25,28.92,22,27.3,30,26.04,30,26.2,32.07,22.47,25,25,18.23,23.5,28.35,26,19.899999999999999,23.52,24.87,34.31,28,33,22.5,33.630000000000003,33,23.15,31.28,24.25,30.45,31.79,25,34.65,24.5,22.96,22.05,33,25,25.7,23.13,31.56,32,27,29.4,36.25,15.75,28.36,30.09,31.5,24.76,26.2,32.07,22.47,25,25,24.3,23,31.51,28.35,25,25,20.5,23.52,22,18.850000000000001,34.31,28,21.25,37.08,31.51,23.15,31.63,24.25,33.07,30.45,31.79,25,32.35,34.65,24.5,22.96,32.5,31.5]
["5-7.",35.1,33.81,34.200000000000003,29.2,33.049999999999997,18.899999999999999,31.34,23,33.07,29.5,26.87,29.5,29.5,35.700000000000003,30.15,30.38,25.5,26.77,29.4,35.229999999999997,28.18,22,28,17.2,37.270000000000003,30,25.75,36.56,35.83,31.95,36.340000000000003,30.31,22.55,26.73,34.65,35.19,26.36,31.5,30.61,33.6,36.75,30.75,25.51,33,35.700000000000003,29.5,35.11,32.770000000000003,34.200000000000003,31.5,31.94,23,31.5,36,28.35,35,29.5,37.619999999999997,28.93,28,30.15,21.88,25.5,26.77,29,22,25.87,38.49,37.270000000000003,30,35,24.5,37.08,39,30.31,36.08,26.73,36.75,35.19,29,36.75,30.75,25.51,24.25,34.5,29.5,34.9,28.97,32.46,34.200000000000003,29.15,23.1,37.06,18.899999999999999,31.43,34.72,28,26.87,29.5,37.619999999999997,37.799999999999997,28,30.15,30.38,25,35.229999999999997,26.77,28,28,22,25.87,23,19.75,37.270000000000003,30,25.25,39.380000000000003,35.83,30.31,30.33,26.73,36.75,36.75,35.19,29,34,36.75,29.75,25.51,33,35.700000000000003]
["5-8.",38,40.43,40,29,35,23.1,35.090000000000003,28,35.700000000000003,35,28.94,31.8,35,37.799999999999997,33.5,36.4,26.5,26.5,30,40,31.53,26,32.25,20.239999999999998,44.24,35,30.05,41.16,40.47,40.75,41.64,36.75,25.7,30.31,40.83,40.299999999999997,27.53,36.4,38.270000000000003,39.6,44.1,37,31.88,33,40,35,38,40.43,43,34,36.44,28,35.700000000000003,38,29.15,40,31.8,37.369999999999997,33.07,38,33.5,26.74,28,26.5,32,26.2,35.28,40.770000000000003,44.24,35,42,29.5,42.83,41.5,36.75,40.67,30.31,43.05,40.299999999999997,35,43.89,37,31.88,33.07,34.5,35,42,32.700000000000003,40.43,40,29.85,26.25,35,23.1,36.1,39.35,30,28.94,31.8,37.369999999999997,40,38,33.5,36.46,28,40,26.5,32.25,30,26,35.28,28,23.24,44.24,35,24.5,42.83,40.5,36.75,36.979999999999997,30.31,40.369999999999997,44.1,40.299999999999997,35,33,44.1,35,31.88,35.5,40.950000000000003]
["5-9.",32.93,38.57,32,27.3,31.5,21,32.6,23.1,33.6,30,30.46,29.38,37.619999999999997,26.11,29,31.91,26.5,31.82,31.5,32.409999999999997,29.57,28.25,30,18.45,42.08,35,26,38.86,36.200000000000003,33.119999999999997,39.630000000000003,31.82,25.7,27.83,27.62,36.090000000000003,28.7,30,27.39,37,43.05,30.75,31.88,33,36.75,29.5,32.93,37.81,32,31.5,34.229999999999997,23.1,33.07,40,30.66,35,29.38,37.619999999999997,26.11,30,29,32.450000000000003,26.5,31.82,31.38,27.25,23.52,40.270000000000003,42.08,37,36,28.5,41.68,42,31.82,36.47,27.83,43.05,36.090000000000003,30,42.73,30.75,31.88,27.56,34.5,29.5,34.65,31.69,37.81,32,28.1,23.1,36.25,21,33.590000000000003,34.72,35.28,30.46,29.38,37.619999999999997,26.11,30,29,31.91,26.5,34.72,31.82,30,31.5,28.25,24.5,23.1,21.19,42.08,35,28.5,39.380000000000003,36.450000000000003,31.82,27.88,27.83,37.450000000000003,42,36.090000000000003,30,37,43.05,30.75,31.88,33,36.75]
["5-10.",43.56,43.01,34.200000000000003,29.4,36.75,26.25,36.380000000000003,26.25,39.69,35,32.61,30.15,43.18,44.1,35,35.4,29,30.45,32.5,42.58,29.97,32.4,32.75,18.829999999999998,45.41,37,26.67,41.16,42,52.19,42.01,34.65,28,30.31,29.54,42.91,29.28,46,38.19,37.6,47.25,37,30.29,33,40.75,31.5,43.56,42.17,34.200000000000003,36.75,36.380000000000003,26.25,39.69,43,34.65,40,30.15,43.18,36.450000000000003,28,35,30.97,29,30.45,33,32.5,25.87,45.96,45.41,40,42,31.34,45.13,45,36.380000000000003,40.229999999999997,30.31,47.25,42.91,40,47.4,37,30.29,33,35.75,31.5,42,39.61,42.17,34.200000000000003,30.25,34.65,38.5,26.25,36.21,39.06,33,32.61,30.15,43.18,28.66,28,35,35.4,29,42.58,29,32.75,32.5,32.4,27,26.25,21.63,45.41,40,28.5,41.68,42,34.65,32.950000000000003,30.31,41.17,45.15,42.91,40,34.25,47.25,37,30.29,33,40.75]
["5-11.",48.79,46.74,43,30,42,31.5,38.869999999999997,31.5,42,40,34.68,32.9,48.73,50.4,34.5,41.3,34,32,38,45.82,33.46,33.4,37,22,52.27,40,30.5,48.06,47.7,54.24,46.43,40.42,31.2,32.79,38.53,45.99,38.64,53,43.61,44.6,49.87,37.5,33.049999999999997,39,44,36.75,48.79,46.74,43,38,41.34,31.5,44.1,45,35,45,32.9,48.73,31.5,37,34.5,33.04,36,32,38,33.549999999999997,35.28,44.41,52.5,45,49,34.39,50.88,52,40.42,45.67,32.79,52.5,45.99,45,49.77,37.5,33.049999999999997,33,40.75,36.75,46.75,42.95,46.74,43,30.85,37.799999999999997,42,31.5,40.47,43.98,36,34.68,32.9,48.73,28.35,37,34.5,41.3,35,45.82,32,37,38,33.4,35.28,31.5,25.26,52.27,40,31.97,46.99,46.77,40.42,38,32.79,46.65,50.4,45.99,45,35.6,49.87,37.5,33.049999999999997,39.5,45.2]
["5-12.",41.5,50.99,43,39.9,38.549999999999997,24.15,44.13,29.4,45.13,37.44,42.1,33,44.95,36.450000000000003,40,40.840000000000003,34.700000000000003,39.9,35.700000000000003,40.5,37.92,31.5,47.25,26.06,55.2,45,32.03,51.82,58.43,54.24,52.86,38.58,35.950000000000003,36.380000000000003,38.53,48.46,38.71,69,44.64,40.25,47.25,33.5,37.869999999999997,40,46.3,36.75,41.5,50.99,43,42,44.34,29.4,40.950000000000003,50,42,42,33,44.95,34.72,38,40,31.91,37,39.9,35,31.4,35.28,45.96,55.2,50,47,32.81,52.34,54,40.5,47.5,36.380000000000003,52.5,48.46,49.5,47.4,33.5,37.869999999999997,33,43.5,36.75,41.72,41.5,50.99,43,39.9,31.5,49,24.15,44.34,45.13,41.89,42.1,33,44.95,36.450000000000003,38,40,40.840000000000003,36,47.46,39.9,47.25,35.700000000000003,31.5,37,29.4,29.91,55.2,45,32.81,55.48,58.43,40.5,36.76,36.380000000000003,49.46,53.55,48.46,49.5,45.15,47.25,33.5,37.869999999999997,41.5,46.3]
["5-13.",44.09,58.3,47.4,42,44.1,29.4,47.36,33.07,47.25,42,44.78,36,49.84,39.49,42,42.48,37.89,40.5,38.85,56.29,39.159999999999997,37.5,49.75,27.18,59.9,50,38.33,55.27,51.6,65.39,55.61,44.1,38.85,42.44,43.68,53.94,45.72,70,39.35,40.75,52.5,42.5,38.049999999999997,44,50,42,44.09,58.3,47.4,48.3,47.82,33.07,47.25,52,44.78,46,36,49.84,35.82,43,42,37.76,40,40.5,40,37.5,39.979999999999997,51.65,59.9,55,54,34.39,58.09,60,44.1,51.91,42.44,63,53.94,56,53.23,37.5,38.049999999999997,37.450000000000003,49,42,50.4,44.08,52.47,47.4,42,34.65,52,29.4,47.59,50.93,39,44.78,36,49.84,37.61,43,42,42.48,40,56.29,40.5,49.75,38.85,37.5,41.9,33.07,31.2,59.9,50,40.43,57.78,53.46,44.1,42.25,42.44,52.63,58.8,53.94,56,43.5,52.5,40,38.049999999999997,49,50.7]
["5-14.",49.38,63.67,54,45,47.25,36.75,52.16,36.75,53.55,47,40,40,54.29,40.5,44,47.2,43,43,47.25,58.94,42.5,43.5,53,32.14,66.27,55,43.05,63.32,57.3,62,61.33,48.51,42,48.51,51.39,57.35,50.98,80,42.52,43,57.75,49.5,41.98,50,55,47.25,49.38,66.91,54,48,52.67,36.75,53.55,55,48.54,50,40,54.29,36.75,50,44,47.2,46.3,43,48,44,47.04,60.77,66.27,60,60,42.53,63.84,65,48.51,57.99,48.51,63,57.35,61,60.91,41.5,41.98,44.1,54,47.25,55.12,49.37,57.3,54,45,36.75,52,36.75,51.91,55.12,42,40,40,54.29,36.75,50,44,47.2,43,55.69,43,53,45,43.5,47.04,36.75,36.9,66.27,55,44.94,62.38,56.07,48.51,48.58,48.51,58.7,66.150000000000006,57.35,61,47,57.75,44.5,41.98,56,56.2]
["5-15.",37.83,35.04,34.4,32.549999999999997,36.75,26.25,36.35,26.5,35.28,32,28,28,31.6,34.03,32.75,29.5,30.67,33,33,33.07,37.270000000000003,31.5,31.5,28.93,41.91,39.96,28.25,41.16,38.369999999999997,34.15,39.9,29.4,29.25,33.619999999999997,30.82,38.6,31.62,30,37.729999999999997,33.15,38.85,39.5,32.369999999999997,33.5,37,31.5,37.83,34.020000000000003,34.4,33.6,36.71,26.5,34.65,40,33.119999999999997,35,28,40.909999999999997,34.03,28,32.75,27.25,30.67,33,35,30.25,28.22,37.58,41.91,39.96,39,30.77,41.68,42,29.4,36.47,33.619999999999997,39.46,38.6,30,38.85,30.75,32.369999999999997,29.75,35.25,31.5,34.9,37.82,33.99,34.4,33.46,29.4,39.479999999999997,26.25,35.64,38.19,38.85,28,28,40.909999999999997,32.799999999999997,28,32.75,29.5,31.24,31.18,33,31.5,33,31.5,29.4,26.5,28.93,41.91,39.96,32,45.13,39.28,29.4,30.42,33.619999999999997,38.9,38.29,38.6,30,33,38.85,39.5,32.369999999999997,33.5,38.85]
["5-16.",43.56,41.87,36.6,35.700000000000003,40,31.5,41.31,29,37.799999999999997,35,31,30.87,44.24,34.03,35,33.04,32.979999999999997,34,36,37.479999999999997,40.74,38,32,34.72,46.22,39.96,32.1,44.61,42.49,36.35,44,32.549999999999997,32.5,39.96,33.4,42.31,33.96,40,35.72,34.75,42,36.75,34.44,36.5,41,35,43.56,41.05,36.6,36.75,41.31,29,37.799999999999997,40,37.22,38,30.87,44.24,34.03,32,35,30.97,32.979999999999997,34,37,36.5,30.57,41,46.22,39.96,42,34.97,45.13,45,32.549999999999997,40.049999999999997,39.96,40.950000000000003,42.31,40,42,33.700000000000003,34.44,30.45,39,35,39.1,43.56,40.65,36.6,36.700000000000003,32.549999999999997,41.58,31.5,41.31,41.67,39.9,31,30.87,44.24,34.03,32,35,33.04,34,33.07,34,32,36,36.5,32.92,29,34.71,46.22,39.96,35.5,47.43,42.24,32.549999999999997,32.950000000000003,39.96,43.26,45.15,42.31,40,34.75,42,38.33,34.44,39,42]
["5-17.",48.79,42.99,43.2,39.9,45,36.75,46.98,35.5,43.05,42,35,37,41.51,40.5,44.25,41.3,37.5,40,43,44.1,41.85,44.5,39.75,40.5,50.92,43.29,39.25,48.06,47.98,42.95,49.02,40.42,39.75,48.51,41.1,48.66,40.97,46,44.64,37.9,48.3,49.27,38.56,45,45,41,48.79,44.28,43.2,39.9,46.98,35.5,43.05,46,46.51,45,37,52.02,38.58,40,44.25,34.69,37.5,40,45,43,37.630000000000003,48.97,50.92,43.29,48,42.84,48.58,51,40.42,45.67,48.51,49.35,48.66,41,48.3,41.75,38.56,36.75,44,41,46.75,48.79,42.57,43.2,41.05,33.6,42,36.75,46.98,47.46,41,35,37,52.02,40.5,40,44.25,41.3,37,37.799999999999997,40,39.75,43,43,41.16,35.5,40.5,50.92,43.29,44,52.03,48.43,40.42,40.57,48.51,47.4,49.35,48.66,41,37.9,48.3,43.75,38.56,42.5,46.3]
["5-18.",47.63,49.17,38.799999999999997,36.75,38.549999999999997,31.5,43.37,32.549999999999997,44.1,40,35,33.81,46.46,42.52,43.3,35.4,37.04,36,39.299999999999997,50,43.05,38,41,34.72,51.47,50,37.15,50.36,49.61,40.47,49.61,34.65,34.5,49.77,35.97,49.77,36.29,45,42.52,42,53.55,39.5,44.07,39.5,47.25,38,47.63,47.74,38.799999999999997,37.799999999999997,44.25,32.549999999999997,40.950000000000003,50,39.53,40,33.81,46.46,42.52,35,43.3,37.17,38.19,36,37.5,36.5,32.92,43.27,55.87,50,48,35.6,50.88,53,34.65,52.05,49.35,52.5,49.77,45,53.23,36,44.07,32.549999999999997,41,38,42,47.63,47.74,38.799999999999997,37.5,31.5,46,31.5,44.67,46.3,44.1,35,33.81,46.46,42.52,35,43.3,35.4,38,47.25,36,41,39.25,38,32.92,32.549999999999997,34.72,51.47,50,36.5,52.03,55.89,34.65,35.5,49.35,49.95,52.5,49.77,45,42,53.55,39.5,48.22,41.25,47.25]
["5-19.",54.44,52.37,43.2,42,44.1,36.75,49.32,37.270000000000003,48.3,46,40,38.64,52.02,48.61,48,41.3,44.56,40,45.1,55.3,48.82,44.5,45,40.5,58.4,45,39,56.11,60.96,45.09,55,40.42,40.25,52.91,41.1,54.21,40.97,52,48.61,46.3,58.27,40.5,52.36,50,54.6,42,54.44,49.84,43.2,46.2,50.33,37.270000000000003,47.25,54,47.56,45,38.64,52.02,48.61,40,48,44.6,44.56,40,43,43,37.630000000000003,48.97,59.27,55,52,42.21,56.63,57,40.42,51.2,55.12,56.7,53.87,52,58.01,38.5,52.36,42,50,42,49,54.44,49.84,43.2,42.84,35.700000000000003,51,36.75,50.8,53.24,46,40,38.64,52.02,48.61,40,48,41.3,43,52.25,40,47,45.15,43,37.630000000000003,37.270000000000003,40.5,58.4,50,43.5,58.93,60.96,40.42,40.57,55.12,55.65,57.75,53.87,52,46.3,58.27,40.5,53.58,52,54.6]
["5-20.",53.34,58.62,52,47.25,49.6,42,55.29,46.62,56.7,57,47,47.25,63.13,52.08,57,53.1,51,53,49,55.12,51.75,51,55,46.3,63.02,55,55,61.86,71.099999999999994,54.33,64,51.97,50,62.84,51.39,62.45,51.97,58,57.42,50.5,67.510000000000005,55,57.88,58,60.5,52.5,53.34,59.19,52,52.5,56.12,46.62,54.6,60,60.37,55,47.25,63.13,49.61,50,57,49.56,52.09,53,50,49,47.04,60.36,67.209999999999994,60,60,52.5,62.38,65,51.97,64.37,62.84,63,62.45,55,64.900000000000006,51.6,57.88,52.5,59.25,52.5,60.14,53.34,59.19,52,48.2,47.25,52,42,55.56,61.35,54,47,47.25,63.13,52.09,50,57,53.1,52.06,47.25,53,55,49,49,47.04,46.62,46.3,63.02,60,55,63.53,71.099999999999994,51.97,50.71,62.84,61.05,67.2,62.45,55,50.5,67.510000000000005,55,61.68,65,60.44]
["5-21.",59.88,71.13,63,63,68.25,42,63.99,57.22,67.25,60,55,55,74.239999999999995,63.66,63.5,64.900000000000006,62,63,62.25,66.150000000000006,68.5,51,63,46.3,72.069999999999993,65,57.5,73.36,77.17,62.75,74,60.5,60,62.84,64.239999999999995,72.16,63.66,58,66.84,53,76.540000000000006,52.5,71.66,71,58,63,59.88,71.13,63,63,63.99,57.22,64.05,63.95,69.650000000000006,65,55,74.239999999999995,63.66,60,63.5,47.2,62.87,63,59.5,49,58.8,71.739999999999995,78.28,75,70,63,73.88,77,60.5,71.400000000000006,62.84,78.75,72.16,58,76.540000000000006,50.4,71.66,57.75,67,63,73.5,59.87,71.13,63,63,52.5,70.87,42,60.95,70.61,70.56,55,55,74.239999999999995,66.84,60,63.5,64.900000000000006,62,56.7,63,65,59.5,51.3,58.8,57.22,46.3,72.069999999999993,65,65,75.03,83.79,60.5,62,62.84,72.150000000000006,78.75,72.16,58,53,76.540000000000006,52.5,71.66,72,59]
["5-22.",59.88,84.8,74,68.25,80,47.25,70.88,67.72,73.5,65.5,65,66,71.5,71.66,71.5,76.7,70,75,71.25,77.17,79.5,56.5,71,52.09,78.180000000000007,75,70.5,84.86,83.26,73.75,83.5,71.5,70,65.59,77.08,81.75,73.86,68,79,55,88.2,54.5,76.56,80.5,61.95,70,59.88,84.8,74,68.25,70.88,67.72,75.599999999999994,73.11,79.33,75,66,85.35,71.66,68,71.5,49.56,73,75,68,54.5,70.56,83.13,89.62,80,80,76.650000000000006,85.38,85,71.5,85.15,65.59,86.1,81.75,68,84,54,75.489999999999995,69.3,77.5,70,84,59.88,84.8,74,68.25,63,82.95,47.25,70.88,81.02,76.650000000000006,65,66,85.35,75.239999999999995,68,71.5,76.7,72,66.150000000000006,75,78,68,54,69,67.72,52.09,78.180000000000007,75,76.650000000000006,86.53,81.58,71.5,72.45,65.59,83.25,89.25,81.75,68,52.6,88.2,54.5,69.11,85.5,63]
["5-23.",63.61,105.58,96,78.75,100,57.75,84.67,88.72,88.2,78,85,88,89,89.25,89.25,100.3,88,100,85,93.71,101.5,67,103,63.66,82.03,90,94,96.36,104.08,95.75,101.5,93.5,90,66.69,97.98,101.06,98.73,83,100.27,58.5,102.06,56,72.92,102,66.150000000000006,89,63.61,108.98,96,89.25,84.67,84.5,92.4,89.8,104.94,95,88,107.57,89.25,90,95,53.1,92,100,88,65,94.08,105.91,110.25,95,103,102.9,102.63,107.5,93.5,100.58,66.69,109.2,101.06,83,102.09,58.8,75.489999999999995,92.4,101,89,105,63.61,100.3,96,78.75,84,90,57.75,84.67,94.91,98,85,88,107.57,98.39,90,89.25,100.3,90,85.05,100,103,85,65,86,84.5,63.66,82.03,90,102.9,104.77,108.21,93.5,90,66.67,103,106.05,101.06,83,55.75,102.1,56,72.92,100,66.150000000000006]
["6-1.",27.86,35.29,25.6,25.95,24.25,18.899999999999999,30.45,19.84,30.45,24.96,32.79,25,28.33,28.35,27,23.6,21.5,27.56,26.5,31.27,33.07,23,30,29.48,35.21,32,32.520000000000003,35.67,32.950000000000003,32.090000000000003,37.99,24.25,27.25,27.83,32.75,34.06,17.32,29,20.41,28.85,38.58,29.75,17.760000000000002,28.5,30.85,28,27.86,39.18,25.6,28.12,30.45,19.84,30.87,32,32.520000000000003,30,25,30.75,24.3,20,27,17.7,25.51,33.07,27.5,22,22.05,32.799999999999997,38.92,32,34.65,34.299999999999997,36.82,39.369999999999997,24.25,30.33,27.83,37.82,34.06,29,36.75,32.29,17.899999999999999,17.600000000000001,28.5,28,27.56,27.86,35.29,25.6,25.91,26.77,21,18.899999999999999,31.97,32.409999999999997,30.45,32.79,25,30.75,25.51,20,27,23.6,26,31.27,32.51,30,26.5,23,22,19.84,33.85,35.21,32,33.5,37.340000000000003,34.1,24.25,30.03,27.83,35.01,35.94,34.06,29,33,38.58,31,17.899999999999999,29.5,31.97]
["6-2.A.",35.11,38.33,31.5,29.49,36.75,25.2,35.380000000000003,33.6,39.9,28.1,38.75,26.51,35.700000000000003,38.380000000000003,36.75,38.11,28,34.17,29.9,39.369999999999997,37.04,31.5,32,28.01,37.590000000000003,36,38.549999999999997,37.97,38.159999999999997,37.67,40.4,31.24,30.7,30.31,37.01,37.630000000000003,38,35,35.07,34.25,41.33,35,37.96,34.5,38.58,30,35.11,37.58,31.5,31.12,34.89,33.6,37.479999999999997,32,35.700000000000003,36.25,26.51,35.700000000000003,39.31,22.5,36.75,38.11,29.5,34.17,26,30.3,31.5,36,37.590000000000003,36,37.799999999999997,37.85,36.770000000000003,36.75,31.24,37.57,30.31,37.01,37.630000000000003,35,39.369999999999997,34.5,37.96,19.8,34.5,30,38.06,35.11,37.96,31.5,29.43,36.75,25.2,25.2,35.729999999999997,39.9,34.17,36.9,26.51,35.700000000000003,38.380000000000003,22.5,36.75,38.11,28,39.369999999999997,34.17,34,27.3,31.5,31.5,33.6,32.130000000000003,39.450000000000003,36,40,37.97,38.36,31.24,36.75,30.31,40.42,37.01,37.630000000000003,35,31.8,41.33,37,41.67,34.5,38.58]
["6-2.B.",157.5,115.62,180,138.62,131.25,115.5,164.59,135,110.25,125,178,168,32,184.62,80,170,30.25,175,87.5,155,155.4,47,150,179.18,178.5,175,185,146.11000000000001,60.5,157.74,162.75,159.59,145,30.31,192.93,107.75,164.64,80,176.22,141.75,133.66,100,51.04,168,88.2,100,157.5,121.4,180,147.21,164.59,135,105,130,184.14,177.5,168,32,144.69999999999999,150,80,170,30.25,175,83.5,47,130,44.56,178.5,175,168,175,146.11000000000001,162.75,159.6,119.2,30.31,192.93,107.75,80,133.66,100,51.04,15.21,164,100,176,157.5,121.4,180,142.5,175,165,115.5,164.59,115.75,178.5,178,168,32,178.5,150,80,135,30,155,175,150,87.75,47,130,135,179.18,178.5,175,185,146.11000000000001,60.7,159.6,134.4,30.31,119.22,192.93,107.75,80,144.4,133.69,100,51.04,168,88.2]
["6-3.A.",42.91,47.58,40,37.79,45,28.35,42.55,36.75,46.3,33.200000000000003,45,34.4,42,45,44,45,36.25,40,38.25,47.25,46.3,37,39,39.85,47.18,42,47,44.87,46.24,42.36,46.71,38.58,41.45,44.64,45.1,46.45,47.25,40,45.5,39.35,46.3,44,46.42,43.5,43.5,38,42.91,45.73,40,40.25,41.94,36.75,46.3,40,42.96,41.5,34.4,42,44.1,32.25,44,43.5,35,40,38.25,35.5,42,42.75,47.11,42,45.15,46.3,40.869999999999997,42.52,34.72,45.78,44.64,42.99,46.45,40,46.3,41.75,46.42,28.65,43.5,38,46.46,42.91,46.19,40,37.72,46.2,35.700000000000003,33.6,43.37,46.3,38.85,46,34.4,42,45.9,32.25,44,45,36,47.25,40,40,40.15,37,43.05,35,45.74,47.18,42,47,44.87,47.21,34.72,47.25,44.64,46.2,45.1,46.45,40,38.700000000000003,50.15,46.25,46.42,43.5,43]
["6-3.B.",183.75,134.19999999999999,195,144.94,143.30000000000001,120.75,179.55,157.5,138.91,125,178,183.75,36,202,101.3,180,38.5,200,114,210,194.25,54,160,195.2,194.89,200,200,151.86000000000001,66.7,161.11000000000001,152.25,200,155,44.91,203.96,122.95,181.69,80,193.72,161.94999999999999,121.53,100,57.42,188,115.75,125,183.75,136.88999999999999,195,147.21,179.55,157.5,126,150,199.49,193,183.75,36,151.93,150,101.3,180,38.5,200,109,52.2,140,57.75,194.89,200,189,200,151.86000000000001,152.25,200,125.34,44.91,203.96,122.95,80,121.53,97,57.42,17.41,186,125,202.56,183.75,139.54,195,149,200,165,120.75,179.55,138.9,189,178,183.75,36,198.9,150,101.3,155,38.5,200,200,160,114.5,54,145,157.5,195.2,194.89,200,200,151.86000000000001,66.8,200,147,44.91,137.1,203.96,122.95,80,163,121.54,100,57.42,200,115.75]
["6-4.",48.15,57.07,41,45,48.5,29.4,53.55,32,49.35,37.44,55.15,32.340000000000003,60.67,49.35,48.5,47.2,37.01,50,48,54.78,52,32.5,56.5,46.3,57.34,50,46.2,54.44,57,54.24,62.73,49.61,50,57.87,55.12,57.75,44.33,52,54.6,42.25,61.29,52.5,38.56,57.25,52.5,50,48.15,57.07,41,49,53.55,32,49.35,54,57.5,50,32.340000000000003,60.67,42,33,48.5,48,42.5,55,49,32.5,32.92,45.43,59.11,55,54.6,48.56,56.37,63,49.61,53,57.87,63.94,57.75,52,58.38,54.15,38.56,68.25,56.5,50,52.5,48.15,57.64,41,46.26,47.25,39.9,29.4,53.55,54.4,47,55.15,32.340000000000003,60.67,46.3,33,48.5,47.2,42,54.78,50,56.5,48,32.5,46.25,32,53.05,57.34,50,48.3,60.71,59.9,49.61,54.6,57.87,63,65.040000000000006,57.75,52,56.25,61.29,54,48.22,58.25,54.6]
["6-5.",45.37,45.53,30,32.44,36.75,26.25,38.799999999999997,24.25,40.47,32.24,41.24,29.4,35.549999999999997,35.700000000000003,39.65,38.28,27.78,44.1,37.5,43.4,43.05,28.5,42.35,28.3,45.37,45,32,43.72,44.91,39.869999999999997,36.96,36.75,35.75,38.58,41.1,44.1,28.29,35,38.89,31.55,49.61,37.380000000000003,29.08,39,37.450000000000003,35,45.37,45.53,30,37.85,38.799999999999997,24.25,38.58,41.35,44.88,40,29.4,40.119999999999997,3.63,25,39.65,21.05,32.5,44.1,38.5,27.2,23.1,43.27,48.91,45,42,35,47.17,36.96,38.58,52.01,38.58,51.81,45.42,35,47.25,42.13,29.08,22.05,42,35,41.45,45.37,45.53,30,32.380000000000003,31.5,26.25,26.25,39.36,40.5,37.479999999999997,41.24,29.4,40.119999999999997,44.1,25,39.65,38.979999999999997,31.24,43.4,44.1,42.35,37.5,28.5,23.52,24.25,32.49,45.37,45,41.5,51.14,44.9,38.58,36.22,38.58,49.12,49.45,44.1,35,40.950000000000003,49.61,40,36.64,45.5,37.479999999999997]
["6-6.",55,49.23,41,40,46.2,29.4,46.3,32,48.3,35.36,48.16,44,44.44,44.1,43,47.2,38.5,48,48.5,50.42,47.25,41.5,50.65,32.409999999999997,52.3,50,34.65,54.44,52.04,54.24,43.85,47.25,43,48.51,48.99,54.07,40.57,55,48.47,37,61.74,46.66,28.93,52,49,42,55,49.71,41,45,47.83,32,48.3,52,48.24,50,44,60.67,42,33,43,23.6,42,48,49.5,42,35.700000000000003,55,56.84,55,57.75,36.96,60.97,43.89,47.25,54.35,48.51,66.150000000000006,56.77,45,60.48,49.96,28.93,33.07,52,42,51.45,55,49.71,41,41.12,36.75,39.9,29.4,49.07,53.24,42,48.16,44,60.67,44.1,33,43,47.2,42,50.42,48,50.65,48.5,41.5,35.28,32,56.79,52.3,50,45.15,62.64,52.08,47.25,48.3,48.51,65.849999999999994,65,54.07,45,46,61.74,48.3,37.5,52.75,48.3]
["6-7.",54.3,57.11,52,50,55,38.85,56.62,42,57.75,46.8,56.15,44,52,52.91,54,59,48.61,55,58,65.900000000000006,50,52,58.8,42.82,63.39,60,46.2,65.94,65.8,70,51.85,55,50.5,60.63,57.82,67.02,53.76,65,57.42,49,75.510000000000005,54.6,34.72,63,70,52,54.3,58.81,52,55,57.16,42,57.75,62,56.42,60,46.2,71.78,47.25,46,54,29.5,52.09,55,60,52.2,47.25,66,64.78,65,68.25,48.88,72.47,51.97,57.75,61.7,60.63,77.17,67.05,45,72.13,57.83,34.72,42,65,52,61,54.3,58.78,52,51.4,47.25,48.3,38.85,60.18,63.66,52,56.15,44,71.78,63.94,46,54,59,52.65,65.900000000000006,55,58.8,58,52,47.04,42,73.22,63.37,60,51.45,79.89,62.83,57.75,60.37,60.63,93.26,84.89,67.05,45,54.5,75.510000000000005,61,56.25,68,70]
["6-8.",63.68,67.239999999999995,63,60,66,47.25,65.569999999999993,52,66.150000000000006,57.2,62.5,55,62.5,60.63,58,70.8,57.87,60,64,67.28,57,58.25,66,52.09,72.900000000000006,75,56.7,77.44,75.16,80,57.5,69.3,56,72.760000000000005,82.71,80.36,65.099999999999994,75,63.79,60,85.99,65.63,43.75,70,80,62,63.68,69.25,63,65,67.87,52,66.150000000000006,72,62.9,70,55,82.89,52.5,58,58,40,60.19,60,65,58.5,41.16,77,76.12,80,78.75,58.54,83.97,57.75,69.3,73.48,72.760000000000005,93.71,80.36,75,83.79,69.3,43.75,52.5,76,62,73,63.68,68.56,63,61.68,52.5,60.37,47.25,69.510000000000005,72.92,60,62.5,55,82.89,68.349999999999994,58,58,70.8,60,67.28,60,66,64,58.25,58.8,52,81.38,72.900000000000006,75,56.7,79.89,75.22,69.3,72.45,72.760000000000005,119.46,94.81,80.36,75,60,85.99,70,50.34,73.5,80]
["6-9.A.",7.21,8.7100000000000009,6.6,3.36,7,4,4.45,8,7.35,6.24,6.78,7.5,6.67,6.3,6,7.08,4.8499999999999996,4,6.5,3,7.27,8.4,3,4.63,7.63,6.9,5.25,6.9,8.09,6.6,7.95,8,5,4.8499999999999996,9.7899999999999991,8.02,8.42,9,8.82,6.3,9.92,8.06,6.55,7,6.3,6,7.21,10.27,6.6,3.36,4.45,8,8.4,9,5.91,6.6,9.9,6.67,6.3,9.5,6,5.9,6,3,7.25,8,9.4,8.75,9.07,7.3,8.4,8.4,6.9,11.02,8,8.9700000000000006,4.8499999999999996,9.36,8.02,6,9.4499999999999993,6.6,6.55,6.61,7,6,7.65,7.21,8.7100000000000009,6.6,3.45,10,7.6,4,4.45,8.26,6,6.78,9.9,6.67,9.4499999999999993,7,6,7.08,4.8,3.15,6,3,7,8.4,9.99,8,4.63,7.63,6.9,6.3,6.9,8.48,8,7.24,4.8499999999999996,8.43,9.75,8.02,6,6.3,9.92,8.15,7.86,7,6.3]
["6-9.B.",9.2100000000000009,10.55,8.8000000000000007,4.4800000000000004,9,6,5.71,10,9.4499999999999993,8.32,7.85,11,8.89,8.4,7.2,9.44,7.25,5,9,4,9.6999999999999993,10.5,4,6.94,10.18,8.8800000000000008,7.7,9.1999999999999993,10.86,8.8000000000000007,10.6,10,6.75,6.05,11.82,10.93,10.39,10,11.02,8.4,12.12,9.9,7.86,9.9,9.9,9,9.2100000000000009,10.76,8.8000000000000007,4.4800000000000004,5.71,10,10.5,11,7.25,8.8000000000000007,11,8.89,8.4,11.5,7.2,8.26,7.25,4,10.5,10.5,11.76,10,10.71,9.32,10.5,13,9.1999999999999993,13.65,10,10.97,6.05,11.57,10.93,10,11.55,8.8000000000000007,7.86,8.82,10,9,10.5,9.2100000000000009,10.55,8.8000000000000007,4.6100000000000003,10.5,10,6,5.71,10.5,8,7.85,11,8.89,11.55,9.4,7.2,9.44,7.25,4.2,8,4,10,10.5,9.4,10,6.94,10.18,8.8800000000000008,6.6,9.1999999999999993,10.87,10,9.66,6.05,10.62,13.75,10.93,10,8.4,12.12,10.15,7.86,11,9.9]
["6-9.C.",13.57,13.46,13.2,5.6,17,7,6.99,14,14.7,9.36,8.92,16,16.670000000000002,12.6,9.6,14,8.25,6,15,5,16.5,15.5,5,8.09,15.27,11.6,9.4499999999999993,13.8,17.34,13.2,15,17,10.5,7.27,16.84,16.89,13.25,11,17.350000000000001,12.6,18.739999999999998,14.5,9.16,13.5,10.5,13.8,13.57,16.62,13.2,5.6,6.99,14,14.7,13.6,8.1,16.5,16,16.670000000000002,12.6,16,9.6,9.44,9,5,16,15.5,19.95,16,17.86,12.2,17.850000000000001,18.25,17.25,19.16,17,17.77,7.27,18.739999999999998,17.170000000000002,11,17.850000000000001,16.5,9.16,13.23,14.5,13.8,15.45,13.57,16.62,13.2,5.76,10.5,15,7,6.99,16.2,13,8.92,16,16.670000000000002,18.18,16,9.6,17.7,7.75,5.25,10,5,15,15.5,18.37,14,8.09,15.27,11.6,6.3,17.25,17.350000000000001,17,18.11,7.27,19.149999999999999,18.739999999999998,17.29,11,12.6,18.739999999999998,16.5,15.73,14,10.5]
["6-9.D.",17.420000000000002,17.16,17.600000000000001,6.72,20,8,8.41,18,17.53,11.44,13.2,18.2,20,14.7,12.1,18,9.5,10,18,6,19.8,20.5,8,9.26,20.79,13.9,13.65,18.399999999999999,21.97,17.600000000000001,19.899999999999999,20,13,8.48,20.94,21.59,16.43,20,20.5,16.8,23.15,19.8,10.48,14.5,15.75,17.75,17.420000000000002,20.85,17.600000000000001,6.72,8.41,18,18.899999999999999,20,12.49,19.8,22,20,14.7,19.5,12.1,10.62,12,6,18,21,24.15,22,21.43,14.65,21,24,20.7,25.72,20,21.77,8.48,24.25,21.28,20,22.05,19.8,10.48,16.8,16.75,17.75,19.75,17.420000000000002,20.440000000000001,17.600000000000001,6.91,12.6,20,8,8.41,19.32,17,13.2,22,20,23.1,19.5,12.1,21.24,9.6999999999999993,6.3,12,8,18,20.5,22.05,18,9.26,21.82,14.65,7.35,20.7,21.98,20,21.73,8.48,29.76,23.15,21.59,20,16.8,23.15,19.8,21.43,15,15.75]
["6-10.",336.32,347.29,400,350,440,400,210.57,325,364.92,450,217.35,400,375,212.69,159,380,158,150,317,122.7,289.39999999999998,450,250,304.37,472.5,192,315,388.17,413.04,412.5,425,303.18,105,145.53,437.46,427.52,221.26,800,210.57,300,441,350,164.08,188,220,450,336.32,460.58,400,350,210.57,325,347.55,350,211.77,440,400,400,202.57,410,159,442.5,201,150,302,450,323.39999999999998,387.18,472.5,192,420,225,388.17,430.5,303.18,427,145.53,472.5,427.52,800,441,350,164.08,413.43,250,450,350.48,336.32,340.83,400,385,131.25,350,400,210.57,383.13,270,217.35,400,400,151.93,410,159,330,164,122.7,150,250,288,450,330.12,325,349.36,472.5,192,202,389.84,414.25,303.18,393.75,145.53,417.31,446.25,427.52,800,195,441,340,164.08,200,220]
["6-11.",798.75,869.35,800,710,850,400,599.83000000000004,690,838.12,520,513.87,825,869.51,668.51,600,700,571,500,670,641.83000000000004,724.5,510,750,463.05,914.08,805,588,848.74,843.81,647.41,695,682.49,445,441,706.69,858.13,860,800,750,675,668.48,700,578.9,625,694.5,600,948.79,869.35,898.87,710,599.83000000000004,875,804.82,800,525.71,500,825,869.51,729.29,580,600,700,601,500,680,510,896,590,890.8,882,820,640,906.24,695.1,682.5,871.02,441,911.24,858.13,800,668.48,700,578.9,787,725,600,600,801.62,869.35,800,747,525,750,600,599.83000000000004,838.04,625,513.87,825,869.51,668.51,580,600,700,577,641.83000000000004,500,750,700,510,810.86,875,463.05,914.08,840,583,906.24,843.85,682.5,726.6,441,856.9,911.24,828.96,800,630,668.5,700,578.85,650,694]
["6-12.",1652.07,1401.24,1500,1200,1500,600,1263.5,1498.5,1428,832,1028,1100,1869.41,1215.5,1150,1500,1500,1000,1245,1292.67,1350,785,1200,694.57,1609.89,1440,1045,2085.4,1575,1629.19,1245,1575,950.5,937.12,1574.84,1785,1178.83,1200,1575,1150,911.61,1573.5,1125.21,1425,1320,1200,1800,1889.44,1500,1200,1263.5,2200,1016.1,1800,1051.5999999999999,1000,1100,1869.41,1620,890,1150,1500,1500,1000,1240,780,1500,1129.9000000000001,1570.56,1550,1700,1139.25,2200.4,1249.5,1575,1086.31,937.12,2102.02,1785,1200,911.61,1575,1125.21,1575,1500,1200,1200,1614.32,1492.01,1500,1287.17,945,1537.46,1450,1263.5,1504.77,1317,1028,1100,1869.41,1215.5,890,1150,1500,1500,1292.67,1000,1500,1185,785,1500,1500,694.57,1609.89,1440,997.5,2200.4,1625.88,1575,1325,937.12,1850,2043.69,1618.35,1200,1150,911.61,1537,1125.21,1775,1320]
["6-13.",204.75,142.68,197.5,167.03,150,175,160.94999999999999,100,192.93,125,180,145,150,197.4,155,175,157.5,150,111,155,86.81,198,180,93.19,194.25,175,195,114.31,182,155.61000000000001,147,189,130,121.27,207.9,151.44,171.68,150,158,150,157.97,120,203.65,78.75,157,150,204.75,134.63,212.5,198,169,100,192.93,125,197.88,138,145,150,182.89,135,155,220,173.63,150,127,195,200,200,210,200,195,215,205.36,147,189,215.55,121.27,231,151.44,150,157.99,120,203.65,137,105,150,174.25,204.75,139.99,200,171.7,78.75,157.5,175,163.30000000000001,192.93,75,180,145,150,197.4,135,155,175,157,155,150,200,111,198,157.5,100,93.18,210,200,204.5,114.31,182.1,189,143.32,121.27,198.72,207.9,151.44,150,150,158,120,196.89,78.75,165.35]
["6-14.",367.5,310.62,250,254.52,350,325,305.76,210,346.5,200,300,350,330,347.44,300,350,243,299.25,237,290,259.08,198,275,247.22,357,350,355,316.26,303,244.09,315,350,270,242.55,367.5,298.85000000000002,319.04000000000002,300,334,309.5,212.67,270,363.82,260,358,250,367.5,310.62,250,286.33,304.29000000000002,210,288.75,300,329.8,315,350,330,207.27,190,300,340,243,299.25,226,195,235.2,295,357,350,350,360,316.26,315,350,356.57,242.55,367.5,298.85000000000002,300,212.57,270,363.82,275.60000000000002,260,250,275.5,367.5,310.62,250,261.75,315,207,325,304.29000000000002,318.31,250,300,350,330,347.44,190,300,325,243,290,299.25,275,237,198,278.25,210,247.22,357,350,365,316.26,303.5,350,346.5,242.55,350,367.5,298.85000000000002,300,247.75,212.69,270,363.82,260,347.25]
["6-15.",420,363.24,300,270.18,400,275,343.48,250,400,250,330,350,375,392.7,350,400,303.5,330.75,271,335,299.25,255,300,300.05,420,400,405,391.27,333,296.06,367.5,400,290,286.64999999999998,420,340.49,399.64,330,395,360,364.61,300,413.23,310,385,300,420,366.8,300,300.48,345.88,250,410,350,340.29,388.75,350,375,280.02999999999997,215,350,400,303.5,330.75,258,250,294,350,420,400,393.75,430,391.27,367.5,400,412.78,286.64999999999998,420,340.49,330,364.61,300,413.23,330.75,310,300,325.5,420,366.8,300,277.75,400,269,275,354.84,410,275,330,350,375,392.7,215,350,410,303,335,330.75,300,269,255,367.5,250,300.02999999999997,420,400,420,391.27,333.85,400,400,286.64999999999998,297.48,420,340.49,330,315,364.64,300,413.23,310,385.8]
["7-1.",14.7,18.82,14,18.5,13.2,12.6,17.850000000000001,12.12,17.78,18,20.05,19.25,15.05,19.440000000000001,17.5,14.86,12.6,16.53,15.2,17.350000000000001,16.66,17.5,18.25,12.39,21.14,18.5,16.600000000000001,13.82,19.649999999999999,16.77,19.75,9.26,16.5,14.55,15.15,19.440000000000001,9.57,16,15.3,10.68,19.95,14.5,10.46,15,16.53,15,14.7,18.82,14,19.059999999999999,17.850000000000001,12.12,20.05,19,20.05,16.75,19.25,15.05,14.58,11.5,17.5,11.77,14,16.53,15.5,16.75,13.65,19.36,21.14,18.5,20,18.5,13.82,20,9.26,16.53,14.55,21.36,19.440000000000001,16,19,14.49,10.46,11,15.25,15,18.899999999999999,14.7,18.82,14,18.829999999999998,13.12,13.3,12.6,17.850000000000001,19.940000000000001,17.32,20.05,19.25,15.05,20.6,11.5,17.5,14.86,14.5,18.52,16.53,18.25,15.5,17.5,11.88,12.07,14.21,21.14,18.5,19.75,17.28,19.670000000000002,9.26,12.67,14.55,19.23,18.84,19.440000000000001,16,10.68,19.95,14.5,10.46,15.25,20.399999999999999]
["7-2.",18.37,21.98,16.2,23.43,15.4,14.7,19.95,14.04,21.78,22,23.23,19.8,17.38,20.83,19.5,17.02,15.25,17.64,21,20.83,19.43,19.399999999999999,22,14.86,24.88,20,19,16.100000000000001,23.13,18.97,22.61,12.72,19.5,19.28,16.5,22.59,12.31,18,20.03,13.99,22.57,17.2,13.55,17.5,19.84,17,18.37,21.98,16.2,23.22,19.95,14.04,23.09,20,23.23,18.850000000000001,19.8,17.38,17.010000000000002,14,19.5,13.37,15.25,17.64,18.98,18.8,16.8,22.3,24.88,20,23,21.85,16.100000000000001,23.5,12.72,21.01,19.28,20.94,22.59,18,22.57,16.91,13.55,13.2,18,17,22.55,18.37,21.98,16.2,21.73,15.75,15.9,14.7,19.95,22.97,19.95,23.23,19.8,17.38,24,14,19.5,17.02,17.5,21.98,19.28,22,21,19.399999999999999,14.7,14.04,17.05,24.88,20,22.85,20.13,22.18,12.72,15.21,19.28,22.12,22.38,22.59,18,13.99,22.57,23.5,13.55,18.5,22]
["7-3.",26.26,26.01,20.6,24,19.8,16,23.91,18.18,26.35,27.04,26.9,23.9,22.05,22.05,24,21.24,19.5,20,21,26.66,24.99,21,27,18.100000000000001,30.45,22,21.85,19.559999999999999,27.56,23.37,27,16.2,22,22.05,20.55,27.69,16,25,24.3,18.149999999999999,28.24,19.14,17.690000000000001,21,27,21,26.26,28.98,20.6,25,23.91,18.18,29.34,26,26.9,23,23.9,22.05,20.83,22,24,15.34,21,20,22,21,21,25.05,30.45,22,27,24.85,19.559999999999999,29.5,16.2,25.2,22.05,28.87,27.69,25,26.9,18.14,17.690000000000001,17.600000000000001,22.5,21,26.25,26.26,28.98,20.6,25.7,16.8,21,16,23.91,28,21,26.9,23.9,22.05,27.56,22,24,21.24,19,26.66,20,27,28,21,18.809999999999999,18.18,20.76,30.45,22,27.3,24.45,27.56,16.2,20.28,22.05,27.45,28.35,27.69,25,15.75,28.24,26.2,17.690000000000001,23,27.55]
["7-4.",31.51,30.79,25,30,27.55,16,27.73,23.69,32.54,29.12,30.58,29.4,30.22,26.25,27,29.5,25.5,25,25,32.299999999999997,28.35,26,31,21.98,35.65,28,24.25,21.99,32.24,29.21,31.21,20.83,25.75,25.35,28.91,31.2,31,29,28.7,23.1,31.12,30.1,28.66,26,30,28,31.51,30.79,25,30,28.74,23.69,33.450000000000003,28.18,31.8,30.25,29.4,30.22,26.25,22,27,30,25.5,25,26.25,26,29.4,31.89,35.65,30,32,29.7,21.99,33.75,20.83,33.29,25.35,34.65,31.2,29,31.13,30.45,28.67,22,26.25,28,28.75,31.51,30.79,25,30.85,23.1,26.6,16,29.18,33.229999999999997,20,30.58,29.4,30.22,28.66,22,27,29.5,25,32.299999999999997,22.5,31,29,26,26.46,23.69,24.42,35.65,28,30.5,27.49,32.24,20.83,25.35,25.35,31.97,34.119999999999997,31.2,29,21.57,31.12,30.5,31.95,28,30]
["7-5.",367.3,453.03,460,415.02,400,250,350.95,262.5,463.05,374.4,322.5,385,383.75,364.64,380,400,334,350,365,375,472.5,310,300,289.39999999999998,525,500,328,548.39,545.73,517,475,289.39999999999998,350,181.91,460.79,460.29,479.87,376,414.78,327.39999999999998,337.89,389,339.42,400,470,380,367.3,453.03,460,494,350.95,262.5,409.46,450,368.55,315,385,382.5,289.39999999999998,340,380,400,316,350,367,310,441,485,525,525,490,418,548.39,475,289.39999999999998,459.71,181.91,456.42,460.29,376,306.88,264,339.45,385,425,380,300,367.3,453.03,460,414.21,236.25,400,470,350.95,448.83,475,322.5,385,382.5,364.64,340,380,400,334,375,350,300,385,310,479.2,262.5,289.38,525,475,370,548.39,545.73,289.39999999999998,402.5,181.91,460.44,438.48,460.29,376,311.85000000000002,337.89,406,339.45,450,470]
["7-6.",681.01,761.13,900,817.5,750,400,631.73,750,735,540.79999999999995,600,550,700,607.74,600,800,607,600,635,690,636.13,525,600,578.80999999999995,945,900,560,977.44,1052.8800000000001,829.83,729.75,636.67999999999995,490,441,971.25,837.9,597.54999999999995,520,892.5,650,607.74,740,684.07,830,771.75,695,681.01,768.6,900,840,631.74,750,818.93,775,849,525,550,697.5,578.80999999999995,660,600,800,607,600,630,520,550,875,945,950,900,545,977.44,729.75,636.67999999999995,590.87,441,971.9,837.9,520,607.74,550,684.07,826,725,695,500,681.01,768.6,900,817.5,409.5,800,525,631.74,854.94,708.75,600,550,697.5,607.75,660,600,800,607,690,600,600,635,525,550,750,463.05,945,900,610,977.44,850.53,636.67999999999995,862.5,441,875,945,837.9,520,675,607.74,700,684.07,800,771]
["7-7.",165.37,166.91,175,157.83000000000001,200,125,159.52000000000001,115.5,200,150,150,200,189,174,160,195,121.5,200,126,158,173.63,155,100,93.08,210,175,190,140.47999999999999,151,133.59,157.5,178.5,140,181.91,151.77000000000001,185.05,156.24,125,145.27000000000001,150,145.84,200,194.48,105,200,150,165.35,168.55,175,157.84,159.52000000000001,110,200,175,192.36,105,200,189,153.30000000000001,110,160,185,121.5,200,126,156,105,175,210,175,200,220,140.47999999999999,157.5,178.5,209.62,181.91,151.78,185.05,125,145.84,150,194.48,164,105,150,138,165.37,168.55,175,157.53,200,126,125,159.52000000000001,200,183.75,150,200,189,171.99,110,160,205,121,158,200,100,133,155,105,110,93.08,210,175,220,140.47999999999999,151.75,178.5,160,181.91,149.03,151.78,185.05,125,120.75,145.84,200,194.48,105,200]
["8-1.",220.04,195.91,168,195,170.85,194.25,158.56,162.75,214.15,190,173.25,131.25,212.66,255,168,196.35,159,142,173,195.91,144.69999999999999,225,157.5,115.76,217.43,200,162,217.92,229.55,236.78,224.38,173.63,165,181.91,177.35,225.35,140.69999999999999,121,210.57,190.5,225,195,178.66,190,210,180,220.04,184.8,168,215,158.56,162.75,203.96,225,190.99,162.5,131.25,212.66,250,165,168,196.35,178,144.5,183.75,225,213.15,133.46,219.49,200,230,162,217.92,255,192.93,210.93,181.91,177.36,225.35,125,215,260,178.66,176,195,180,214.15,220.05,181.16,168,189,250,183,204.75,158.56,173.62,203.96,173.25,131.25,212.66,255,165,168,196.35,159,195.91,142,180,181,225,210,162.75,115.76,217.43,200,162,221,229.55,192.93,224,181.91,235,177.36,225.35,125,190.5,225,260,178.65,190,210]
["8-2.",242.05,244.47,160,216.3,237,300,193.66,180,226.01,230,165,136.5,303.8,262.5,240,286,202.5,150,210,225,173.63,295,175,115.76,279.58999999999997,250,198,299.06,241,241.54,296.72000000000003,252,182.5,218.29,268.39999999999998,280.43,209.31,130,230.93,199,272,255.5,202,200,262,200,242.05,230.61,160,270.37,193.66,180,226.01,235,260.39999999999998,186.5,136.5,303.8,262.5,225,240,286,216,150,210,295,250,181.38,269.07,250,280,198,329.41,330,275,240.39,218.29,268.39999999999998,280.43,136.5,277.2,195,202,176,210,200,273.25,242.05,226.07,160,216,262.5,200,300,193.66,202.56,300,165,136.5,303.8,262.5,225,240,286,202,269.32,150,175,210,295,250,180,115.76,279.58999999999997,250,198,302.14,272.95,275,293,218.29,283.88,268.39999999999998,280.43,136.5,199,272,260,202,200,262]
["8-3.",73.11,99.16,73.150000000000006,70,125,95,128.25,50,39.909999999999997,50,60,100,101.27,105,99.75,100,63.5,25,100,90,86.81,135,50,57.87,123.95,100,110,30.77,139.34,44.32,140,82.68,85,38.58,107.36,107.2,92.03,200,87.5,75,115.5,84,133,25,105,75,73.11,125.42,73.150000000000006,70,128.25,50,39.880000000000003,92.44,66.150000000000006,50,100,101.27,105,75,99.75,100,63.5,25,150,135,90,59.9,119.39,100,42,110,30.77,150,82.68,71.95,38.58,112.62,107.2,200,115.76,84,133,59.85,25,75,110.25,73.11,104.52,73.150000000000006,92.56,150,100,95,128.25,43.56,114.63,60,100,101.27,110.25,75,99.75,100,63.5,114.63,25,50,150,135,90,50,57.87,130.15,100,110,30.77,139.34,82.68,131,38.58,94.67,112.62,107.2,200,75,127.32,84,133,25,150]
["8-4.",73.11,93.95,73.150000000000006,70,44.1,95,130,52.5,39.909999999999997,95,60,75,50.63,125,105,100,63.5,25,95,99.75,86.81,120,50,57.87,123.95,100,63.5,64.22,146.30000000000001,102.26,140,82.68,80,38.58,127.42,103.61,115,100,85.07,85,110.25,25,104.75,50,105,75,73.11,125.42,73.150000000000006,70,130,52.5,41.87,85.35,63,50,75,50.63,125,30,105,100,63.5,25,100,120,90,70.75,119.39,100,42,63.5,64.22,140,82.68,138.68,38.58,127.42,103.61,100,110.25,25,104.75,59.85,50,75,110.25,73.11,94.76,73.150000000000006,92.56,36.75,80,95,130,43.56,95,60,75,50.63,125,30,105,100,63.5,104.73,25,50,150,120,90,52.5,57.87,123.95,100,63.5,64.22,146.30000000000001,82.68,115,38.58,81.86,125.15,103.61,100,85,110.25,25,104.75,50,105]
["8-5.",88.48,85.44,73.150000000000006,70,49.6,95,97.85,50,63,75,60,50,101.27,84,60,90,60.5,50,83,80.19,57.87,90,50,57.87,117.15,80,73.5,92.16,104.08,122.26,125,125,70,57.33,93.58,92.77,81.88,50,72.92,50,100,75,94.25,50,41,75,88.48,90.59,73.150000000000006,70,97.85,50,59.77,82.72,66.150000000000006,70,50,101.27,84,40,60,90,60.5,50,90,90,114,95,117.15,100,52.5,84,80.78,125,125,145,57.33,98.17,92.77,50,105,75,94.25,125,50,75,105,88.48,86.27,73.150000000000006,87.38,100,75,95,97.85,65.290000000000006,85,60,50,101.27,84,40,60,138.6,60.5,80.19,50,50,90,90,115,50,57.87,117.15,80,84,90,104.17,125,104,57.33,58.47,98.17,92.77,50,50,100,75,94.25,50,41]
["8-6.",60.64,69.680000000000007,73.150000000000006,80,55,95,67.69,52.5,41.28,31.2,50,26.25,101.27,130,80,36.380000000000003,54.68,27.56,50,24.8,28.93,48.5,50,57.87,36.94,55,44,81.819999999999993,76,44.49,100,75,55,57.33,96.48,62.58,65.28,50,60,57.75,75.23,50,63.5,65,26.25,52.5,116.56,74.64,73.150000000000006,81.11,74.260000000000005,52.5,39.299999999999997,95,55.12,52.5,26.25,101.27,130,25,84,38.58,44.5,27.56,84,47,120,59.9,35.19,100,53.5,63.5,81.819999999999993,100,75,141.80000000000001,57.33,96.48,62.58,50,82.68,50,128.25,59.85,80,52.5,82.68,116.56,72.489999999999995,73.150000000000006,80.959999999999994,36.75,105,95,67.040000000000006,40.85,63.94,50,26.25,101.27,130,25,80,36.380000000000003,40,24.8,27.56,50,54.5,48.5,100,52.5,57.87,36.94,57.5,63.5,81.819999999999993,76.5,75,72.45,57.33,58.47,96.48,62.58,50,57.75,79,61.5,67.8,105,26]
["8-7.",26.45,27.16,25.2,20,25,25.2,25.2,20,25.46,22,15,19.420000000000002,22.08,22.05,22,27.5,20.64,14.45,20,24,19.66,24,10.5,26.25,27.06,21,26.25,27.66,25.8,22.49,25.6,25,20,17.350000000000001,24.54,22.52,18.21,20,22.56,25,25.88,24,23.05,20,21,20,26.46,27.16,25.2,20,25.2,20,24.25,20,17.059999999999999,28,19.420000000000002,22.08,23.15,18,22,27.5,23.5,14.45,20,23,28,22.65,27.06,25,26.25,27.5,27.66,25.6,25,27.56,17.350000000000001,24.54,22.52,20,26.46,24,23.05,26.25,20,20,24.15,26.87,27.16,25.2,26.25,21,22,25.2,26.25,25.46,24.25,15,19.420000000000002,22.08,23.15,18,22,27.5,21,24,14.45,10.5,21,24,29,20,26.25,28.09,20,27.5,27.66,25.85,25,17.690000000000001,17.350000000000001,26.25,24.54,22.52,20,25,27.17,29,23.05,20,21]
["8-8.",88.48,115.22,120,81.11,125,125,110.25,60,99.75,105,80,78.75,92.66,105,63.5,120,60.5,52.5,110,95.91,52.09,115,40,57.87,120.07,100,101.5,110,25.8,107.09,120,105,90,99.22,103.07,112.3,112.27,85,105,125,126,90,93.5,90,57.85,100,88.48,115.22,120,81.11,110.25,60,99.22,90,88.2,70,78.75,92.66,52.5,30,63.5,109.2,85,52.5,110,115,120,110,120.07,100,125,101.5,99.76,120,125,84.8,99.22,103.07,112.3,85,126,90,93.5,120,90,100,110.25,88.48,109.46,120,80.959999999999994,125,80,125,110.25,104.17,110.25,80,78.75,92.66,57.87,30,63.5,109.2,60.5,95.91,52.5,40,110,115,120,60,57.87,120.07,100,101.5,115,25.85,125,139,99.22,111.39,103.07,112.3,85,125,126,90,93.5,90,57.85]
["8-9.",48.9,62.54,73.150000000000006,40,50,21,75,25,60,65,15.75,50,21.7,80,30,44,30.25,10,50,50,28.92,50,50,57.87,78.88,50,54.6,47.6,60.71,28.1,52.5,36.380000000000003,45,57.87,58.02,38.270000000000003,67.5,45,55,55,60.74,52.5,55,50,22.05,50,48.9,62.54,73.150000000000006,40,75,25,60,50.26,16.53,50,50,21.7,90,55,30,44,38.5,10,50,50,79,41.41,75.84,50,42,52.5,47.6,52.5,36.380000000000003,32.99,57.87,58.01,38.270000000000003,45,60.74,45,55,75,50,50,55.12,48.9,61.29,73.150000000000006,49,52.5,26.25,21,75,60,75,15.75,50,21.7,80,55,30,44,30,55,10,50,50,50,80,25,57.87,78.88,50,88,47.6,60.74,36.380000000000003,69,57.87,40.92,58.02,38.270000000000003,45,55,60.74,52.5,55,50,22]
["8-10.",73.84,45.95,73.150000000000006,80,55.1,50,95,25,89.25,85,21,50,117.31,110,60,44,75,10,80,89.3,82.68,140,50,57.87,91.3,150,92.4,65.88,146.74,83.31,52.5,60.63,70,57.87,99.61,63.79,90.09,88,83,100,98.39,87.5,55,26,31.5,50,73.84,45.95,73.150000000000006,80,99.75,25,89.25,100,21,150,50,117.31,120,55,60,44,78,10,86,140,75,85,87.79,150,120,92.4,65.88,52.5,60.63,107.32,57.87,99.61,63.79,88,98.39,60,55,105,26.25,50,61,73.84,48.24,73.150000000000006,98,78.75,90.14,50,94.5,98.39,75,21,50,117.31,125,55,60,44,80.33,89.3,10,50,85,140,75,25,57.87,91.3,150,92.4,65.88,146.74,60.63,112.35,57.87,282.45,99.61,63.79,88,100,98.39,87.5,55,26,33]
["8-11.",110.25,168.5,84,30.03,150,78.75,35.729999999999997,52.5,104.18,28,94.5,52.5,175,65.62,125,200,33.25,110.25,33,200,86.81,59.5,150,40.5,157.5,57.5,100,81.069999999999993,60,122.98,200,200,66,57.87,157.5,35.08,152.75,200,139,34.85,157.5,75,151.93,57.5,157.5,175,110.25,140.31,84,30.03,35.729999999999997,52.5,99.22,50,137.81,85,52.5,150,65.62,100,125,144.19999999999999,35.5,110.25,31.5,57.5,137,150,157.5,57.5,31.5,100,81.069999999999993,157.5,165,64.23,57.87,157.5,35.08,150,157.5,35,151.93,110,57.5,150,121.5,110.25,126.38,84,29.98,52.5,75,78.75,35.729999999999997,104.17,78.75,94.5,52.5,175,65.62,100,125,200,33,200,110.25,150,33,59.5,160,52.5,40.5,157.5,57.5,100,81.069999999999993,60.7,200,175,57.87,59.6,157.5,35.08,200,34.89,157.5,75,151.93,57.5,157.5]
["8-12.",31.5,47.43,40,25.25,50,57.75,43.47,50,21,25,35,80,26.25,27.56,42,60,24,50,60,51,52.5,20,30,40.5,71.06,85,75,19.64,30,56.87,20,75,25,27,66.150000000000006,31.88,75,25,23.15,31.5,30.37,25,33,35,42,25,31.5,58.53,40,25.25,43.93,50,21,44.3,80,32,80,26.25,26.25,18,42,60,24,50,60,20,50,48,71.06,80,21,75,16.899999999999999,21,75,23.15,27,66.150000000000006,31.88,25,30.37,25,33,85,30,25,35.5,31.5,50.58,40,25.25,75,25,57.75,45.86,23.15,60,35,75,26.25,30.37,18,42,60,24,52,50,30,60,20,50,50,40.5,71.06,70,75,19.940000000000001,30.35,75,75,28.93,75,66.150000000000006,31.88,25,31.5,30.37,25,33,35,42]
["8-13.",31.5,49.44,40,25.25,50,57.75,47.25,50,26.25,40,35,90,26.25,27.56,42,50,24,50,80,51,52.5,20,50,40.49,71.06,85,75,19.64,30,56.87,20,75,25,27,66.150000000000006,31.88,75,25,23.15,31.5,30.37,25,33,35,80,25,31.5,58.53,40,25.25,47.25,50,26.25,44.33,80,32,80,26.25,26.25,18,42,50,24,50,80,20,50,48,71.06,80,21,75,19.940000000000001,21,75,23.15,27,66.150000000000006,31.88,25,30.37,25,33,85,30,25,35.5,31.5,52.02,40,25.25,57.75,25,57.75,47.25,28.93,60,35,80,26.25,30.37,18,42,50,24,52,50,50,70,20,50,50,40.5,71.06,70,75,19.940000000000001,30.35,75,52.5,28.93,75,66.150000000000006,31.88,25,31.5,30.37,25,33,35,80]
["8-14.",14.43,19.64,15,20,20,20,17.850000000000001,17.32,20,15,18,17.5,15.75,15.79,19,20,12.6,19.010000000000002,15,20,13.89,18.75,17,17.350000000000001,19.079999999999998,15.75,18.25,16.5,21,17.32,19.41,17.059999999999999,12.5,20,19.07,0,19.82,15.75,19,17.350000000000001,18.21,17.25,19.95,13,19.84,17.5,14.43,19.64,15,17.5,17.850000000000001,17.32,20,11.67,19.28,18,17.5,15.75,18.75,12.5,19,20,14.5,18.37,15,18.8,18.5,18,19.079999999999998,15.75,17.850000000000001,18.25,16.5,19.420000000000002,16.25,20.87,20,19.07,0,15.75,18.21,10,19.95,20,13,17.5,18.899999999999999,14.43,21.85,15,20,20,15.75,20,18.47,20,20,18,17.5,15.75,19.68,12,19,20,14.5,20,19.28,17,15,18.75,17.850000000000001,17.32,17.350000000000001,19.079999999999998,15.75,18.25,16.5,21,17.059999999999999,20,20,19.82,19.07,19.12,15.75,17.350000000000001,18.21,17.25,19.95,13,19.8]
["9-1.",466.62,518.17999999999995,371.25,364.14,435,432.6,439.92,435,455.33,461.44,433,452,432.91,413.43,450,401.2,420,374.85,404,458.92,454.77,430,450,393.59,473.55,500,392.5,374,498,374,412,456,385,496.12,480.86,519,417.2,353,470,441,521,446.58,404,392,452,412.5,466.62,518.17999999999995,470.25,392.7,450.43,453,451.5,432.37,475,485,452,453,413.43,494,450,320,435,374.85,404,525,365.87,348.02,497.88,525,495,392.5,374,412.33,456,477,493.5,520,515,353,521,395.03,404,475.65,392,412.5,330.75,466.62,518.17999999999995,470.25,374.33,416.85,466.2,462,466.01,474.07,466.62,433,452,475.65,434,494,450,401.2,444,458.92,374.85,450,404,525,399.84,450,393.59,473.55,525,392.5,374,475.09,456,533,493.5,472.5,485.67,500,353,441,521,446.58,404,392,530]
["9-2.",47.76,46.74,51.97,49.35,48.5,47.25,46.28,44.44,46.3,42,35.31,38,50,46.17,44,35.4,40,36.450000000000003,45.36,34.340000000000003,48.5,48,38.85,34.72,48.51,50,39.25,33,43.8,34.65,46,48,44,50.4,48.51,50.4,39.25,33.07,44,44,49.61,45.62,41.33,44,44.1,44,47.76,51.27,51.97,42,47.4,50.4,44.1,43.84,38.270000000000003,50,40,50,46.17,44,44,41.3,40,36.450000000000003,45.36,46.5,37.4,43.94,51.03,50,50,39.25,33,46.2,48,50,50.4,50,51.91,33.07,49.61,44.71,41.33,50,44,44,49.08,47.76,51.27,51.97,49.35,42,49.5,47.25,47.4,46.3,49.61,35.31,40,50,46.17,44,44,35.4,40,34.340000000000003,36.450000000000003,38.85,45.36,48,38.799999999999997,50.4,34.72,48.51,50,39.25,33,44,48,53,50.4,50,48.99,50.4,33.07,44,49.61,47.25,41.33,44,44]
["9-3.",45.49,63.42,57.42,65.099999999999994,48.5,57.75,64.05,60.55,60.63,55,31,65,62.98,63,57.75,64.900000000000006,46.5,57.75,64.8,34.340000000000003,50.92,65,57.75,62.5,66.69,60,63.25,54,66.41,60.5,46,52.92,62.75,61.74,66.150000000000006,65.099999999999994,63.04,60,46.78,60.5,65.62,63.58,49.9,60,66,60.61,45.49,63.42,57.42,62.37,63.51,60.55,60.63,58,66.67,64.5,50,62.98,66.150000000000006,44,57.75,47.2,46.5,57.75,64.8,62.75,61.2,68.33,66.64,60,64,63.25,54,46.2,52.92,62.37,61.74,66.150000000000006,67.790000000000006,60,65.62,54.05,49.9,63,60,60.61,64,45.49,64.05,57.42,64.05,52.5,64.05,57.75,64.05,64.819999999999993,63,31,65,62.98,66.150000000000006,44,57.75,64.900000000000006,46.5,34.340000000000003,57.75,57.75,64.8,65,64.680000000000007,60.55,62.5,66.66,60,63.25,54,66.41,50.4,65.459999999999994,61.74,57.82,66.150000000000006,65.099999999999994,60,60.5,65.62,64,49.9,60,66]
["9-4.",87.77,89.45,67.5,66.150000000000006,80,78.75,79.489999999999995,75,84.89,70,74.900000000000006,85,78.75,76.069999999999993,79,74.34,76.569999999999993,66,70.2,78.52,82.75,78,86.62,72.92,86.62,80,73.95,63,87.8,72.760000000000005,80,84,78.5,82.68,81.41,87.1,79.739999999999995,52,77.099999999999994,70.400000000000006,88,81.27,78.55,73,81,75,87.77,89.45,73.8,72.760000000000005,79.89,93.45,84.89,77.3,74.900000000000006,95,85,86.1,83.86,72,79,50,79,66,70.2,86,68.930000000000007,52.72,90.72,100,91,73.95,63,80.849999999999994,84,89,82.68,95,91.45,52,88,64.400000000000006,78.55,85,73,75,64,87.77,89.45,69.3,68,76.650000000000006,80.849999999999994,78.75,81.84,84.32,80.849999999999994,74.900000000000006,85,86.1,83.86,72,79,74.34,78.5,78.52,66,86.62,70.2,79,74.08,77,72.92,86.62,80,73.95,63,88,84,88,82.68,84,82.22,87.1,52,70.400000000000006,88,81.27,78.55,73,81]
["9-5.",92.15,87.05,89.25,86.1,93.5,73.5,88.9,85,91.5,80,74.900000000000006,90,89.25,85.65,90,82.6,85.07,85,86.4,85.89,92.4,92,80.849999999999994,81.02,89.13,90,90,70,97.6,80.849999999999994,80,93.33,95,95,93.49,94.5,85.89,76.650000000000006,80.95,84.5,94.5,89.32,96.46,76,88.15,85,96.76,97.64,103.95,78.75,89.32,88.39,91.5,84.61,81.16,100,90,99.99,89.83,89,90,63,88,85,86.4,91.3,81,64.58,96.39,100,95,90,70,80.849999999999994,102,92,99,100,99.22,76.650000000000006,99.22,74.03,96.46,81.900000000000006,76,85,68.25,96.76,97.64,103.95,88.51,84,93.5,73.5,89.32,96.07,93.71,74.900000000000006,90,99.99,89.93,89,90,82.6,85,85.89,85,80.849999999999994,86.4,92,90,85,81.010000000000005,89.13,95,90,70,97.75,93.33,92,99,94.5,94.43,94.5,76.650000000000006,84.5,94.5,89.32,96.46,76,88]
["9-6.",87.77,89.02,77.62,75.069999999999993,97.9,78.75,86.26,86.24,91.5,75,74.900000000000006,71.66,90.55,77.17,84,76.7,81,68.25,91.8,78.52,98.17,89,93.5,75.239999999999995,90.95,95,76.25,71.5,95,75.069999999999993,80,94.69,89,94.5,86.81,98.53,79.739999999999995,68,82.75,70.400000000000006,100,92,81.05,77,89.25,85.5,92.16,106.36,82.71,75.069999999999993,89.71,112,87.15,85,74.900000000000006,110,71.66,111.1,85.07,94,84,50,82.95,68.25,91.8,95,68.930000000000007,52.72,104.33,110,100,76.25,71.5,80.849999999999994,106.8,97,94.5,111,98.54,68,105,65.84,81.05,85,77,85.5,64,92.16,106.36,78.989999999999995,77.17,87.15,92.16,78.75,90.14,96.07,96.75,74.900000000000006,71.66,111.1,85.07,94,84,76.7,82.95,78.52,68.25,93.5,91.8,90,76.44,87.77,75.239999999999995,95.49,95,76.25,71.5,95.3,106.8,97,94.5,105,87.69,98.54,68,70.400000000000006,100,100,81.05,77,91.35]
["9-7.",278.25,300,277.2,267.75,242.55,262.5,275,157.5,231.52,280,175,168,278.25,143.32,250,147.5,167.25,247,270,268.77999999999997,275.62,265,265.64999999999998,144.69999999999999,288.75,275,150,235,297.94,258.5,291.5,240,270,270,287.83,300.98,153.35,148,292.16000000000003,252,292.95,235,148.5,265,278.25,205,292.16000000000003,300,277.2,259.08,288.75,157.5,220.5,242.47,311.37,280,168,279,158,278,250,148,167,247,270,310,132.56,130.49,302.63,275,308,150,235,291.5,240,307,270,310,300.98,148,292.95,209.16,148.5,300,265,205,122,278.25,300,277.2,275.25,243.6,283.5,262.5,288.75,266.22000000000003,270,175,168,292.95,158,278,250,147.5,167,268.77999999999997,247,265.64999999999998,270,310,147,157.5,144.69999999999999,288.75,275,150,235,297.94,240,292,270,300,287.83999999999997,300.98,148,252,297.67,235,148.5,265,310]
["9-8.",75.83,70.91,69.3,61.42,75.05,68.25,62.52,66,68.290000000000006,61.6,65,70,73.33,54.69,72,47.2,53.5,48.61,66.95,53.98,63.66,72,47.25,72.760000000000005,72.73,75,52,44,58.5,46.2,69,72.47,68,73.5,60.09,74.08,49.07,41,60,53.25,72.760000000000005,59.42,57.88,49,57.3,70.709999999999994,75.83,70.91,72.150000000000006,47.25,62.52,78.75,65.040000000000006,61.89,73.08,78,70,73.33,54.69,77,72,41.3,53.5,48.61,66.959999999999994,71.25,52,46.13,72.59,75,77,52,44,69.3,78,78.27,73.5,77,76.31,41,72.760000000000005,50.74,57.88,70,49,70.709999999999994,49.08,75.819999999999993,70.91,69.3,63.14,63,79,68.25,62.52,68.290000000000006,72.760000000000005,65,70,73.33,54.69,77,72,47.2,53.5,53.98,48.61,47.25,66.95,72,51,66,72.760000000000005,72.73,75,52,44,58.65,72.47,77,73.5,77.75,60.71,76.31,41,53.25,72.760000000000005,59.42,57.88,49,57.3]
["9-8.A.",261,257.72000000000003,294,275,273,220.5,250.14,220,275,220,225,250,233.31,277,250,275,234,221.87,220,275.62,275.62,275,236.25,231.52,275,250,233.5,220,242.5,202.12,190,265,280,248.06,287.51,275.14,273.88,246,250,220.5,275.62,250,237.5,195,253,227,274.05,257.82,306.07,233.1,250.14,220,290,245,238.35,287.5,250,233.31,283.5,250,250,275,234,221.87,230,260,262.5,290,275,250,280,233.5,220,194.25,265,256.98,248.06,224.64,275.14,246,275.62,260,237.5,231,195,227,288.75,274.05,255.27,306.07,275,215.25,290,220.5,250.14,290,290,225,250,233.31,262.54000000000002,250,250,275,234,275.62,221.87,236.25,220,275,262.5,220,231.52,275,250,233.5,220,242.8,292.05,275,248.06,275,287.51,275.14,246,220.5,275.62,282,237.5,195,253.55]
["9-9.",64.16,65.45,54,49.61,65,63,58.76,70,60.63,60,50,46.2,66.66,47.25,60,47.2,51,42,61.56,63.6,60.63,60,66,46.3,63.64,65,47.5,44,58.5,46.2,50,69.599999999999994,57.5,65,66,68.08,49.07,47,63,46,66.150000000000006,48,49.9,57,66,60,64.16,65.45,64.349999999999994,44.1,60.82,70,57.75,58,65.27,66,46.2,66.66,49.61,63,60,51.92,51,42,61.56,61.5,47.25,55.24,67.87,65,69,47.5,44,51.97,69.599999999999994,71.069999999999993,65,70,68.08,47,66.150000000000006,45,49.9,70,57,60,61,64.16,65.45,54,49.61,56.7,65,63,60.8,63.66,69,50,46.2,66.66,49.61,63,60,47.2,51,63.6,42,66,61.56,60,47.04,70,46.3,63.64,70,47.5,44,58.65,65.88,69,65,67,66.66,66.150000000000006,47,46,66.150000000000006,50,49.9,57,66]
["9-10.",69.989999999999995,94.36,75,75.069999999999993,82,78.75,79,68.25,84.89,70,66.34,70,78.75,72.91,80,74.34,75,63,86.4,76.069999999999993,81.900000000000006,78,86.62,69.45,86.62,80,70.5,60,87.8,69.3,77,85.2,89,82.68,82.68,85.99,73.61,59,74.97,69,89.25,84.33,73.599999999999994,76,82.5,75,69.989999999999995,94.36,104.5,104.5,81.61,68.25,84.89,79,69.650000000000006,99,70,85.1,69.45,89,80,63,76.56,63,86.4,89,66.8,59.31,95.04,90,94,70.5,60,78.540000000000006,85.2,91,82.68,102,90.28,59,95,68.86,73.599999999999994,85,76,75,64,69.989999999999995,94.36,78,75.069999999999993,81.900000000000006,81.900000000000006,78.75,80.489999999999995,86.81,88,66.34,70,85.1,76.56,89,80,74.34,76.56,76.069999999999993,63,86.62,86.4,80,74,68.25,69.45,86.62,85,70.5,60,87.9,85.2,97,82.68,95,83.52,85.99,59,69,95,84.33,73.599999999999994,76,82.65]
["9-11.",11.66,12.24,11.55,10.39,11.5,10.5,12.38,11.5,12.45,11,12,12,12.07,12.12,12.5,11.8,12,12,10.8,11.55,11.57,12.5,11.55,11.57,12.72,12,12.05,10,12.67,11.55,12.2,9.26,10.5,12.6,12.39,12.67,12.03,10.25,12,11.55,12.67,10.35,11.85,8.75,12.12,12.12,11.66,12.36,11.55,12.6,12.38,12.43,12.69,11.45,12.84,12,12,12.78,12.72,11,12.5,10,12,12,10.8,12.5,10.6,7.89,12.96,12.75,12.6,13,10,12.9,9.26,12.87,12.6,13,12.67,10.25,12.67,10.35,11.85,12.6,8.75,12.12,8.4,11.66,12.36,11.55,10.68,11.55,12.07,10.5,12.38,12.72,12.07,12,12,12.78,12.12,11.25,12.5,11.8,12,12.72,12,11.55,10.8,12.5,11.76,12.43,11.57,12.72,12.5,13,10,12.67,9.26,12.6,12.6,12.5,12.39,12.67,10.25,11.55,12.67,10.35,11.85,8.75,12.4]
["9-12.",11.66,12.24,11.55,10.39,11.5,10.5,12.38,11.5,12.45,11,12,12,12.07,11.55,12.5,11.8,12,12,10.8,11.55,11.57,12.5,11.55,11.57,12.72,12,12.05,10,12.67,11.55,12.2,9.26,10.5,12.6,12.39,12.67,12.03,10,12,11.55,12.67,10,11.85,8.75,12.12,12.12,11.66,12.36,11.55,12.6,12.38,12.43,12.69,11.45,12.84,12,12,12.78,12.72,11,12.5,10,12,12,10.8,12.5,10.6,7.89,12.96,12.75,12.6,13,10,12.9,9.26,12.87,12.6,13,12.67,10,12.67,10.35,11.85,12.6,8.75,12.12,8.4,11.66,12.36,11.55,10.68,11.55,12.07,10.5,12.38,12.72,12.07,12,12,12.78,12.12,11.25,12.5,11.8,12,12.72,12,11.55,10.8,12.5,11.76,12.43,11.57,12.72,12.5,13,10,12.67,9.26,12.6,12.6,12.5,12.39,12.67,10,11.55,12.67,10,11.85,8.75,12.4]
["9-13.",11.66,12.24,11.55,10.39,11.5,10.5,12.38,11.5,12.45,11,12,12,12.07,11.55,12.5,11.8,12,12,10.8,11.55,11.57,12.5,11.55,11.57,12.72,12,12.05,10,12.67,11.55,12.2,9.26,10.5,12.6,12.39,12.67,12.03,10.25,12,11.55,12.67,10,11.85,8.75,12.12,12.12,11.66,12.36,11.55,12.6,12.38,12.43,12.69,11.45,12.84,12,12,12.78,12.72,11,12.5,10,12,12,10.8,12.5,10.6,7.89,12.96,12.75,12.6,13,10,12.9,9.26,12.87,12.6,13,12.67,10.25,12.67,10.35,11.85,12.6,8.75,12.12,8.4,11.66,12.36,11.55,10.68,11.55,12.07,10.5,12.38,12.72,12.07,12,12,12.78,12.12,11.25,12.5,11.8,12,12.72,12,11.55,10.8,12.5,11.76,12.43,11.57,12.72,12.5,13,10,12.67,9.26,12.6,12.6,12.5,12.39,12.67,10.25,11.55,12.67,10,11.85,8.75,12.4]
["9-14.",11.66,12.24,11.55,10.39,11.5,10.5,12.38,11.5,12.45,11,12,12,12.07,11.55,12.5,11.8,12,12,10.8,11.55,11.57,12.5,11.55,11.57,12.72,12,12.05,10,12.67,11.55,12.2,9.26,10.5,12.6,12.39,12.67,12.03,10.25,12,11.55,12.67,10,11.85,8.75,12.12,12.12,11.66,12.36,11.55,12.6,12.38,12.43,12.69,11.45,12.84,12,12,12.78,12.72,11,12.5,10,12,12,10.8,12.5,10.6,7.89,12.96,12.75,12.6,13,10,12.9,9.26,12.87,12.6,13,12.67,10.25,12.67,10.35,11.85,12.6,8.75,12.12,8.4,11.66,12.36,11.55,10.68,10.5,12.07,10.5,12.38,12.72,12.07,12,12,12.78,12.12,11.25,12.5,11.8,12,12.72,12,11.55,10.8,12.5,11.76,12.43,11.57,12.72,12.5,13,10,12.67,9.26,12.6,12.6,12.5,12.39,12.67,10.25,11.55,12.67,10,11.85,8.75,12.4]
["9-15.",40.83,60,45,28.35,55,47.25,35.729999999999997,45,48.84,35,27.5,27.56,47.25,34.72,45,29.5,33,26.25,27,30.67,54.56,45,36.75,28.93,54.56,60,30,27.5,36.6,28.87,34.5,60,41.75,60,33.39,50.85,30.66,52,34.700000000000003,30,57.75,14.85,31.24,52,44.1,51,40.83,60,66,27.56,35.729999999999997,61.25,48.84,47.25,60.99,62,27.56,61.11,36.450000000000003,50,45,56,33.25,26.25,27,55,30.87,64.56,51.25,65,60,30,27.5,34.65,60,61.25,60,65,50.85,52,60.63,35,31.24,52.5,52,51,57.75,40.83,54,49.5,29.14,45.15,51.97,47.25,35.729999999999997,12.72,49.5,27.5,27.56,61.11,36.450000000000003,50,45,29.5,33,30.67,26.25,36.75,28.25,49.5,30.87,49.5,28.93,54.56,60,30,27.5,36.65,60,57.75,60,57.75,33.72,51.83,52,30,57.75,45.25,29.65,52,44]
["9-16.",31.84,49.09,45,28.87,55,47.25,35.729999999999997,64.75,48.61,35,35,33,47.25,34.72,45,29.5,33,28.93,27,30.67,54.56,48.5,31.5,28.93,57.75,60,30,27.5,36.6,28.87,34.5,60,47,49.61,33.39,50.85,30.66,70,34.700000000000003,30,65,42.93,31.24,52,44.1,51,31.84,65.45,62.88,71.5,35.729999999999997,64.75,46.3,52,62.8,73,33,72.22,36.450000000000003,61,45,63,33.25,28.93,28,62.5,30.87,76.52,64.290000000000006,70,65,30,27.5,34.65,60,70.37,49.61,70,50.85,70,71.66,35,31.24,52.5,52,51,71.5,31.84,55.63,50.4,29.68,50.4,52.92,47.25,35.729999999999997,48.61,50.4,35,33,72.22,36.450000000000003,61,45,29.5,33,30.67,28.93,31.5,28.25,51.5,30.87,64.75,28.93,60.63,65,30,27.5,36.65,60,65,49.61,67,33.72,51.83,70,30,65,49.55,31.24,52,44]
["9-17.",30.33,45.39,39.6,42,50,47.25,45.6,65,43.05,45,27.5,34.65,46.2,46.2,45,47.2,44,42,43.2,23.37,42.44,44,47.25,46.3,48.51,35,46,32.75,50.66,44,30,48.31,43,40,48.51,50,40.18,47,58,23,49.61,43.22,35.6,26.25,37.799999999999997,35,30.33,44.95,39.96,42,45.6,65,43.05,41.45,54.57,32.75,34.65,46.62,48.51,42,45,20.059999999999999,42,42,43.2,44,42.42,21.33,56.16,35,54,47.5,32.75,31.5,48.75,49,40,50,48.95,47,49.61,20.399999999999999,35.6,50,26.25,35,27.56,30.33,45.39,40.32,42,52,45,47.25,45.6,47.46,77,27.5,34.65,46.62,46.2,42,45,47.2,43.7,23.37,42,47.25,43.2,44.5,47.04,65,46.3,48.51,36.5,46,32.75,50.71,49.19,54,40,50,48.99,49.61,47,23,49.61,40,37.5,26.25,37.799999999999997]
["9-18.",31.5,32.64,61.43,68.25,70,30,57.75,26.25,29.98,65,26.75,71.5,72.22,73.5,34.5,70,68.25,68.25,70.2,30.11,60.3,65,31.5,75.180000000000007,38.19,31.5,69.5,65,77.17,71.5,72.5,74.94,29.25,55,75.069999999999993,73.73,30.13,76,70,71.5,75.239999999999995,32.75,70,72,32.549999999999997,30,31.5,34.270000000000003,59.57,26.25,57.75,26.25,28.63,54.5,26.75,50.75,71.5,72.22,73.5,33.299999999999997,34.5,34.22,68.25,68.25,70.2,65,68.930000000000007,36.4,63.75,31.5,72,67.69,65,73.5,72.680000000000007,70.05,55,72.22,73.73,76,75.239999999999995,29,70,40,72,30,35.28,31.5,35.979999999999997,61.96,68.25,47.25,70,30,60.06,31.56,30,26.75,71.5,72.22,73.5,33.299999999999997,34.5,70,68.25,30.11,68.25,31.5,70.2,65,72.8,26.25,75.239999999999995,38.19,30,74.75,65,78.48,73.39,72.28,55,133.25,75.760000000000005,73.73,76,71.5,75.239999999999995,29,70,72,32.549999999999997]
["9-19.",5.94,14.39,6,5.25,6.05,10,7.64,10,17,15,7.49,5.77,12.6,10.5,10,5.9,6.25,5.25,14.04,6.12,8.09,12,12.6,5.78,14.3,15,11,5.5,7.3,5.77,17,6.3,10,14.33,6.35,14.33,17.36,13,13.23,5.5,14.33,12.6,5.93,13,10.5,12,5.94,14.39,6.5,5.25,7.64,10,10.73,11.33,7.49,15,5.77,12.99,10.5,7.35,10,12.98,6.25,5.25,14.04,12.95,6.3,12.53,16.2,18.18,18,11,5.5,17.5,6.3,14.7,14.33,16.5,14.33,13,14.33,11,5.93,12,13,12,14,5.94,12.95,6,5.25,9.4499999999999993,12.6,10,7.64,11.57,17,7.49,5.77,13.63,10.5,7.35,10,5.9,6.25,6.12,5.25,12.6,14.04,12,5.88,10,5.78,14.3,18.18,11,5.5,7.28,6.3,15,14.33,20.25,6.42,14.33,13,5.5,14.33,14,5.93,13,10.5]
["9-20.",69.3,109.09,90,68.25,42.4,100,62.09,10.5,19.079999999999998,100,10,55,75.83,68.25,31.5,70,68.25,64,70.2,64.27,44.55,65,26.25,75.180000000000007,30.54,21,61.5,18.02,81,57.75,50,44.1,58,62,109,79,20.05,125,71.66,71.5,75.239999999999995,25,59.4,100,22.05,100,111.1,88.36,90,68.25,65.88,10.5,19.079999999999998,65.5,18.190000000000001,110,55,75.83,68.25,110,31.5,28.32,68.25,65,70.2,65,68.25,31.48,78.760000000000005,21,75.599999999999994,70.62,18.02,52.5,44.1,73.97,62,110,78.989999999999995,125,79,24,59.4,80,95,100,33,69.3,92.73,90,68.25,84,65,100,66.87,21.03,100,10,55,75.83,68.25,70,31.5,72,68.25,64.27,70,26.25,70.2,65,76.44,10.5,75.239999999999995,30.54,21,73,18.02,82.65,44.1,75.28,66.150000000000006,141.55000000000001,108.9,79,125,71.5,79,25,59.4,100,22.05]
["9-21.",263.98,376.36,288,306,181.9,320,70.180000000000007,181.12,315,300,60,262.5,174.98,346.5,175,377.6,191,336,320,270,173.25,300,336,173.63,369.6,300,368,165,386.4,352,250,180,295,310,369.6,375.9,366.84,379,70.180000000000007,173.25,182.28,165,297,360,220.5,320,279.52,376.36,396,165,70.180000000000007,181.12,315,299.95,160.5,400,262.5,174.98,346.5,320,175,362,191,336,320,300,200,325,422.28,375,375,369.5,165,262.5,180,395,310,470,394.69,379,182.31,160,297,200,360,320,302,285.43,376.36,396,306,336,217,320,70.180000000000007,358.82,730,60,262.5,174.98,346.5,325,175,377.6,191,270,336,336,320,300,176.4,181.12,173.61,388.08,400,368,165,386.4,180,440,310,475.35,373.3,375.9,379,173.25,182.3,165,297,360,220.5]
["9-22.",349.63,528,346.5,306,220.5,504,522.5,181.12,407.92,350,155,367.5,174.98,346.5,175,400,191,380,600,357,210,300,600,173.63,532.4,500,401.5,165,509,388.5,385,170.1,250,398,595,525,401.23,600,189.22,173.25,182.28,165,415.5,525,225,489.9,354.32,475.2,346.5,165,522.5,181.12,407.92,383.5,160.5,600,367.5,174.98,346.5,560,175,437,191,425,600,300,200,400,522.54999999999995,500,462,401.5,165,404.25,170.1,472.83,398,600,520.91999999999996,600,182.31,165,415.5,200,420,489.9,400,357.56,475.2,346.5,306,409.5,217,504,522.5,449.68,575,155,367.5,174.98,346.5,560,175,400,191,357,380,600,388.85,300,176.4,181.12,173.61,532.4,500,401.5,165,510,170.1,556.6,398,550,560,497.73,600,173.25,182.3,165,415.5,525,220.5]
["9-23.",58.33,68.72,59.4,51,104.5,60,70.180000000000007,86.5,84,67.2,55,52.5,69.3,57.75,70,59,60.76,52.5,65,70,75,66,120,57.87,63.64,75,59,50,73,57.75,66,114,75,57,63.6,86.89,58.43,59,69.61,60.35,100,50,59.4,56.25,75,72,58.33,105.97,108.9,55,70.180000000000007,86.5,84,78.150000000000006,105,100,52.5,98.14,57.75,67,70,41.3,63.5,52.5,90,98,53.02,43.94,103.19,80,120,59,50,69.3,114,117,57,135,91.23,59,100,42,59.4,75,56.25,72,42.44,58.33,95.84,108.9,51,90,77,60,70.180000000000007,88.2,150,55,52.5,98.14,57.75,67,70,59,63.5,70,52.5,120,73,70,100,86.5,57.87,63.64,90,59,50,73.3,114,150,57,174.35,64.239999999999995,91.23,59,60.35,100,50,59.4,56.25,76.650000000000006]
["9-24.",212.02,305.45,207.9,214.2,137.80000000000001,230,237.5,181.12,252,230,90,220.5,174.98,236.25,157.5,247.8,191,220.5,210,169.44,132.30000000000001,300,300,173.63,267.26,200,241.5,150,279.31,231,300,137.5,150,242,254.67,288.75,240.74,344,177.1,173.25,182.28,84,249.5,280,220.5,230,230.78,305.45,297,165,308.75,181.12,330,244.45,160.5,300,220.5,174.98,236.25,230,157.5,294,191,220.5,210,300,200,260,315.39,200,310,243,150,300,137.5,307,242,332,318.33,344,182.31,84,249.5,200,262,230,250.3,224.93,259.63,209.98,214.2,220.5,190,230,308.75,272.01,385,90,220.5,174.98,236.25,230,157.5,247.8,191,169.44,220.5,300,220,300,176.4,181.12,173.61,267.26,275,243,150,279.52,137.5,300,242,321.75,269.82,291.72000000000003,344,173.25,182.3,84,249.5,280,220.5]
["9-25.",262.48,278.18,250,231,270,267.75,266.64,250,267.89999999999998,252,240.75,262.5,262.5,254.67,260,233.64,246,218.4,259.2,276.08,259.87,260,256.2,229.2,284.13,290,229.2,217.8,290,228.69,290,274.5,209.5,288.75,254.4,294,245.41,207,262.5,241.5,288,259.89999999999998,235,235,275.10000000000002,297.98,262.48,300,308,285,278.11,310.8,283.33999999999997,260.5,252.78,310,262.5,281.06,242.55,250,260,200,252.7,218.4,259.2,293,212.1,212.22,310.62,325,295,229.2,217.8,291.06,308.60000000000002,307,288.75,305,308.22000000000003,207,302.39999999999998,224.63,235,290,235,297.98,198.45,262.48,300,308,237.47,260.39999999999998,280,267.75,272.82,289.37,288.75,240.75,262.5,281.06,267.39999999999998,255,260,233.64,252.7,276.08,218.4,256.2,259.2,265,232.84,255,229.2,284.13,300,229.2,217.8,290,279.99,295,288.75,300,279.85000000000002,294,207,241.5,288,259.89999999999998,235,235,275.10000000000002]
["9-26.",419.96,490.91,406.8,396.9,435,420,446.37,331.98,441,405,427,470,427.14,414.75,420,424.8,425,415,388.8,458.92,477.51,500,315,333.38,464.57,500,415.5,316.8,478.8,415.8,412,456,367,452.02,453.56,483,438.25,374,408.4,393.75,350.01,461.92,424,420,472.4,500,419.96,490.91,419.5,332.64,448.6,331.8,420,420.35,462,485,470,419.5,414.75,425,420,311.52,424.11,415,388.8,500,387.08,348.02,483.84,525,484,415.5,316.8,412.33,456,461.59,452.02,515,482.61,374,350.05,382.57,424,441,420,500,320.82,419.96,490.91,407.74,408,420,383.25,420,446.37,463.01,458.85,427,470,440.04,457.25,420,420,424.8,426,458.92,415,315,388.8,500,387.08,331.98,333.39,464.57,500,415.5,316.8,479.16,456,489,452.02,475,458.1,483,374,393.75,350.05,461.92,424,420,500]
["9-27.",47.76,48,45.67,40.950000000000003,48.3,45,40.82,43.5,43.98,44,34,38,46.66,43.98,44,36.46,38.270000000000003,36.450000000000003,43.2,34.340000000000003,48.51,47,36.75,34.72,48.51,45,39.5,30,43.9,34.65,46,48,41.75,47.25,40.06,49.35,36.799999999999997,30.97,41.67,38.85,46.3,39.869999999999997,39.369999999999997,39.5,44.1,45.45,47.76,48,50.82,38.85,40.83,48.65,41.89,40.950000000000003,34.65,48.5,38,46.66,46.17,44,44,30.9,38.270000000000003,36.450000000000003,43.2,49,35,32.94,48.81,50,47.25,39.5,30,46.2,48,48.28,49.35,47,49.35,30.97,46.3,31.82,39.369999999999997,46.2,39.5,45.45,34.9,47.76,48,50.82,42.1,40.950000000000003,48,47.25,40.83,43.98,48.51,34,38,46.66,46.17,44,44,36.46,38.270000000000003,34.340000000000003,36.450000000000003,36.75,43.2,47,38.799999999999997,44,34.72,48.51,50,39.5,30,44,48,46,49.35,48.5,40.450000000000003,49.35,30.97,38.85,46.3,39.869999999999997,39.369999999999997,39.5,44]
["9-28.",45.49,62.18,55.44,63,48.3,57.75,63,59.85,61.74,56,64.2,52,60.65,63,57.5,60,46.5,57.75,60,42.93,50.92,64,57.75,60.19,63.06,65,63.25,52,66.41,60.5,46,48,63,60.63,62,66.150000000000006,63.04,50,60.19,60.5,63.15,63,49.9,60,63,56.57,45.49,62.18,55.44,60.06,62.92,59.85,61.74,56.2,63,56,52,60.65,63,44,57.5,47.2,46.5,57.75,58,64.5,58.32,52.72,63.5,65,64.05,64,52,46.2,48,60.92,60.63,62,66.150000000000006,50,63.19,51.75,49.9,62,60,56.57,63.5,45.49,62.18,55.44,63,52.5,60,57.75,63,64.819999999999993,60,64.2,52,60.65,63,44,57.5,60,46.5,42.93,57.75,57.75,58,64,64.680000000000007,59.85,60.19,63.06,65,63.25,52,66.41,48,63.84,60.63,57.82,65.040000000000006,66.150000000000006,50,60.5,63.19,63,49.9,60,63]
["9-29.",87.77,81.819999999999993,67.5,66.150000000000006,80,78.75,75.290000000000006,88.9,77.17,70,64.2,80,78.75,63,60,64.900000000000006,70.19,57.75,70.2,42.93,82.75,78,86.62,64.819999999999993,86.62,85,64.75,55,80,63.52,80,84,78.5,82.68,76.33,85.95,73.599999999999994,60,69.45,60.5,85,78.2,72.180000000000007,61,82.67,75,87.77,89.45,71,63.52,74.88,88.9,73.5,73.3,64.2,91,80,94.44,66.150000000000006,72,60,47.2,70.19,57.75,70.2,81,63.63,52.72,88.56,95,88,64.75,55,80.849999999999994,84,87,82.68,92,85.99,60,89.25,51.75,72.180000000000007,85,61,75,52,87.77,89.45,69.3,68,72.45,75,78.75,76.66,81.02,83,64.2,80,94.44,66.150000000000006,72,60,64.900000000000006,70.19,42.93,57.75,86.62,70.2,79,64.680000000000007,88.9,64.819999999999993,86.58,90,64.75,55,80.650000000000006,84,85,82.68,84,77.08,85.99,60,60.5,85,78.2,72.180000000000007,61,82.65]
["9-30.",92.15,80.17,89.25,84,93.5,73.5,89.73,85,94.92,82.5,80.25,95,89.25,85.56,90,85.08,86,85.07,86.4,87.64,97.02,92,80.849999999999994,81.02,89.13,95,90,70,97.6,80.849999999999994,80,93.33,89,98.12,90.95,97.05,85.89,70.5,85,86.6,94.5,87.4,91.87,80,88.1,85,96.76,97.64,103.95,84,90.59,100.8,90.4,85.65,86.94,100,95,99.99,85.65,89,90,70.3,88,85.07,86.4,93,81,71.16,98.78,100,95,90,70,80.849999999999994,97.72,95,97.65,100,97.05,70.5,99.22,74.37,91.87,84,80,85,82.95,92.15,97.64,103.95,86.35,84,95,73.5,90.59,94.91,95.07,80.25,95,99.99,81.58,89,90,85.08,85,92.02,85.07,80.849999999999994,86.4,92,90,86.24,81.02,89.13,95,90,70,97.75,94.69,94,97.65,95,91.87,97.05,70.5,86.6,94.5,87.4,91.87,80,88.2]
["9-31.",43,44.51,44,38.58,45,36.75,43.68,41.3,46.3,40,37.450000000000003,38.5,46.66,40.950000000000003,42,41.3,42,36.75,43.2,42.93,46.2,42,42,41.67,44.56,45,43.5,38.5,46.54,40.42,46,45.35,41.75,46.2,44.52,45.52,42.1,36,41,42.4,44.94,42.17,41.5,43.5,42,41,45.15,44.95,44,42.73,43.47,44.45,44.1,41,39.32,40,38.5,46.66,45.13,44,42,30,42,36.75,43.2,46.5,38.96,32.94,45.36,50,46.2,43.5,38.5,46.2,47.43,44.25,46.2,44.7,45.52,36,44.96,36.42,41.5,42,43.5,41,31,45.15,44.95,44,39.659999999999997,44.1,44.67,36.75,44.98,46.3,55,37.450000000000003,38.5,46.66,40.950000000000003,44,42,41.3,42.5,42.93,36.75,42,43.2,43,43.21,44.45,41.67,44.56,45,43.5,38.5,46.57,46.3,46.2,46.2,48.48,44.97,45.52,36,42.4,44.96,42.17,41.5,43.5,42]
["9-31.A.",52.5,55.64,45,46.66,56,57.75,51.04,44,58,55,55,42,46.66,47.62,52.5,57,51.04,55,53.5,52.5,46.3,51,57.75,57.87,58,55,58,44,57.81,40.42,46,55,52.25,55.12,53.43,59.01,58,56.5,48.51,52.5,57.75,57.5,41.5,40,49.61,51,60,56.19,45,46.66,51.04,55,58,44,50,55,42,46.66,59.53,44,52.5,60,51.04,60,53.5,60,48.3,57.75,58.3,55,57.75,58,44,46.2,55,55.5,55.12,50.93,59.01,56.6,60.63,57.5,41.5,60,40,51,33,60,56.19,45,47.97,58,50.4,57.75,51.04,58,49.5,55,42,46.66,45.36,44,52.5,60,51.04,55.12,60,57.75,53.5,60,57.75,44,57.87,58.3,55,58,44,57.85,55,57.75,55.12,52.14,53.43,59.01,56.6,52.5,57.75,57.5,41.5,40,49.6]
["9-32.",87.77,84.27,69.989999999999995,69.3,80.5,78.75,81.36,77.77,75.599999999999994,75,69.55,67,81.650000000000006,66.150000000000006,80,70.8,76.56,63,86.4,75.95,88.2,80,93.5,69.45,86.62,100,70.5,60,87.8,69.3,80,84,78.5,85.73,86.81,90.28,73.599999999999994,71,77,66,100,88.17,71.25,91,80,77.5,92.16,103.64,99,110,82.95,87.09,69.930000000000007,81.5,73.02,105,67,87.09,69.45,89,80,50,76.56,63,86.4,87,63.63,52.72,97.2,100,100,70.5,60,80.849999999999994,84,95,85.73,107,94.79,71,100,72,71.25,83,91,77.5,50,87.77,103.64,75.599999999999994,71.239999999999995,84,88.2,78.75,82.95,88.2,105,69.55,67,91.44,66.150000000000006,89,80,70.8,76.56,75.95,63,93.5,86.4,85,70.56,84,69.45,90.95,105,70.5,60,88,84,105,85.73,97,87.69,90.28,71,66,100,88.17,71.25,91,85]
["9-33.",87.77,84.27,75.599999999999994,66.150000000000006,97.9,78.75,82.95,84,75.599999999999994,75,69.55,71.5,88.2,71.400000000000006,80,76.7,79,75.239999999999995,91.8,75.95,93.59,88,93.5,75.239999999999995,90.95,100,76.25,65,95.2,75.069999999999993,80,92.23,88,92.61,86.81,94.45,79.739999999999995,77,79.39,71.5,100,90.08,77.2,78,85.6,84,92.16,106.36,82.94,110,82.95,91.25,69.930000000000007,83.6,73.02,110,71.5,92.15,74.97,94,80,50,82.95,75.239999999999995,91.8,95,68.930000000000007,52.72,103.19,100,100,76.25,65,80.849999999999994,106.8,102,92.61,107,94.45,77,100,63.25,77.2,85,78,84,72,92.16,106.36,78.989999999999995,68,91.35,92.16,78.75,82.95,92.6,87.77,69.55,71.5,92.15,74.87,94,80,76.7,82.95,75.95,75.239999999999995,93.5,91.8,89,76.44,87.77,75.239999999999995,95.49,105,76.25,65,95.3,106.8,110,92.61,98,87.69,94.45,77,71.5,100,90.08,77.2,78,91.5]
["9-34.",299.97000000000003,272.73,197.48,137.81,212.1,262.5,246.75,157.5,183.75,280,140,141.75,230.39,148.83000000000001,200,147.5,167,131.25,226.8,204.5,222.84,228,265.64999999999998,144.69999999999999,288.75,300,145.25,125,183,144.37,250,210,209.5,241.9,160.61000000000001,281.29000000000002,153.37,130,259.08,137.5,288.75,125,148.5,250,300,219,314.97000000000003,275.45999999999998,292.05,283.5,246.75,157.5,174.82,229.8,310.3,320,141.75,268.58999999999997,141.75,278,200,116.82,167,131.25,226.8,325,132.56,130.49,314.2,315,305,145.25,125,254.1,210,307,241.9,320,281.29000000000002,130,325,225,148.5,280,250,219,122,299.97000000000003,245.46,211.5,141.66999999999999,223.65,246.75,262.5,246.75,192.72,308,140,141.75,282.01,141.75,278,200,147.5,167,204.5,131.25,265.64999999999998,226.8,236,147,157.5,144.69999999999999,288.75,300,145.25,125,183.25,210,311,241.9,300,178.46,281.29000000000002,130,137.5,288.75,125,148.5,275,300]
["9-35.",275.60000000000002,298.36,236.25,275.62,242.55,262.5,254.15,290,183.75,262.5,140,144.37,275.62,148.83000000000001,200,147.5,167,246.75,270,204.5,262.5,275,288.75,144.69999999999999,303.16000000000003,300,145.25,235,312.54000000000002,258.5,250,240,300,289.39999999999998,303.18,296.92,153.37,130,303.18,192.5,295,235,148.5,250,300,262,289.38,298.36,292.05,294,254.15,290,174.82,244.35,310.3,297,141.75,272.5,141.75,278,200,116.82,167,246.75,270,325,132.56,130.49,305.05,315,310,145.25,235,254.1,240,252.37,289.39999999999998,320,293.92,130,325,225,148.5,275,250,262,122,289.38,298.36,236.88,283.33999999999997,236.25,270,262.5,254.15,192.72,330,140,141.37,286.12,141.75,278,200,147.5,167,204.5,246.75,288.75,270,265,147,290,144.69999999999999,303.04000000000002,300,145.25,235,312.77999999999997,240,311,289.39999999999998,300,291.64,296.92,130,192.5,295,235,148.5,275,300]
["9-36.",72.22,70.91,68.25,61.42,75.05,68.25,63.18,71.75,65.94,61.6,67.41,55,68.25,54.69,72.5,48.62,53.5,48.61,64.8,55.2,63.66,71,47.25,46.3,72.760000000000005,70,52,44,58.5,46.2,69,71.37,63,74.97,60.09,73.5,49.07,41,52.09,53.25,72.760000000000005,48,52.5,50,57.3,69.7,72.22,75.819999999999993,71.08,50.4,63.79,71.75,62.84,61.4,73.08,76,55,73.33,54.69,67,72.5,43.75,53,48.61,64.8,70,52,47.46,72.59,75,72,52,44,69.3,74.33,76.069999999999993,74.97,75,75.7,41,72.760000000000005,48.3,52.51,75,50,69.7,50,72.22,75.819999999999993,69.3,63.14,63,79.5,68.25,63.79,65.98,72.760000000000005,67.41,55,73.33,54.69,67,72.5,48.62,53.5,55.2,48.61,47.25,64.8,71,51,71.75,46.3,72.73,75,52,44,58.65,72.47,72.45,74.97,77.75,60.71,73.5,41,53.25,72.760000000000005,50,52.51,50,57.3]
["9-37.",64.16,65.45,55.44,47.25,65,63,57.87,65,56.7,60,40,46.2,66.66,47.25,63,47.2,51,42,64.8,63.6,60.63,61.5,66,46.3,63.64,65,49.5,44,58.5,46.2,50,67.64,57.5,65,66,68.08,49.07,47,66.150000000000006,48.5,66.150000000000006,48,49.9,62,65.5,52,64.16,65.349999999999994,57.36,42,59.9,65,56.7,58.1,65.27,69,46.2,66.66,47.25,67,63,53.1,51,42,64.8,63.5,47.25,56.49,67.87,70,66,49.25,44,51.97,69.599999999999994,63.46,65,69,68.08,47,66.150000000000006,45,49.9,68,62,52,55.12,64.16,65.45,56.7,47.25,56.7,65,63,60.8,61.35,63,40,46.2,66.66,47.25,67,63,47.2,51,63.6,42,66,64.8,63,47.04,65,46.3,63.64,70,49.25,44,58.65,69.17,66,65,67,66.66,68.08,47,48.5,66.150000000000006,50,49.9,62,66.150000000000006]
["9-38.",5.83,12,11,10.39,8.4499999999999993,10.5,11.55,11.9,10.84,10.1,10.5,9,11.66,11.57,11,9.44,9.7200000000000006,8.5,10.8,11.02,11.57,12,11.55,9.26,12.12,11,11.5,8,11.7,9.24,12,9.26,10.5,12,11.76,11.75,9.76,8,10.9,10.65,11.57,8,9.5,10.5,11,11.11,5.83,12,11,11.55,11.55,11.9,11.49,10.4,11.5,11,9,11.66,11.02,11,11,7.08,9.7200000000000006,8.5,10.8,12,8.48,7.89,11.88,11.5,12,11.5,8,12,9.26,11.77,12,12.28,12.12,8,11.57,11,9.5,12,10.5,11.11,8.4,5.83,12,11,10.68,10.5,11.5,10.5,11.55,12,11,10.5,9,11.66,11.57,11,11,9.44,9.7200000000000006,11.55,8.5,11.55,10.8,12,9.4,11.9,9.26,12.12,11.5,11.5,8,11.72,9.26,12,12,11.75,11.76,12.12,8,10.65,11.57,8,9.5,10.5,12.1]
["9-39.",5.83,12,9.9,10.39,8.4499999999999993,10.5,11.55,11.9,10.84,10.1,10.5,8.8000000000000007,11.66,10.5,11,9.44,9.7200000000000006,8.5,10.8,11.02,11.57,12,11.55,9.26,12.12,11,11.5,8,11.7,9.24,12,9.26,10.5,12,11.76,11.75,9.76,8,10.9,10.65,11.57,8,9.5,10.5,11,11.11,5.83,12,9.9,11.55,11.55,11.9,11.49,10.4,11.5,11,8.8000000000000007,11.66,11.02,11,11,7.08,9.7200000000000006,8.5,10.8,12,8.48,7.89,11.88,11.5,12,11.5,8,12,9.26,11.77,12,12.28,12.12,8,11.57,11,9.5,12,10.5,11.11,8.4,5.83,12,9.9,10.68,10.5,11.5,10.5,11.55,12,11,10.5,8.8000000000000007,11.66,10.5,11,11,9.44,9.7200000000000006,11.55,8.5,11.55,10.8,12,9.4,11.9,9.26,12.12,11.5,11.5,8,11.72,9.26,12,12,11.75,11.76,12.12,8,10.65,11.57,8,9.5,10.5,12.1]
["9-40.",5.83,12,9.9,10.39,8.4499999999999993,10.5,11.55,11.9,10.84,10.1,10.5,8.8000000000000007,11.66,10.5,11,9.44,9.7200000000000006,8.5,10.8,11.02,11.57,12,11.55,9.26,12.12,11,11.5,8,11.7,9.24,12,9.26,10.5,12,11.76,11.75,9.76,8,10.9,10.65,11.57,8,9.5,10.5,11,11.11,5.83,12,9.9,11.55,11.55,11.9,11.49,10.4,11.5,11,8.8000000000000007,11.66,11.02,11,11,7.08,9.7200000000000006,8.5,10.8,12,8.48,7.89,11.88,11.5,12,11.5,8,12,9.26,11.77,12,12.28,12.12,8,11.57,11,9.5,12,10.5,11.11,8.4,5.83,12,9.9,10.68,10.5,11.5,10.5,11.55,12,11,10.5,8.8000000000000007,11.66,10.5,11,11,9.44,9.7200000000000006,11.55,8.5,11.55,10.8,12,9.4,11.9,9.26,12.12,11.5,11.5,8,11.72,9.26,12,12,11.75,11.76,12.12,8,10.65,11.57,8,9.5,10.5,12.1]
["9-41.",6.12,12,11,11.7,8.4499999999999993,10.5,11.55,11.9,11.55,10.1,10.5,8.9600000000000009,11.66,10.5,11,9.44,9.7200000000000006,9.82,10.8,11.02,11.57,12,11.55,9.26,12.12,11,11.5,8,11.7,9.24,12,9.26,10.5,12,11.76,12.33,9.76,8,10.9,10.65,12.14,10.73,9.5,10.5,11,11.11,6.12,12,11,12,11.55,11.9,11.5,10.4,11.88,11,8.9600000000000009,11.66,11.02,11,11,10,9.7200000000000006,9.82,10.8,12,8.48,7.89,12.47,11.5,12,11.5,8,12,9.26,11.77,12,12.39,12.12,8,12.14,10.35,9.5,12,10.5,11.11,8.4,6.12,12,11,11.7,10.5,11.5,10.5,11.55,12,11,10.5,8.9600000000000009,11.66,11.57,11,11,9.44,9.7200000000000006,11.55,9.82,11.55,10.8,12,9.4,11.9,9.26,12.12,11.5,11.5,8,11.72,9.26,12,12,11.75,11.76,12.12,8,10.65,12.14,10.73,9.5,10.5,12.1]
["9-41.A.",30.26,25.6,11.7,20,33.5,21,34,31.5,31.97,21.25,27,30,32.659999999999997,22.05,24,33.5,15.75,26.5,29.5,16.53,27.55,33.25,33.6,33.07,34.65,25,33,30.8,34.119999999999997,26.56,28,28.2,31.5,33.07,33,34.090000000000003,29.73,15,33.6,31.5,18.21,33,28.4,33.25,34.65,12.1,30.26,25.36,11.7,20,34,28.87,31.97,22,26.25,28.75,30,32.659999999999997,29.76,17.7,24,33.5,15.5,26.5,29.5,33,33.6,31.5,34.65,25,34,33,30.8,28.35,28.2,29.13,33.07,33,34.090000000000003,15,18.21,30,28.4,25.2,33.5,12.1,23,30.26,27.14,11.7,20.56,35,32,21,34,33.56,19,27,30,32.659999999999997,28.93,17.7,24,33.5,15.5,16.53,26.5,35,29.5,35,33,31.5,33.07,34.65,25,35,30.8,36.75,28.2,35,33.07,23.84,34.65,34.090000000000003,15,31.5,18.21,33,28.4,33.25,34.65]
["9-42.",17.5,18.309999999999999,17.82,18,20,20,20,21,15.01,17.5,16,17.600000000000001,18.809999999999999,17.850000000000001,20,18.88,17.5,16.5,10.8,18.739999999999998,12.72,15,15.75,18.52,19.079999999999998,13.63,18,12.28,20.28,17.600000000000001,13.2,19.68,13.6,13.23,19.5,19.75,19.25,19,22,17.600000000000001,20,12.28,17.8,17,14.75,20.2,17.5,18.309999999999999,17.82,22,22,21,14.31,17.3,20,12.28,17.600000000000001,18.809999999999999,17.850000000000001,11,20,16.52,18,16.5,11.3,15,16.96,17.559999999999999,20.41,15,20,15.95,12.28,13.86,20.309999999999999,17.61,13.23,20.55,20.73,19,20,14,17.8,18.5,17,20.2,17.5,17.5,18.14,17.82,18,13.65,18.63,20,18.899999999999999,15.77,13,16,17.600000000000001,19.420000000000002,17.850000000000001,11,20,18.88,16.86,19.5,16.5,15.75,10.8,15.5,18.809999999999999,17.739999999999998,18.52,19.079999999999998,15,15.95,12.28,20.28,19.489999999999998,16.98,13.23,14.88,19.5,19.75,19,17.600000000000001,20,12.28,17.8,17,14.85]
["9-43.",5.83,12,9.9,9.9,8.4499999999999993,10.5,11.55,11.9,10.82,10.1,10.5,8.8000000000000007,11.66,10.5,10.5,9.44,9.7200000000000006,8.5,10.8,11.02,11.02,12,11.55,9.26,12.12,11,11.5,8,11.7,9.24,12,8.82,10.5,12,11.76,11.75,9.8000000000000007,8.4499999999999993,10.9,9.24,11.57,8,9.5,10.5,11,11.11,5.83,12,9.9,11,11.55,11.9,10.95,10.35,11.5,11,8.8000000000000007,11.66,11.57,11,10.5,7.08,9.7200000000000006,8.5,10.8,12,8.48,7.89,11.88,11.5,12,11.5,8,12,8.82,11.77,12,12.28,12.12,8.4499999999999993,11.57,11,9.5,12,10.5,11.11,8,5.83,12,9.9,9.9,10.5,11.5,10.5,11.55,12,11,10.5,8.8000000000000007,11.66,10.5,11,10.5,9.44,9.7200000000000006,11,8.5,11.55,10.8,12,9.4,11.9,9.26,12.12,11.5,11.5,8,11.72,8.82,12,12,11.75,11.76,12.12,8.4499999999999993,9.24,11.57,8,9.5,10.5,12.1]
["9-44.",5.83,12,11,9.9,8.4499999999999993,10.5,10.82,11.9,10.82,10.1,10.5,8.8000000000000007,11.66,10.5,10.5,9.44,9.7200000000000006,8.5,10.8,11.02,11.02,12,11.55,9.26,12.12,11,11.5,8,11.7,9.24,12,8.82,10.5,12,11.76,12.33,9.8000000000000007,8.4499999999999993,10.9,9.24,11.57,8,9.1999999999999993,10.5,11,11.11,5.83,12,11,11,10.87,11.9,10.5,10.35,12.07,11,8.8000000000000007,11.66,11.57,11,10.5,7.08,9.7200000000000006,8.5,10.8,12,8.48,7.89,11.88,11.5,12,11.5,8,12,8.82,11.77,12,12.28,12.12,8.4499999999999993,11.57,11,9.5,12,10.5,11.11,8,5.83,12,11,10.18,10.5,11.5,10.5,11.41,12,11,10.5,8.8000000000000007,11.66,11.57,11,10.5,9.44,9.7200000000000006,11.34,8.5,11.55,10.8,12,9.4,11.9,9.26,12.12,12.07,11.5,8,11.72,8.82,12,12,11.91,11.76,12.12,8.4499999999999993,9.24,11.57,8,9.5,10.5,12.1]
["9-44.A.",30.26,25.6,11.7,20,33.5,21,34,31.5,31.97,21.25,27,30,32.659999999999997,22.05,24,33.5,15.18,26.5,29.5,16.53,26.25,33.4,33.6,33.07,33,26.25,33,30.8,34.119999999999997,26.56,28,28.2,31.5,33.07,33,34.090000000000003,29.73,15,33.6,31.5,18.21,33,28.4,33.5,33.6,12.1,30.26,25.36,11.7,20,34,28.87,30.45,22,26.25,28.75,30,32.659999999999997,29.76,17.7,24,33.5,27.5,26.5,29.5,33,33.6,27.72,33,26.25,34,34.5,30.8,28.35,28.2,29.13,33.07,33,34.090000000000003,15,18.21,30,28.4,25.2,33.5,12.1,23.15,30.26,27.14,11.7,20,35,32,21,34,33.56,19,27,30,32.659999999999997,26.25,17.7,24,33.5,15.75,16.53,26.5,35,29.5,35,33,31.5,33.07,34.65,26.25,36.5,30.8,36.75,28.2,35,33.07,23.84,34.65,34.090000000000003,15,31.5,18.21,33,28.4,33.5,33.6]
["9-45.",5.83,12,9.9,9.9,8.4499999999999993,10.5,11.55,11.9,10.82,10.1,10.5,8.8000000000000007,11.66,10.5,11,9.44,9.7200000000000006,8.5,10.8,11.02,11.02,12,11.55,9.26,12.12,11,10.5,8,11.7,9.24,12,9.26,10.5,12,11.76,12.12,9.8000000000000007,8.4499999999999993,10.9,9.24,11.57,8,9.5,10.5,11,11.11,5.83,12,9.9,11,11.55,11.9,10.5,10.35,11.5,11,8.8000000000000007,11.66,11.57,11,11,7.08,9.7200000000000006,8.5,10.8,12,8.48,7.89,11.88,11.5,12,10.5,8,12,9.26,11.77,12,12.28,12.12,8.4499999999999993,11.57,11,9.5,12,10.5,11.11,8,5.83,12,9.9,9.9,10.5,11.5,10.5,11.55,12,11,10.5,8.8000000000000007,11.66,10.5,11,11,9.44,9.7200000000000006,11,8.5,11.55,10.8,12,9.4,11.9,9.26,12.12,11.5,10.5,8,11.72,9.26,12,12,11.75,11.76,12.12,8.4499999999999993,9.24,11.57,8,9.5,10.5,12.1]
["9-46.",5.83,12,9.9,9.9,8.4499999999999993,10.5,11.55,11.9,10.82,10.1,10.5,8.8000000000000007,11.66,10.5,11,9.44,9.7200000000000006,8.5,10.8,11.02,11.02,12,11.55,9.26,12.12,11,10.5,8,11.7,9.24,12,9.26,10.5,12,11.76,12.12,9.8000000000000007,8.4499999999999993,10.9,9.24,11.57,8,9.5,10.5,11,11.11,5.83,12,9.9,11,11.55,11.9,10.5,10.35,11.5,11,8.8000000000000007,11.66,11.57,11,11,7.08,9.7200000000000006,8.5,10.8,12,8.48,7.89,11.88,11.5,12,10.5,8,12,9.26,11.77,12,12.28,12.12,8.4499999999999993,11.57,11,9.5,12,10.5,11.11,8,5.83,12,9.9,9.9,10.5,11.5,10.5,11.55,12,11,10.5,8.8000000000000007,11.66,10.5,11,11,9.44,9.7200000000000006,11,8.5,11.55,10.8,12,9.4,11.9,9.26,12.12,11.5,10.5,8,11.72,9.26,12,12,11.75,11.76,12.12,8.4499999999999993,9.24,11.57,8,9.5,10.5,12.1]
["9-47.",5.83,12,9.9,9.9,8.4499999999999993,10.5,11.55,11.9,10.31,10.1,10.5,8.8000000000000007,11.66,10.5,11,9.44,9.7100000000000009,8.5,10.8,11.02,11.02,12,11.55,9.26,12.12,11,10.5,8,11.7,9.24,12,9.26,10.5,12,11.76,12.12,9.8000000000000007,8.4499999999999993,10.9,9.24,11.57,8,9.5,10.5,11,11.11,5.83,12,9.9,11,11.55,11.9,10.5,10.35,11.5,11,8.8000000000000007,11.66,11.57,11,11,7.08,9.7200000000000006,8.5,10.8,12,8.48,7.89,11.88,11.5,12,10.5,8,12,9.26,11.77,12,12.28,12.12,8.4499999999999993,11.57,11,9.5,12,10.5,11.11,8,5.83,12,9.9,9.9,10.5,11.5,10.5,11.55,12,11,10.5,8.8000000000000007,11.66,10.5,11,11,9.44,9.7200000000000006,11,8.5,11.55,10.8,12,9.4,11.9,9.26,12.12,11.5,10.5,8,11.72,9.26,12,12,11.75,11.76,12.12,8.4499999999999993,9.24,11.57,8,9.5,10.5,12.1]
["9-48.",5.83,12,9.9,9.9,8.4499999999999993,10.5,11.55,11.9,10.82,10.1,10.5,8.8000000000000007,11.66,10.5,11,9.44,9.7200000000000006,8.5,10.8,11.02,11.02,12,11.55,9.26,12.12,11,10.5,8,11.7,9.24,12,9.26,10.5,12,11.76,12.12,9.8000000000000007,8.4499999999999993,10.9,9.24,11.57,8,9.5,10.5,11,11.11,5.83,12,9.9,11,11.55,11.9,10.5,10.35,12.07,11,8.8000000000000007,11.66,11.57,11,11,7.08,9.7200000000000006,8.5,10.8,12,8.48,7.89,11.88,11.5,12,10.5,8,12,9.26,11.77,12,11.9,12.12,8.4499999999999993,11.57,11,9.5,12,10.5,11.11,8,5.83,12,9.9,9.9,10.5,11.5,10.5,11.55,12,11,10.5,8.8000000000000007,11.66,10.5,11,11,9.44,9.7200000000000006,11,8.5,11.55,10.8,12,9.4,11.9,9.26,12.12,11.5,10.5,8,11.72,9.26,12,12,11.75,11.76,12.12,8.4499999999999993,9.24,11.57,8,9.5,10.5,12.1]
["9-49.",14.33,13.74,9.9,14,14,12.6,13.65,11.9,13.46,13,13.5,13.2,11.66,13.65,13,14.16,13.5,12.5,10.8,14.01,12.12,12.5,11.55,11.57,13.99,13.63,14.45,11,14.49,13.2,14,14.27,13.6,13.23,14,14.33,14.16,14,16.5,13.2,12.14,12,13.55,13.75,14,11.11,14.33,13.61,9.9,10.5,13.65,11.9,12.82,12.9,14,11,13.2,11.66,14.33,13,13,12.98,13.25,12.5,10.8,12.5,12.72,13.15,14.28,13.63,12.6,14.45,11,14.75,14.27,12.43,12.6,14.3,14.33,14,12.14,11,13.55,13,13.75,11.11,14.5,13.65,13.48,9.9,14,12.6,12.07,12.6,14.01,13.89,14,13.5,13.2,11.66,13.65,13,13,13,13.25,14.01,12.5,11.55,10.8,12.5,14.11,11.9,11.57,13.99,13.63,14.45,11,14.49,14.3,13.67,13.23,14.17,14.38,14.33,14,13.2,12.14,12,13.55,13.75,14]
["9-50.",11.66,16.829999999999998,13.86,17.600000000000001,17,13.65,18.899999999999999,15.3,17.850000000000001,13,17.5,19.8,17.5,14.7,15,17,15,19,16.2,14.01,14.87,16,15.75,15.61,19.079999999999998,18.87,16,13.5,19.649999999999999,19.8,19.8,18,18.899999999999999,18.739999999999998,19.8,19.079999999999998,19.079999999999998,20,17.32,13.2,16.38,18,18.45,18,18.72,11.11,11.66,16.84,13.86,14.18,18.899999999999999,15.3,17.850000000000001,16.2,18,16.8,15,17.5,15.43,13,15,12.98,14.58,19,16.2,16,18.18,13.8,19.04,18.18,16.8,16.5,13.5,19,18,17.53,18.739999999999998,19.2,19.54,20,16.39,20.7,18.45,15,17.75,11.11,14.5,11.66,16.829999999999998,13.86,17.600000000000001,17.850000000000001,16.3,13.65,18.899999999999999,18.739999999999998,22,17.5,19.8,17.5,15.43,13,15,17,14.58,14.01,19,15.75,16.2,16,18.899999999999999,15.3,15.61,19.079999999999998,18.87,17,13.5,19.670000000000002,18,16.87,18.739999999999998,16.07,19.7,19.079999999999998,20,13.2,16.39,18,18.45,18,18.72]
["9-51.",14.44,13.74,13.86,12.6,15,12.6,14.7,15.3,12.6,12,14.5,13.2,15.75,14.7,15,14.16,14,12.5,12.96,14.01,14.87,13.8,15.75,13.89,15.27,15,14.25,12,15.96,13.86,12,15.15,13.6,15.75,14.55,15.97,14.59,14,14.87,13.2,15.61,12,14.25,15,14.17,11.11,15.16,15.48,13.86,14.18,14.7,15.3,12.6,13.55,15.75,14,13.2,15.75,15.43,13,15,5.9,14,12.5,12.96,14,12.72,6.26,15.12,15,15,14.25,12,12.6,15.37,15.77,15.75,15.4,15.43,14,15.61,12.8,14.25,13,15,11.11,7.71,15.16,15.48,13.86,12.6,14.7,14.7,12.6,15.07,13.89,16.5,14.5,13.2,15.75,14.7,13,15,14.16,14.25,14.01,12.5,15.75,12.96,14,14.11,15.3,13.89,15.27,15,14.25,12,15.97,15.37,15.22,15.75,15.31,14.68,15.97,14,13.2,15.61,12,14.25,15,14.7]
["9-52.",14.55,15.48,13.86,10.5,15,12.6,13.69,15.3,13.23,12,12.84,11,13.86,14,15,11.8,12.5,10.5,12.96,14.01,12.12,16,15,11.57,15.27,15,12.5,10,14.6,11.55,15.6,14.49,13.6,14.55,14.55,15.27,12.23,12,14.85,11,14.87,10,11.85,13,14,14.14,14.55,15.48,13.86,14.18,13.69,15.3,12.6,13.15,12.84,14,11,13.86,15.43,13,15,5.9,12.14,10.5,12.96,16,10.6,6.26,15.12,15,16,12.5,10,16,15.1,15.91,14.55,15.9,15.15,12,15.61,12.8,11.85,13,13,14.14,7.71,14.55,15.48,13.86,10.5,13.65,15.53,12.6,13.95,13.89,16.5,12.84,11,14.43,14.7,13,15,11.8,12.14,14.01,10.5,15,12.96,16,11.76,15.3,11.57,15.27,15,12,10,14.65,14.64,15.22,14.55,15.22,14.68,15.27,12,11,14.87,10,11.85,13,14]
["9-53.",11.66,15.48,13.86,13.2,14.5,12.6,14.7,15.3,14.33,12,14.5,13.2,14.49,14.7,15,14.16,12.5,12.5,12.96,14.01,14.17,13.8,15.75,13.89,15.27,15,14.85,12,15.96,13.86,13.2,15.15,13.6,15.21,14.55,15.6,14.59,14,14.85,13.2,15.61,12,14.25,15.5,14.5,14.14,11.66,15.48,13.86,14.18,14.7,15.3,12.6,13.64,15,16,13.2,14.49,15.43,13,15,5.9,12.14,12.5,12.96,16,12.72,6.57,15.87,15,15,14.85,12,13.86,15.37,15.91,15.21,16,15.43,14,15.61,12.8,14.25,13,15.5,14.14,7.71,11.66,15.48,13.86,13.2,13.65,15.53,12.6,15.07,13.89,16.5,14.5,13.2,14.7,15.43,13,15,14.16,12.14,14.01,12.5,15.75,12.96,16,14.11,15.3,13.89,15.27,15,14.25,12,15.97,15.37,15.22,15.21,15.31,14.68,15.43,14,13.2,15.61,12,14.25,15.5,15.4]
["9-54.",11.66,13.74,13.86,13.2,15,12.6,15.75,15.3,14.33,14,14.75,13.2,16.670000000000002,14.7,15,14.16,14.5,12.5,14.58,14.01,16.5,16,15.75,13.89,16.36,15,14.85,12,15.96,13.86,13.2,15.53,13.6,15.58,15.75,16.53,14.59,12.3,15.15,13.2,16.38,12,14.25,16,14.7,14.14,11.66,14.02,13.86,14.18,15.75,15.3,12.6,13.94,15,16.8,13.2,16.670000000000002,15.43,13,15,5.9,14,12.5,14.58,16,12.72,6.57,17.28,15,16,14.85,12,13.86,15.57,15.91,15.58,17.2,16.399999999999999,12.3,15.61,12.8,14.25,13,16.25,14.14,7.71,11.66,13.88,13.86,13.2,16,15.53,12.6,15.75,13.89,16.5,14.75,13.2,16.670000000000002,16.2,13,15,14.16,14.25,14.01,12.5,15.75,14.58,16,14.11,15.3,13.89,16.36,15,14.25,12,15.97,16.010000000000002,16.82,15.58,15.67,15.75,16.53,12.3,13.2,15.61,12,14.25,16,14.7]
["9-55.",11.66,15.48,13.86,12.6,15,12.6,14.7,15.3,14.33,13.5,14.75,13.2,14.7,14.7,15,14.16,12.5,12.5,12.96,14.7,14.17,14,15.75,13.89,15.27,15,14.85,12,15.96,13.86,13.2,15.37,13.6,15.43,14.55,15.6,14.59,12.3,14.15,13.2,15.61,12,14.25,15.5,14.7,14.14,11.66,15.48,13.86,14.18,14.7,15.3,12.6,13.58,15,16,13.2,14.7,15.43,12,15,5.9,12.5,12.5,12.96,16,12.72,6.57,15.87,15,15,14.85,12,13.86,15.37,15.91,15.43,16,15.43,12.3,15.61,12.8,14.25,13,15.5,14.14,7.71,11.66,15.48,13.86,12.6,13.65,15.53,12.6,15.21,13.89,16.5,14.75,13.2,14.7,14.7,12,15,14.16,12.14,15.43,12.5,15.75,12.96,16,14.11,15.3,13.89,15.27,15,14.25,12,15.97,15.37,15.22,15.43,15.22,14.68,15.43,12.3,13.2,15.61,12,14.25,15.5,14.7]
["9-56.",23.33,20.62,21.78,18.899999999999999,23,18.899999999999999,21.95,16.059999999999999,23.15,19,23.54,19.8,22.05,22.05,22,21.24,21,19,21.6,14.01,22.05,25,24,20.83,22.91,21,23.55,18,25,20.79,24.5,23.06,21,23.15,24.2,24.3,21.03,12.3,22.5,19.8,24.3,18,21.4,25,19,22.22,23.33,21.04,21.78,21,22.21,16.059999999999999,24.15,21.46,23.54,22,19.8,22.22,23.15,22,22,12.98,21.5,19,21.6,25,19.079999999999998,13.8,23.81,25,25,23.5,18,26.11,24.4,26.66,23.15,25,24.3,12.3,24.3,20.7,21.4,22,24,22.22,14.5,23.33,27.04,21.78,18.899999999999999,24.15,24.15,18.899999999999999,22.89,24.15,25.3,23.54,19.8,23.33,22.05,22,22,21.24,21.87,14.01,19,24,21.6,25,21.16,16.059999999999999,20.73,22.91,21,22.5,18,25.12,24.16,25.2,23.15,40.450000000000003,24.44,24.3,12.3,19.8,24.3,18,21.4,25,19]
["9-57.",11.66,17.12,13.86,12.6,15.5,15.75,16.09,15.5,15.75,14.56,18.190000000000001,14,17.5,14.7,15,17,12.14,19,16.350000000000001,14.01,17.32,16,15.75,15.61,17.170000000000002,15,17.2,13.5,18.739999999999998,13.86,13.2,17.95,18,17.850000000000001,18.5,15.44,19.079999999999998,20,15.59,13.85,16.38,12,14.25,18,17.850000000000001,15.15,11.66,17.12,13.86,14.18,15.86,15.5,15.75,15.3,18.190000000000001,14,14,17.5,15.43,16,15,9.44,12.14,19,16,16,18.18,10.53,17.86,18.18,16.8,17.2,13.5,13.86,17.57,17.82,17.850000000000001,19,15.44,20,16.39,13.8,14.25,17,17.75,15.15,10,11.66,17.12,13.86,12.6,16.8,16.3,15.75,16.12,17.350000000000001,18,18.190000000000001,14,17.5,15.43,16,15,17,12.14,14.01,16,15.75,16,16,18,15.5,15.61,17.170000000000002,15,16.5,13.5,18.739999999999998,17.989999999999998,17.77,17.850000000000001,17.32,18.5,15.44,20,13.85,16.39,12,14.25,18,17.850000000000001]
["9-58.",6.12,12.6,10.89,12.1,12.6,12.6,14,11.9,12.07,11.2,12.75,12.1,11.66,12.6,11,12.98,12.5,11.5,12.12,12.72,12.12,12,11.55,11.57,13.33,13,13.25,10,13.94,12.7,13,13.31,13.5,13.23,13.12,13.35,12.6,13,11.55,12.1,11.57,11,12.45,13,13.63,12.12,6.12,13.09,10.89,11,14,11.9,10.5,11.83,13,11,12.1,11.66,12.6,11,11,8.26,12.25,11.5,12.11,12,11.66,8.77,13.6,13.63,12.6,13.25,10,13.5,13.3,12.07,13.23,13.64,13.34,13,12.14,12.8,12.45,12.11,13,12.12,9,6.12,12.6,10.89,12.1,12.6,12.07,12.6,13,11.57,15.4,12.75,12.1,11.66,12.6,11,11,12.98,12.5,13.35,11.5,11.55,12.11,12,12.93,11.9,11.56,13.33,15,13,10,13.94,13.53,13.06,13.23,13.12,13.12,13.35,13,12.1,12.14,11,12.45,13,13.65]
["9-59.",6.12,13.09,11.88,11.55,12.6,12.6,13.62,12.6,12.6,11.2,12.84,12.1,13.33,12.6,12.6,12.98,12.75,11.5,12.65,12.72,12.12,13,11.55,12.72,13.33,13,13.25,11,13.94,12.7,13,13.89,13.5,13.23,13.65,13.28,12.85,13,12.85,12.1,13.23,12,13.05,13,13.12,12.12,6.12,13.09,11.88,12.6,13.62,12.6,10.5,12.25,12.84,13.2,12.1,13.33,12.6,11,12.6,8.26,12.36,11.5,12.98,13,11.66,8.77,13.6,13.63,12.6,13.25,11,13.5,14.25,12.79,13.23,13.5,13.62,13,13.23,12.8,13.05,12.98,13,12.12,9,6.12,13.09,11.88,11.55,12.6,13.35,12.6,13.65,11.57,15.4,12.84,12.1,13.33,12.6,11,12.6,12.98,12.75,13.35,11.5,11.55,12.7,13,12.93,12.6,12.72,13.33,13,13,11,13.94,13.97,13.02,13.23,13.12,13.65,13.28,13,12.1,13.23,12,13.05,13,13.12]
["9-60.",15.55,13.74,15.4,12.6,14,12.6,20,13.8,13.23,13.5,14.5,13.2,15.75,14.7,14.5,14.16,12.14,12.5,12.96,14.71,14.87,13.8,15.75,13.89,15.27,15,14.25,12,15.96,13.86,13.2,15.15,13.5,15.75,14.55,15.97,14.01,13,14.85,13.2,15.61,12,14.25,15,14.8,14.14,15.55,15.48,15.4,14.18,19,15.5,12.6,13.7,15.37,14,13.2,15.75,15.43,13,14.5,5.9,12.14,12.5,12.96,14,12.72,6.57,15.12,15,15,14.25,12,13.86,15.37,15.91,15.75,15.8,15.43,13,15.61,12.8,14.25,14,15,14.14,7.71,15.55,15.48,15.4,12.6,13.65,14.7,12.6,15.2,13.89,16.5,14.5,13.2,15.75,14.7,13,14.5,14.16,12.14,14.71,12.5,15.75,12.96,14,14.11,15.5,13.89,15.27,15,14.25,12,15.97,15.37,15.22,15.75,15.14,14.68,15.97,13,13.2,15.61,12,14.25,15,15.4]
["9-61.",34.99,49.09,44.55,36.75,44,42,47.88,34.5,43.05,45,45,35,34.99,34.65,33,50,42,50.4,40.24,53,34.65,35,52.5,34.71,38.19,55,41.5,30,55.12,52.8,50,48,40.75,36.380000000000003,53,51.15,50.88,55,38.25,33,36.43,37.26,51.25,53.5,46.3,40,34.99,49.09,44.55,31.5,45.89,34.5,45.15,40.61,48,37.26,35,34.99,36.380000000000003,46,33,16.52,41.5,50.4,40.24,35,31.5,17.559999999999999,47.5,41.36,52.5,47.6,30,52.5,48,44.64,36.380000000000003,53.33,50.82,55,36.450000000000003,25,48.3,45,47,40,45,34.99,50.07,44.55,36.75,46.2,36.22,42,47.88,47.46,48,45,35,34.99,36.380000000000003,48,33,50,42.52,53,50.4,52.5,40.24,35,35.28,34.5,34.72,38.19,50,49.5,30,55.12,48,51.99,36.380000000000003,52.5,53,50.4,55,33,36.450000000000003,37.26,51.25,53.5,46.3]
["9-62.",933.24,981.82,895.5,500,935,945,945.25,750,840,925,529.65,945,992.25,578.80999999999995,735,1000,850.84,945,942,578.47,981.75,850,950,868.18,1039.5,900,864,750,1041.8599999999999,990,990,1037.5999999999999,950,839,990,992.25,1001.7,987,897.15,544.5,911.61,125,943,990,892.5,909.09,933.24,991.64,895.5,500,945.2,750,465.03,839.23,556.13,900,945,992.25,525,975,735,470.82,830,945,972,850,700,500.93,1039.5,900,990,864,750,1000,900,960.89,839,999.9,1013.72,987,911.61,150,943,800,990,909.09,625,933.24,1001.46,895.5,500,892.5,800,945,945.25,926.01,960,529.65,945,992.25,826.87,975,735,1000,850.84,578.47,945,950,942,850,700,750,868.14,1039.5,900,864,750,1041.8599999999999,1037.5999999999999,1006,839,997.5,999.9,992.25,987,544.5,911.61,125,943,990,892.5]
["9-63.",933.24,981.82,895.5,500,935,992.25,491.34,750,903.26,925,529.65,945,992.25,551.25,735,1062,850.84,945,972,578.47,981.75,850,950,868.18,1039.5,900,864,750,1086.75,990,1050,1020,950,839,990,1023.75,1001.7,987,897.15,544.5,911.61,75,943,990,892.5,945,933.24,1011.27,895.5,500,491.35,750,903.26,866.53,529.65,900,945,992.25,525,945,735,914.5,850.84,945,972,850,700,875,1039.5,900,1030,864,750,1029.25,875,1047.55,839,999.9,1006.42,987,911.61,165,943,840,990,945,800,933.24,1001.46,895.5,500,892.5,800,992.25,491.35,926.01,650,529.65,945,992.25,826.87,945,735,950,850.84,578.47,945,950,972,850,700,750,868.14,1039.5,900,864,750,1086.75,1020,1035,839,997.5,999.9,992.25,987,544.5,911.61,125,943,990,892.5]
["9-64.",298.98,436.36,396,306,440,367.5,370,150,378,325,150,275,174.98,315,185,378.78,191,337,355,333.06,367.5,300,210,173.63,408.53,375,369.15,165,406.99,353.1,275,387.7,295,400,389.29,393.75,367.98,380,210.57,165,182.28,75,297,420,330.75,353,308,436.36,396,157.5,388.5,150,378,326.39,160.5,400,275,174.98,315,350,185,369,191,337,355,300,175,340,423.36,375,440,370.65,165,288.75,400,447,400,480,413.43,380,182.28,165,297,210,420,353,325,313.82,370.91,396,306,337.05,199.5,367.5,378,396.9,762,150,275,174.98,315,355,185,378.78,191,320,337,210,355,300,175,150,173.61,408.53,375,370.65,165,406.99,389.79,440,400,475.35,393.18,393.75,380,165,182.27,165,297,420,330.75]
["9-65.",343,528,346.5,306,346.5,504,470.25,150,407.92,504,150,385,174.98,330.75,300,390,191,380,525,350,363.82,300,210,173.63,445.68,450,401.5,165,473.5,385,385,360,465,330.75,536,475,401.23,600,210.57,165,182.28,75,415.5,485,330.75,500,333.33,441.82,346.5,157.5,470.25,150,407.92,283.25,160.5,350,385,174.98,315,385,300,389,191,350,525,300,175,375,474.01,450,462,401.5,165,404.25,360,472.83,330.75,540,486.2,600,182.28,165,415.5,210,472,500,325,351.88,436.36,346.5,306,409.5,199.5,504,470.25,439.86,600,150,385,174.98,330.75,554,300,390,191,357,380,210,525,300,175,150,173.61,445.68,450,401.5,165,473.86,360,414.75,330.75,500,545,498.75,600,165,182.27,165,415.5,500,330.75]
["9-66.",58.33,136.91,108.9,47.25,140,63,78.5,60,86.1,67.2,45,47.25,73.37,47.25,84,53.1,57,47.25,54,75,51.97,150,125,52.09,63.64,150,53.25,45,65.900000000000006,51.97,66,76.73,85,49.61,63.6,84.92,55.2,106,77.099999999999994,55,150,45,53.5,80,77.17,77,58.33,110.9,108.9,47.25,97.76,60,86.1,82.55,110,100,47.25,98.6,47.25,67,84,41.3,57.25,47.25,56.6,150,47.72,43.94,107.16,175,121,53.25,45,69.3,108.37,148.66999999999999,49.61,140,84.92,106,150,57.5,53.5,75,78,77,42.44,58.33,102.68,108.9,47.25,92.4,93.5,63,94.76,94.91,150,45,47.25,103.53,49.61,67,84,53.1,57,82,47.25,125,56.5,150,110,60,52.09,63.64,150,53.25,45,66,93.33,115,49.61,174.35,64.239999999999995,84.92,106,55,150,45,53.5,80,89.25]
["9-67.",212.52,300,207.9,214.2,231,241.5,250,150,248.06,225,150,220.5,174.98,220.5,200,247.8,191,220.5,226.8,128.55000000000001,231,300,210,173.63,254.65,210,241.5,165,279.24,242.55,300,240,50,242.55,254.67,199.63,240.74,350,204.5,165,182.28,100,249.5,285,300,230,231.39,300,297,157.5,295.05,150,273,244.79,160.5,300,220.5,174.98,220.5,230,200,282,191,220.5,226.8,300,175,273.31,300.51,230,305,243,165,315,240,273.76,242.55,320,199.63,350,182.28,165,249.5,210,285,230,250,231.05,285,297,214.2,220.5,190,241.5,262.5,270.11,369,150,220.5,174.98,231.52,235,200,247.8,191,128.55000000000001,220.5,210,238,300,175,150,173.61,267.26,250,243,165,279.52,240,320,242.55,321.75,269.82,199.58,350,165,182.27,165,249.5,300,300]
["9-68.",97.12,97.36,103.95,91,94,89.25,94.98,91,100.7,89.6,83.46,80.5,92.57,89.13,94,82.6,85.07,81.02,91.8,92.02,99.22,96,99.75,81.02,98.17,95,84.1,70,102.5,80.849999999999994,99.08,96.81,92.25,100,96.37,101.87,85.89,72,87.3,84.85,98.39,88.17,83.25,90,100,90.91,97.12,95.51,103.95,102,95,91,95.91,88.46,90.3,101.5,80.5,92.7,89.13,88,94,60.63,85.07,81.02,91.8,97,77.5,72.489999999999995,98.66,95,98.7,84.1,70,102.5,101.78,97.9,100,99,99.92,72,98.39,86,83.25,95,90,90.91,95,97.28,96.44,103.95,91,102,97.75,85,96.86,100.7,121,83.46,80.5,97.33,84.89,88,94,82.6,85.07,92.02,81.02,99.75,91.8,99,82.32,91,81.02,98.17,100,84.1,70,102.6,100.8,104,100,126.15,96.37,99.92,72,84.85,98.39,88.17,83.25,90,100]
["9-69.",169.16,219.55,180,147.9,247.5,157.5,231,237.13,194.25,160,240.75,165,210,185.22,210,171.1,176.24,152.25,218.7,196,247.5,210,175,167.85,190.99,200,166.75,145,212.3,167.47,240,219.6,232,209.47,192.72,238.46,169.44,172,242.55,161,236.25,166.75,142.5,220,210,242.42,169.16,226.14,200.15,152.25,231,237.13,203.96,199.22,240.75,243,165,222.39,185.22,167,210,135,185,152.25,218.7,232,153.77000000000001,177.95,241.71,200,245,166.75,145,210,244.18,247.47,209.47,248.04,238.46,172,248.05,155.25,142.5,170,220,242.42,165,169.16,226.14,196.83,147.9,186.9,225,150,231,214.14,250,240.75,165,233.5,176.4,167,210,171.1,185,200,152.25,250,218.7,225,170.52,237.13,167.85,190.99,225,166.75,145,212.6,217.6,245,209.47,262.73,192.72,238.46,172,161,236.25,166.75,142.5,220,220.5]
["9-70.",169.16,245.45,237.6,142.80000000000001,247.5,236.25,231,225,199.5,200,125,158.76,236.25,179.42,220,165.2,178,147,243,132.04,259.87,235,250,162.06,247.5,225,161,140,205,161.69999999999999,210,270,115,210,192.72,267,171.78,161,242.55,154,250,161,166.25,245,236.25,242.42,169.16,247.9,237.6,147,231,242.71,199.5,210,127.41,225,158.76,242.71,170.88,225,220,135,170.16,147,243,275,148.47,177.95,262.95999999999998,225,264,161,140,210,270,255.63,210,262.48,257.5,161,275,155.25,166.25,243,245,242.42,165,169.16,223.11,237.6,142.80000000000001,194.25,225,240,231,219.92,275,125,158.76,254.84,170.88,225,220,165.2,178,132.04,147,250,243,275,164.64,243,162.06,259.88,250,161,140,205.2,270,257.25,210,329.67,192.72,262.5,161,154,275,161,166.25,245,275]
["9-71.",279.97000000000003,280.91000000000003,264,244.8,259,273,279.97000000000003,266.64,248.64,200,241.82,264,279.97000000000003,273,260,270,268,252,270,262.94,272.86,287,250,288.75,288.75,260,276,240,289.8,264,210,270,232,260,279.97000000000003,288.37,275.13,284,288.75,264,288.75,276,237.5,270,288.75,247.47,279.97000000000003,280.91000000000003,264,252,285,265,248.64,252.73,241.82,240,264,265,286.64999999999998,265,260,150,257.04000000000002,252,270,288,264,197.73,282.95999999999998,260,277.2,276,240,210,270,255.81,260,277.75,288.37,284,288.75,172.5,237.5,265,270,247.47,165,279.97000000000003,283.64,264,244.8,262.5,270,280,285.60000000000002,294.36,286,241.82,264,278.25,286.64999999999998,265,260,283.2,280,262.94,252,250,270,285,282.24,272,288.75,288.75,275,276,240,289.8,270,288.75,260,345.25,293.69,288.37,284,264,288.75,276,237.5,270,288.75]
["9-72.",244.98,354.55,218.25,220.5,330,360,340,150,283.5,200,150,165,174.98,241.5,250,247.8,247.4,220.5,226.8,250,250,350,200,173.63,286.51,300,273,165,307.5,242.55,350,360,200,252,269.82,330.75,262.94,250,210.52,181.9,182.28,165,249.5,310,300,353.54,244.98,354.55,302.99,165,357,150,278.25,237.93,160.5,350,165,174.98,241.5,245,250,350,265,220.5,226.8,350,175,300,345.3,325,360,273,165,350,360,368.04,250,370,330.75,250,182.28,163,249.5,210,310,353.54,265,244.98,319.10000000000002,222.75,220.5,220.5,199,360,340,283.58999999999997,550,150,165,174.98,266.24,245,250,247.8,265,250,220.5,200,238,350,175,150,173.63,286.51,300,273,165,307.85000000000002,360,300,250,343.61,269.82,330.75,250,181.9,182.27,165,249.5,310,300]
["9-73.",414.14,660,585,480,440,648,588.53,150,483,403.2,150,165,174.98,346.5,420,500,700,470,605,333.06,425,450,200,173.63,572.75,600,420,165,617.6,480,250,480,295,441,714,650,535.34,800,210.52,181.9,182.28,165,297,625,330.75,654.54999999999995,422.83,594,585,165,588.53,150,472.5,457.17,160.5,450,165,174.98,346.5,715,425,500,700,450,605,450,175,489.67,579.84,600,700,420,165,262.5,480,581.97,440,700,606.37,800,182.28,163,297,210,610,654.54999999999995,450,427.68,594,585,480,525,199,648,588.53,520.84,699,150,165,174.98,363.82,715,425,500,700,333.06,475,200,605,450,175,150,173.63,572.75,600,420,165,618.20000000000005,480,500,440,417.31,720,650,800,181.9,182.27,165,297,625,330.75]
["9-75.",0,0,0,0,0,0,0,0,0,0,0,0.3,0,0,0,0,0,0,0,0,0,0,0,0,0,0,0,0,0,0,0,0,0,0,0,0,0,0,0,0,0,0,0,0,0,0,0,0,0,0,0,0,0,0,0,0,0.3,0,0,0.25,0,0,0,0,0,0,0,0,0,0,0,0,0,0,0,0,0,0,0,0,0,0,0,0,0,0,0,0,0,0,0,0,0.25,0,0,0,0,0,0.3,0,0,0.25,0,0,0,0,0,0,0,0,0,0,0,0,0,0,0,0,0,0,0,0,0,0,0,0,0,0,0,0,0]
["9-76.",0.5,0.5,0.52,0.5,0.5,0.5,0.25,0.5,0.5,0.5,0.5,0.5,0.5,0.5,0.52,0.5,0.5,0.5,0.5,0.5,0.52,0.5,0.5,0.52,0.52,0.5,0.5,0.5,0.53,0.5,0.25,0.5,0.3,0.5,0.52,0.52,0.52,0.5,0.52,0.5,0.52,0.5,0.51,0.5,0.5,0.5,0.5,0.5,0.52,0.5,0.25,0.5,0.52,0.5,0.5,0.5,0.5,0.5,0.5,0.5,0.52,0.5,0.5,0.5,0.5,0.5,0.5,0.5,0.52,0.5,0.52,0.5,0.5,0.25,0.5,0.51,0.5,0.52,0.52,0.5,0.52,0.5,0.51,0.5,0.5,0.5,0.54,0.5,0.5,0.52,0.5,0.52,0.26,0.5,0.25,0.52,0,0.5,0.5,0.5,0.5,0.5,0.52,0.5,0.5,0.5,0.5,0.5,0.5,0.5,0.5,0.5,0.52,0.52,0.5,0.5,0.5,0.53,0.5,0.5,0.5,0.5,0.52,0.52,0.5,0.5,0.52,0.5,0.51,0.5,0.52]
["9-77.",1,1,1.05,1,1,1,1,1,1,1,1,1,1,1,1.05,1,1,1,1,1,1.05,1,1,1.05,1.05,1,1,1,1.07,1.05,0.5,1,0.9,1,1.05,1.1000000000000001,1,1,1.05,1,1.05,1,1.05,1,1,1,1,1,1.05,1,1,1,1.05,1,1,1,1,1,1,1,1.05,1,1,1,1,1,1,1,1.05,1,1.05,1,1,0.5,1,1.01,1,1.05,1.1000000000000001,1,1.05,1,1.05,1,1,1,1.1000000000000001,1,1,1.05,1,1.05,1,1,1,1.05,1,1,1,1,1,1,1.05,1,1,1,1,1,1,1,1,1,1.05,1.05,1,1,1,1.07,1,1,1,1,1.05,1.1000000000000001,1,1,1.05,1,1.05,1,1.05]
["9-78.",65.5,66.760000000000005,52.5,67,67.5,63,61.45,70,57.55,55,65,65,46.66,51.03,68.25,60,44.56,52,47.5,57.87,57.87,68,52.5,68.25,71.5,51.5,71,71.5,66.7,57.55,46,71.900000000000006,68,55.12,63.6,70.180000000000007,70,48,68.25,60.6,69.45,58,66.75,63,71,66,65.5,66.760000000000005,52.5,67,61.45,51.97,57.55,50,65,51.75,65,46.66,53.58,44,68.25,60,46.5,52,47.5,68,68.25,69.88,71,51.75,57.75,71,68,46.2,65.95,49.95,55.12,63.6,70.180000000000007,48,69.45,57.5,66.75,63,63,66,61,65.5,66.760000000000005,52.5,68.88,70,66,63,61.74,60.42,49.5,65,65,46.66,59.53,44,68.25,60,44.56,57.87,52,52.5,47.5,68,61.95,70,68.25,71.5,51.95,71,71.5,66.8,65.95,68.25,55.12,68.13,63.6,70.180000000000007,48,60.6,69.45,58,66.75,63,71]
["9-79.",52.5,49.44,49.5,55,50,47.25,50.58,38.5,44.76,44.75,45,55,52.5,52.5,48,55,40.74,46,36.75,44.1,46.3,50,42,55.12,55,40,54,38.5,57.75,55,46,46,55,49.61,55,54.25,54.56,38.4,52,40,54.65,53.5,41.5,35,44,45,52.5,49.92,49.5,38.89,50.4,40.42,44.76,46.67,50,40.25,55,52.5,41.67,44,48,55,52.5,46,36.75,50,42,55,55,40,54.6,54,38.5,46.2,46,38.85,49.61,55,54.25,38.4,54.69,50,41.5,42,35,45,55,52.5,49.44,49.5,55.55,53.55,47.25,47.25,50.4,46.99,45,45,55,55.55,54,44,48,55,40.74,44.1,46,42,36.75,50,46.2,40.42,55.12,55,40.25,54,38.5,57.75,46,47.25,49.61,54.5,55,54.25,38.4,40,54.69,53.5,41.5,35,44]
["9-80.",82.53,109.09,100,110,110,63,71.459999999999994,105,73.08,67,65,57.75,65.099999999999994,102.06,80,110,63.66,75,68.25,77.17,81.02,110,73.5,110.25,110,69,108,110,63.6,57.55,65,108,78.5,82.68,63.6,89.5,109.5,60,110,63,110.25,75.5,77.25,70,110,101,82.53,109.09,100,106,71.459999999999994,66,73.08,65,60,69,57.75,65.099999999999994,71.44,72,80,110,66.75,75,68.25,110,110.25,93.17,110,69,84,108,110,68.25,105,73.42,82.68,60.63,89.5,60,110.25,70,77.25,110.25,70,101,89,82.53,109.09,100,111.1,89.25,70,63,71.459999999999994,80.56,115,65,57.75,65.099999999999994,59.53,72,80,110,63.66,77.17,75,73.5,68.25,110,84,105,110.25,110,69,108,110,66.8,115,115,82.68,110.52,63.6,89.5,60,63,114,75.5,77.25,70,115]
["10-1.A.",19.84,29.41,12,28.56,40,28,10.71,10,26.25,23.5,16,21.73,30,35,27.5,27,26.61,30,15.4,33.07,18.510000000000002,18.75,30,32.409999999999997,40.54,30,28,41.48,34.6,28.24,40,28,26,6.94,33.07,33.49,39,30,41,30,35,28.5,37.6,26,11.57,20,19.84,26.95,12,28.56,10.71,10,24.93,28,30.69,11.45,21.73,30,35,10,27.5,27,25.5,30,15.4,18.8,33,30,39.44,30,32,28.75,35.729999999999997,35,28,26.02,6.94,33.07,33.49,30,35,35,37.6,28.35,27.25,20,33.25,19.84,26.68,12,28.56,34,25,28,13.76,28.93,23.99,16,21.73,30,35,10,27.5,28,26,33.07,30,30,15.4,18.75,30,10,32.409999999999997,39.44,30,31.28,35.729999999999997,34.65,28,22.05,6.94,11.27,33.07,33.49,30,30,35,30,37.6,26.25,11.57]
["10-1.B.",5.35,1.3,6,1.47,5,3,4.99,5.5,5.25,5.5,2,5.5,6,6,4.4000000000000004,6,0.59,0.78,3.5,5.38,6,5.25,2,5.77,5.77,2.6,0.63,1.73,2.2999999999999998,0.56999999999999995,1.04,5.98,3.5,1.1499999999999999,1.32,4.18,3.41,2,6,1.73,6,2.8,2.39,1,1.42,6,5.35,1.3,6.25,1.47,4.99,5.5,4.9800000000000004,2.5,2,5.22,5.5,6,6,6.25,4.4000000000000004,6,1.8,0.78,3.5,5.2,4,4,5.77,2.73,5.25,0.63,1.73,1,6.05,1.21,1.1499999999999999,1.31,4.18,2,6,4.75,2.39,5.25,1.1000000000000001,6,1.32,5.0999999999999996,1.3,6.25,1.47,1.57,1.73,3,4.68,1.38,0.45,2,5.5,6,6,6.25,4.4000000000000004,6,0.75,0.56000000000000005,0.78,2,3.5,5.25,4,5.5,5.77,5.77,2.73,0.73,1.73,2.31,6.05,2.62,1.1499999999999999,2.02,1.56,4.18,2,1.81,6,3,2.39,1.05,1.42]
["10-1.C.",10.1,3.3,11,1.47,11,5,7.93,11,9.4499999999999993,11,8,10,7,10.5,9,10,11,1.56,10,2.88,11,10.5,5,6.35,11,5.25,1.59,5.18,4.5999999999999996,4.04,2.1,10.35,8,5.78,6.06,8.3699999999999992,7.73,5,7.27,5.19,10.41,8.5,4.71,1.3,9.36,11,10.6,3.3,12.25,1.47,8.02,11,11.4,4.5,7.16,7.55,10,7,10.5,6.25,9,10,11,1.56,10,10.5,6,9,11,5.5,11,1.59,5.18,2,10.35,2.44,5.78,6.06,8.3699999999999992,5,12,11,4.71,10.5,2.2000000000000002,12,3.99,10.1,3.3,11,1.47,10.5,1.73,5,8.92,3.92,3.15,8,10,7,10.5,6.25,9,10,11,2.88,1.56,5,10,10.5,5,11,6.35,11,5.5,1.59,5.18,4.63,10.35,10,5.78,8.4600000000000009,7.27,8.3699999999999992,5,5.19,10.41,9,4.71,1.35,9.36]
["10-1.D.",18,8.6,10,5.88,20,10,16.850000000000001,4,20,16,17,18,8,14.7,16,12,16.5,3.12,14,8.67,18.18,20,10,8.9,19.8,9.4499999999999993,6.3,9.7799999999999994,11.5,6.93,3.65,19,12.5,11.57,21,20.13,10.81,6,10.3,9.81,19.84,9.75,9.34,2.6,19.47,12,18,8.61,10,5.88,16.850000000000001,7,19.95,9,19.95,17.98,18,8,14.7,8.6999999999999993,16,12,16.5,3.12,14,20,10,16.5,19.8,11,21,6.3,9.7799999999999994,3.5,19,7.96,11.57,21,9.77,6,19.84,8.5,9.34,20,3.5,12,12,18,8.61,10,5.88,20,6.98,10,19.100000000000001,21,10.5,17,18,8,15.43,8.6999999999999993,16,12,16.5,8.67,3.12,10,14,21,8,7,8.9,20.79,9.9,6.3,9.7799999999999994,18.89,19,20,11.57,16.88,22,20.13,6,9.81,21,11.5,9.34,2.73,19.47]
["10-2.A.",33.18,41.82,18,38.380000000000003,50,40,12.74,30,40.950000000000003,39.5,15,25.7,42,38.85,36.75,54,37.04,35,19.399999999999999,40.5,32.979999999999997,31.5,50,34.71,51.54,55,40.5,54.13,48.5,34.65,49,32,32,9.26,43.94,48.3,49,40,51.5,45,50.4,43.25,47.9,38.5,12.72,30,33.18,41.41,18,38.380000000000003,12.74,30,38.9,35,35.799999999999997,13.2,25.7,42,37,12,36.75,54,36.5,35,19.399999999999999,31.5,45,38,51.54,55,42,40.5,54.13,47.5,32,39.67,9.26,43.94,48.3,40,50.4,43.25,47.9,55,40,30,40,33.17,41.41,18,38.380000000000003,52,28.9,40,13.18,45.13,22.85,15,25.7,42,40.79,12,36.75,55,36,40.5,40,50,19.399999999999999,31.5,36,35,34.71,51.54,55,44,54.13,48.45,32,26.46,9.26,48.5,48.51,48.3,40,45,50.4,45.5,47.9,38.75,12.72]
["10-2.B.",5.25,1.98,8.5,2,5.25,5,4.82,1.25,7,5.5,2.5,8.25,6,7,5,8,3.17,1.1000000000000001,6,5.51,7,6.25,4,6.35,6.35,3.65,0.95,3.45,2.2999999999999998,0.87,1.55,6.6,4.5,2.31,1.93,4.18,5.45,1.5,6.3,3.3,8,3.5,3.55,1,1.7,8.5,5.25,1.98,9.5,2,4.91,1.25,6.65,2.5,2.5,4.0999999999999996,8.25,6,7,6.25,5,9.5,3.3,1.1000000000000001,6,6.2,5,6.75,6.35,3.8,8,1.08,3.45,1.5,8.8000000000000007,1.82,2.31,1.93,4.18,1.5,9,6,3.55,5.25,1.1000000000000001,8.5,1.32,5.25,1.98,9,2,1.57,2.5,5,5.08,7,0.45,2.5,8.25,6,7,6.25,5,9,3.3,0.56000000000000005,1.1000000000000001,4,6,6.25,5,1.25,6.35,6.35,3.8,1.08,3.45,2.31,8.8000000000000007,3.85,2.31,2.33,1.93,4.18,1.5,3.3,9,3.75,3.55,1.05,1.72]
["10-2.C.",15,3.96,15.25,4,15,5,8.41,2.25,14,11,9,14,7,10.5,9,15,11,2.2000000000000002,8,2.88,11.57,14,7,6.35,14.3,7.85,1.88,6.9,4.5999999999999996,1.73,2.1,15,8.25,9.26,8.66,8.3699999999999992,9.99,6,7.27,6.6,15,10,4.71,2,9.92,15,15,3.96,15.75,4,8.41,2.25,13.96,4.5,9.1999999999999993,6.8,14,7,10.5,6.25,9,15,11,2.2000000000000002,8,14,9,11,15.4,8.1999999999999993,13.65,1.88,6.9,2,15,3.05,9.26,8.66,8.3699999999999992,6,15,13,4.71,14,2.2000000000000002,15,3.99,15,3.96,15,4,10.5,2.88,5,9.01,14,3.15,9,14,7,11.02,6.25,9,15,2.0499999999999998,2.88,2.2000000000000002,7,8,14,8,2.25,6.35,15.4,8.1999999999999993,1.88,6.9,4.63,15,13,9.26,9.74,8.66,8.3699999999999992,6,6.6,15,10.5,4.71,2.1,9.92]
["10-2.D.",25,9.2799999999999994,16,5.6,25,10,21.95,6.25,21,16,25,18,8,15.43,15,25,16.5,4.45,19.5,8.67,19.079999999999998,28,17,8.9,23.1,16,6.25,17.25,28,10.39,5.15,19,13,16.53,10.41,23.28,16.22,6,13.35,15.75,24.15,14.5,9.34,4,28,15,24,9.2799999999999994,16,5.6,21.95,6.25,19.95,10,23,22.9,18,8,14.7,12,15,24,16.5,4.45,19.5,24,15,19,23.1,16,23.1,6.25,17.25,5,19,10.72,16.53,10.41,23.28,6,24.15,14.5,9.34,24.15,5.5,15,12,25,9.2799999999999994,16,5.6,30,6.98,10,25.89,23.15,10.5,25,18,8,11.57,12,15,25,17.670000000000002,8.67,4.45,17,19.5,30,11,6.25,8.9,24.24,16.8,6.25,17.25,28,19,22,16.53,18.64,30,23.28,6,15.75,25.35,15.75,9.34,4.2,28]
["10-7.",28.65,39.82,30,29.73,45,42,33.159999999999997,26.25,36.75,38.380000000000003,45,35,43.23,36.450000000000003,30.25,24.31,37.11,38,36.75,41.97,46.06,25,31.5,38.19,42.5,40,36.75,26.5,50,41.61,50,43.84,50,36.380000000000003,40.83,44.1,26.19,35,39.49,36.9,43.83,39.93,28.47,38.5,42,36,31.71,47.66,30,42.16,33.159999999999997,26.25,39.69,35,39.06,49,35,39.9,36.450000000000003,39.5,30.25,36.42,38,38,35,25,42,55,42.16,36.75,48,36.75,26.5,49,41.92,44.77,36.380000000000003,41.42,43,35,43.85,36.299999999999997,28.47,39.9,36.75,36,42,31.7,40.51,20,28.87,45,39,45,33.159999999999997,40.5,38.85,45,35,39.9,45,39.5,30.25,24.31,37.5,44.1,38,31.5,35,25,24.15,26.25,40.74,44.83,40,36.75,31.32,50,44.49,31.68,36.380000000000003,48,43.12,44.1,35,36.9,43.85,39.950000000000003,28.47,38.5,42]
["10-8.",23.18,32.25,26.25,17.32,36.75,40,26.53,23.1,30.45,33,40,32.75,36.56,29.16,22.5,21,32,31.5,32,35.28,43.78,15.75,26.25,29.27,35.590000000000003,31.5,29.5,24.14,38,28.99,43.5,35.96,32.5,30.87,34.29,36.380000000000003,13.94,30,32.799999999999997,30.3,35.64,32.67,17.350000000000001,28.5,35.81,32,24.4,39.83,26.25,34.56,26.53,23.1,34.17,32,40,41.5,32.75,34.340000000000003,29.16,32,22.5,30.97,32.5,31.5,32.130000000000003,15.6,31.5,55,35.979999999999997,31.5,31.5,29.5,24.14,42.5,35.28,39.380000000000003,30.87,35.340000000000003,36.380000000000003,30,35.64,30.25,17.649999999999999,34.65,23.1,32,34.9,24.4,33.86,15.01,17.32,45,31,45,26.53,33.56,30.45,40,32.75,34.340000000000003,40,32,22.5,21,31.62,35.700000000000003,31.5,26.25,32,15.75,33.6,23.1,35.28,39.4,31.5,29.5,27.63,38,37.35,22.81,30.87,42.5,35.340000000000003,36.380000000000003,30,29.45,35.64,33.65,17.350000000000001,28.5,35.700000000000003]
["10-9.",116.15,107.68,62.5,95.22,120,100,113.83,128.69999999999999,130,120,105,105,120,106.96,114,106.2,117.81,74.5,115,99.12,115,131,120,92.61,131.46,120,126,279.94,110,138,116.97,131.76,131,132.30000000000001,1,133.11000000000001,108.35,106,119.1,94.5,111.93,115,110.2,130,107,120,116.15,113.13,62.5,140,113.83,128.69999999999999,130,124.17,170,143.6,105,144.57,106.96,92,114,141.6,115.17,74.5,115,130,100.8,134.38,140.31,130,120.75,144,279.94,116.97,140.44999999999999,144.1,132.30000000000001,1,133.11000000000001,106,111.83,115,110.25,110,139.5,120,138.9,116.15,115.32,62.5,92.45,115.5,105,125,131.25,130,100,105,105,144.57,106.96,95,114,106.2,114.44,97.1,74.5,125,115,131,103.5,128.69999999999999,92.61,131.46,120,126,289.94,110.15,131.76,93.71,132.30000000000001,105.53,1,133.11000000000001,106,109,111.83,115,99,131,107]
["10-10.",101.49,119.18,59.75,89.14,125,95,106.5,122.85,124.95,110,100,82.65,122.35,100.86,93.5,76.7,105,71,105,93.24,112.7,99,122,86.5,119.91,110,121,148.35,110,125,105.81,121.88,115,121.27,1,111.82,79.150000000000006,106,102.1,90,116.23,92,80.5,120,118,110,101.49,119.18,59.75,120,109.09,122.85,120,108.03,130,123.5,82.65,122.35,100.87,82.5,93.5,118,99.55,71,105,99,72.8,130,123.51,120,105,121,148.35,105.81,123.82,123.65,121.27,1,111.82,106,116.25,92,80.5,110,120,110,121.54,101.48,119.18,59.75,89.14,115.5,99.75,105,120.75,124.95,100,100,82.65,122.35,100.87,85,89.25,76.7,105,92.4,71,122,105,99,74.75,122.85,86.81,119.91,110,121,158.35,110.15,124.62,95.08,121.27,94.39,1,111.82,106,88.2,116.25,92,80.5,120,118]
["10-11.A.",121.62,158.15,76.25,123.59,157.5,135,157.5,160.12,157.5,158.57,140,150.15,155.68,145.85,143,153.4,152,98,145,121.8,157.5,141,150,127.33,162.21,150,159,313.7,165.19,163,149.97,164.7,150,165.37,1,156.79,152.16,133,166.69,160,162.85,125,151.75,160,160,150,121.62,159.68,76.25,161.19999999999999,146.12,160.12,157.5,150.63,190,160,150.15,155.68,145.85,121,143,153.4,151,98,159.75,141,145.6,155,159.22999999999999,150,160,159,313.7,149.97,164.7,161.77000000000001,165.37,1,156.79,133,162.86000000000001,125,151.75,148,160,150,165.52,121.61,158.15,76.25,119.99,136.5,150,150,158.88,165.36,125,140,150.15,155.68,145.85,121,143,153.4,150,121.8,98,150,140,141,149.5,160.12,127.33,162.21,150,159,323.7,164.82,164.7,114.1,165.37,110.82,1,156.79,133,160,162.86000000000001,125,110,160,160]
["10-11.B.",315,286.45999999999998,123,308.23,270.10000000000002,190,350,286.64999999999998,283.5,319.16000000000003,250,157.65,292.33,224.85,270,153.4,266.24,111.5,300,260,280,315,300,231.52,306.7,300,326,411.45,322.5,382,248.97,329.4,275,275.62,1,308.7,155.11000000000001,247,185.05,285,278.93,280,253,225,253,280,295.45,286.57,123,299.58,197.8,286.64999999999998,283.5,269.70999999999998,440,340,157.65,292.33,224.85,218,270,295,260,111.5,306.14,293,145.6,400,317.04000000000002,300,252,295,411.45,221.47,308.97000000000003,308.62,275.62,1,308.7,247,278.93,280,253,173,225,280,310.24,306.89999999999998,283.73,123,299.25,315,300,380,307.64999999999998,312.52,190,250,157.65,292.33,224.85,225,260,153.4,260,235.2,111.5,300,290,300,149.5,286.64999999999998,208.37,306.7,300,326,421.45,322,320.98,275,275.62,352.5,1,308.7,247,160,278.93,280,220,225,255]
["10-12.A.",109.36,150.77000000000001,73.5,117.78,150,126,152.25,150.15,141.75,153.52000000000001,135,132.30000000000001,150.13,138.91,134,129.80000000000001,141.37,96,143,117.6,140.19999999999999,120,150,127.33,156.16,125,153,179.05,152.37,157.5,144.31,158.44999999999999,140,148.83000000000001,1,156.27000000000001,131.74,132,151.91999999999999,140,154.15,135,134,157,152,144,109.36,152.24,73.5,155.53,142.63999999999999,150.15,141.75,140,157.5,150,132.30000000000001,150.13,145.85,121,134,147.5,142,96,152.25,120,123.2,154,153.21,135,154.35,153,179.05,144.31,158.84,150.38999999999999,148.83000000000001,1,156.27000000000001,132,154.18,135,134,148,157,144,159.16,109.36,152.24,73.5,117.78,136.5,135,148,154.35,156.26,125,135,132.30000000000001,150.13,145.85,130,134,129.80000000000001,139,133.97999999999999,96,150,145,120,126.5,150.15,127.33,154.56,125,153,189.05,159.44999999999999,159.47999999999999,110.25,148.83000000000001,105.25,1,156.27000000000001,132,135,154.18,135,110,157,152]
["10-12.B.",264.60000000000002,250.5,117.5,133.22,350,175,264.60000000000002,260,241.5,258.56,230,133.4,236.78,200.54,230,129.80000000000001,236,110,245,210,244.7,263,240,196.79,271.31,225,262,271.05,288,350,210.31,276.7,230,242.55,1,320,131.74,252,249.16,250,186.42,242,241,190,225,235,247.8,245.74,117.5,242.88,162.97,260,241.5,228.75,308.89999999999998,310,133.4,236.78,200.55,225,230,236,224.4,110,246.75,247,123.2,350,254.68,225,200.55,236,271.05,144.31,259.13,254.08,242.55,1,275,252,186.44,242,240.75,141,191,235,267,262.5,248.12,117.5,133.22,262.5,225,250,255,266.22000000000003,150,230,133.4,236.78,200.55,230,230,129.80000000000001,228.89,201.6,110,240,240,260,126.5,260,196.79,271.41000000000003,225,262,281.05,288,274.5,260,242.55,324.5,1,320,252,135,186.44,242,143,191,225]
["10-13.",114.02,118.13,110,121.48,104.73,100,120.23,125.58,116.55,121.2,105,115.5,111,113.02,109,90,110.25,98,105,97.44,118.33,94,105,104.73,122.1,110,118,115.83,121.68,123.5,123.5,125.72,114,115.76,1,120,87.31,160,115.75,105,122.9,108,97.12,104,119.7,108,114.02,118.13,110,119.62,120.29,125.58,122.37,109.78,120,106.4,115.5,100,113.03,96,109,106.2,120,98,105,94,99.75,117.93,119.84,110,99.75,106,115.83,116.08,119.32,100.93,115.76,1,120.75,160,122.93,108.9,97.12,119,104.5,108,120,114.02,118.13,110,121.48,99.75,110,100,122,122.37,115.7,105,115.5,100,115.45,106,109,90,115,92.4,98,105,105,94,90.56,125.58,104.73,122.06,110,118,121.75,121,127.04,115,115.76,124.5,1,126,160,105,122.92,108,97.12,104.45,119.7]
["10-14.",23.8,41.29,30,39.44,35.25,36.5,43.2,36.75,36.92,33.33,40,28.92,33.94,30.37,31.5,30.38,30.67,31.5,34.65,40.5,38.58,37.5,29.92,30.09,39.06,33.5,36,31.66,41.85,47.11,59.25,38.43,35,31.53,33.72,48.32,31.01,36.75,36.450000000000003,40.200000000000003,35.83,33.880000000000003,34.72,39,38.58,33,26.25,41.29,30,39.53,43.2,36.75,40.950000000000003,35.880000000000003,40,43,28.92,30.6,30.37,26,31.5,30.38,32,31.5,33,37.5,29.4,60,35.89,34.5,41,37.799999999999997,31.66,58.34,38.26,37.89,31.53,36.880000000000003,40.86,36.75,35.83,30.25,34.72,36.299999999999997,42,33,34.9,26.25,41.29,22.8,47.28,40,38,40,43.2,40.5,38.85,40,28.92,30.6,30.37,31,33.07,30.39,32,40.5,31.5,29.92,33,37.5,30.18,36.75,30.09,41.01,35.25,37.799999999999997,32.299999999999997,41.89,39.53,36.22,31.53,40.92,36.869999999999997,45,36.75,40.5,35.83,33.880000000000003,34.72,39.35,38.549999999999997]
["10-15.",22.57,39.979999999999997,26.25,40.299999999999997,33.6,40,40,36.75,34.15,28.79,38,27,29.49,34.72,30.45,23.54,29.5,30.45,31.5,34.72,35.28,24,26.25,30.09,36.68,30.8,36,30.7,39.64,37.51,57.75,44,32,30.31,31.01,42,23.65,31.5,30.6,30.9,34.590000000000003,29.04,27.21,32.5,35.270000000000003,30,25.02,39.979999999999997,26.25,34.6,40,36.75,37.799999999999997,33.36,38,39,27,27.27,30.37,24,30.45,27.25,30.5,30.45,31,24,40,55,35.89,32,37.799999999999997,36,30.7,57.18,35.590000000000003,34.44,30.31,34.17,37.090000000000003,31.5,34.619999999999997,26.62,27.21,33,34.5,30,30,25.02,39.979999999999997,22.89,40,36.75,36,40,40,37.04,36.75,38,27,27.27,32.799999999999997,28,31.39,23.54,29.5,34.72,30.45,26.25,31.5,24,40,36.75,25.46,36.68,32.200000000000003,36,31.06,39.69,44,35.01,30.31,35.08,34.17,42,31.5,37,34.619999999999997,29.04,27.21,32.549999999999997,35.25]
["10-15.A.",11.13,23.63,18,24.03,19.8,20,19.12,11.55,15.22,11,27,20,20,14.58,24,14,12.75,25,16,29,19.079999999999998,10.5,15.75,12.72,23.95,25,25,11.53,18.100000000000001,28.99,15.65,28.14,24,12.12,13.34,25.35,29.75,28,21.75,25,29.5,24.25,26.8,13,13.89,16,11.13,23.63,18,24.03,19.12,11.55,15.43,18.98,28,13.5,20,20,13.89,12.5,24,14,12.75,25,16,10.4,15.75,22,23.95,25,28,25,11.53,15,28.14,16.649999999999999,12.12,13.34,25.35,27,26.25,24,26.8,7.6,13,16,13.9,11.13,23.87,18,23.99,30,27,20,21.03,16.2,25.5,30,20,20,14.58,12.5,24,15,12.75,30,25,15.75,16.75,10.5,15.75,11.55,12.72,23.95,25,30,11.53,18.2,28.14,28,12.12,26.25,13.34,25.35,30,25,29.5,24.25,26.8,13,13.89]
["10-15.B.",8.92,22.53,15,21,18.899999999999999,17,17.2,10.5,13.23,9,24.75,18,20,14.58,22,15,12,20,16,25,15.61,8.4,15.75,12.72,23.95,20,23,10.57,18.100000000000001,23.66,13.35,24.66,22.5,12.12,10.93,23.23,25,23,22.05,22,24.15,23,22.75,12,17.350000000000001,16,8.92,22.53,15,21,17.2,10.5,13.23,16.87,24,13.3,18,20,13.89,12.5,22,15,12,20,16,8.35,13.65,20,23.95,20,23.1,23,10.57,12.75,24.66,11.12,12.12,10.93,23.23,25,24.15,21,22.75,6.6,12,16,13.9,8.92,22.53,15,21.59,25.5,26,17,17.86,13.89,25.5,24.75,18,20,14.58,12.5,22,16,12.1,25,20,15.75,16.75,8.4,13.65,10.5,12.72,23.95,20,23,10.57,18.2,27.4,26,12.12,23.1,10.93,23.23,25,22,25,23,22.75,12,17.350000000000001]
["10-16.",54.16,66.16,48.95,60,65,60,70.430000000000007,65.52,64.37,66.66,48.3,59,70,66,57.3,47.2,59,52,60,67.2,66.209999999999994,53.5,52.5,69.45,63.64,60,68,51.88,69.39,46.2,61,59,55,60.63,66.66,68.25,47.07,73,63.66,52.9,69.3,63,47.25,59,66.150000000000006,60,60.58,67.45,52.8,69.39,70.77,65.52,66.150000000000006,63.08,67.41,66,59,70,69.3,66,57.3,66,60.19,52,62,53.25,68,62.81,68.040000000000006,60,68,68,51.88,69.5,61.95,69.8,60.63,69.989999999999995,68.25,73,70.349999999999994,69.3,47.25,68.25,67,60,69.25,54.16,66.16,48.95,53.99,59.85,34.65,60,70.77,67.13,56.7,48.3,59,70,69.3,60,59,47.2,60,68.67,52,52.5,60,53.5,66.81,65.52,69.45,63.64,60,68,51.98,69.44,65,57.04,60.63,64.319999999999993,66.66,68.25,73,60.35,69.3,63,47.25,59,66]
["10-17.",47.68,51.17,38.5,55.66,55,50,57.33,57.75,54.02,51,50,59,46.67,50.93,52,41.3,46.5,44.1,45,60,57.75,43,52.5,55.56,50.93,55,50,40.380000000000003,60.63,40.42,56.93,57,52.5,48.51,58.88,57.75,41.23,73,52.08,48.6,57.22,54.1,48.25,56,55.1,46,47.68,50.19,38.5,53,57.33,57.71,51.45,49.59,52.5,55,55,46.67,53.47,47,52,47.2,46.5,44.1,48.6,43,41.16,48.01,49.99,50.4,48.3,54,40.380000000000003,55.75,55.1,51.37,48.51,56.64,57.87,73,57.22,48.4,48.25,57.75,57,46,53.25,56.86,49.69,38.5,53.99,50.4,34.65,55,58.43,55.67,52.5,50,59,46.67,57.75,47,50,41.3,46,57.84,44.1,52.5,55,42.5,54.53,57.75,55.65,50.93,55,54,46.23,60.63,57,44.37,48.51,56.13,58.88,57.75,73,52.5,57.22,56,48.25,56,55]
["10-18.",3893.21,3385.72,3019.25,1665,2756.25,4100,4100,2520,2394.61,4000,3000,2144.35,3300,1458.6,3020,4200,3100,3000,3465,3000,3969,2100,1500,5000,4533.34,3300,2050,2654.43,3487,1732.5,5250.5,1203.93,3200,3307.5,4287.07,3768.06,1070.8,5000,3820,1565.55,5000,3100,1127,2200,3858.75,2730,3893.21,5516.64,3239.25,4450,4305,2520,2478,5500,3530,6250,2144.35,4189.8100000000004,5500,4000,3020,4200,3342,2750,6550,2100,5000,6500,7800,3450,3937.5,2050,2654.43,7662.4,1203.93,5877,3307.5,5250,3768.06,5000,6500,3100,1127,4725,2100,2730,3760,3415.91,3792.79,3789.25,1665,4200,2877.5,4100,4305,2639.81,3045,3000,2144.35,4189.8100000000004,4630.5,4000,3020,4200,33,3500,3000,1500,3465,2100,5000,2520,5000,5083.3500000000004,3300,2050,3553.1,3490,1433.25,3169.68,3307.5,4725,4637.4799999999996,3768.06,5000,1443,5000,3100,1127,2200,4500]
["10-19.",217.15,245.62,66,217,165.35,175,330,105,525,202,60,110.25,230,330,121.26,118,133.5,300,325,220,127.33,240,250,173.63,375,375,137.5,302.19,139.4,330,397.5,173.63,200,57.33,349.96,243.09,160.32,350,248.06,170.85,347.28,180,146.25,160,275.60000000000002,210,301.25,402.57,66,375,346.5,105,650,400,65.650000000000006,168,110.25,346.98,363.82,330,121.26,350,133.5,300,496,360,112,197.73,625,625,375,137.5,302.19,565,173.63,628.38,57.33,500,220.2,350,500,180,146.25,203,197,210,318.25,224.93,259.58,66,217,157.5,220.5,200,330,525,262.5,60,110.25,346.98,346.5,230,220,118,133,197.54,300,250,325,240,115,105,347.18,375,350,137.5,303.04000000000002,139.6,220.5,101.41,57.33,140.35,359.71,243.09,350,170.85,347.28,180,146.25,162,330.75]
["10-20.",6473.54,7466.31,8200,6285,7350,6800,6317.56,7560,9000,7000,6500,5292,6900,7056,5345,5841,8250,5000,7700,7000,7003.62,7100,5500,6945.75,9400,8000,8700,6531.46,9047.6299999999992,5178.45,9225.5,4398.97,8000,6063.75,8749.1200000000008,8027.19,6224.54,7000,7243.42,6596.1,8095.23,7250,5350,5600,4630,7350,6473.54,9075.68,8200,9000,6317.57,7560,11500,8500,9676.7999999999993,7920,5292,8823.8700000000008,8022.33,7650,5345,9000,6077,5000,9400,7100,5544,10500,12500,10000,9250,9135,6531.46,12465,4746.26,10877,6063.75,9750,8027.19,7000,8094.97,7250,5350,9600,5700,7350,8000,9976.01,8357.64,3789.25,6285,9550,8250,7800,8925,9750,8347.5,6500,5292,8823.8700000000008,7640.32,8500,7350,5841,8500,7600,5000,7000,7700,7100,5692.5,7560,6945.75,9483.34,8000,9000,7430.13,9056,4520.25,7800,6063.75,8911.56,9139.9500000000007,8027.19,7000,6364,8094.97,7250,6045,5700,4960]
["10-21.",362.72,340.98,250,344,315,325,390,131.25,550,350,275,252,329,346.5,341.24,236,167,350,325,231.52,385.87,340,250,202.57,500,450,350,302.19,174.3,346.5,445.75,450,260,62.84,367.46,401.11,251.49,375,358.31,286.64999999999998,385.48,330,292.5,320,275.60000000000002,315,551.66999999999996,446.21,250,600,409.5,131.25,888,400,449.4,350,252,400.26,401.11,330,341.24,400,167,350,400,415,224,230.69,850,850,450,525,302.19,592.5,450,577,62.84,440.58,401.11,375,404.74,330,292.5,231,350,315,441,363.83,339.12,66,329,183.75,220.5,400,418,550,378,275,252,400.26,382.01,330,325,236,167,337.43,350,250,325,340,230,131.25,347.18,450,450,346.5,303.04000000000002,174.5,380.1,346.5,62.84,140.35,396.58,401.11,375,286.64999999999998,385.47,330,292.5,330,275]
["10-22.",7642.38,13687.34,11000,14590,12600,9500,7274.78,12159,17265.59,15000,12000,6056,12500,13125,13200,14750,16000,7500,17500,12500,11778.82,14600,12000,14470.31,16308.45,15000,9500,14805.65,16521.75,6106.49,18075.5,10650.15,1785,9922.5,18000,15923.12,14470.47,15000,15540,7061.25,16062.03,12500,10900,14000,6945,14700,7642.38,16212.94,11000,18550.400000000001,7274.79,12159,17345.560000000001,17000,18900,14850,6056,12500,15193.82,16575,13800,17700,16000,8500,16900,14600,14000,19500,20000,18900,18000,9500,14805.65,20305,10650.12,12653.9,9922.5,19500,15923.12,15000,16062,12750,10900,16800,13650,14700,16000,13570,14643.09,5164.25,14590,16800,15000,9900,13586.92,17265.59,12600,12000,6056,12500,9029.4699999999993,16575,12000,14750,16250,12500,7500,12000,17500,14600,14375,12159,14470.31,16310.01,15000,9500,15704.32,16800,10650.15,13500,9922.5,17500,18400,15923.12,15000,11025,16062,12500,12075,1736,6500]
["10-23.",551.66999999999996,431.35,250,665,367.5,250,419.15,219.45,850,350,300,364.35,350,346.5,500,590,318.33,350,341,231.52,289.39999999999998,365,250,347.28,627.29999999999995,750,420,302.19,348.7,300,620,403.51,315,115.76,385.47,424.2,590.62,400,385.87,402.15,404.72,350,407,550,286.5,315,579.25,748.52,250,750,421.16,219.45,1110,555.38,650,450,364.35,610,401.11,330,525,610,334,350,600,900,560,263.64,1000,1100,680,1050,302.19,620,669.78,775,115.76,1000,424.2,400,404.74,350,407,286,600,315,578.79999999999995,441,457.39,66,665,341.25,315,500,577.5,850,315,300,364.35,610,382.01,350,500,590,334,444.81,350,250,340,420,575,219.45,347.18,627.29999999999995,650,440,303.04000000000002,349,485.1,420,115.76,389.87,416.01,424.2,400,577.5,404.74,350,407,404,275]
["11-1.",4590.0200000000004,4996.47,3657.5,5245,3528,5500,6260,1000,3675,4346,4500,6164,4000,1157.6199999999999,4200,5310,4398.97,4500,6325,2400,4410,2100,4500,3327.71,6200,4500,6400,5212.7,5700,6500,5600,5160,4000,5512.5,6475,1215.5,4837.54,6260,1823.25,3675,5469.75,450,4265,5500,4050,6000,4325.71,5686.09,3657.5,2678,6260,1000,3491.25,4495.74,6150,2300,6164,4000,1102.5,5000,4200,4130,4398.97,4500,5300,2100,4116,2293.7800000000002,6000,4410,6400,6200,5212.7,6400,5160,4030.44,5512.5,6300,1215.5,6260,4254.2299999999996,300,4265,5623,5250,5300,4244,4777.2,5054.3,4370,5245,6200,4500,6000,6260,4051.3,5500,4500,6164,4000,1157.6199999999999,5000,4200,5310,4398.97,2400,4500,4500,6325,2100,5433.75,1000,3327.71,6450,4500,6200,5239.8,5700,5160,5500,5512.5,6500,6556,1215.5,6260,3675,5469.76,450,4265,5500,4165]
["11-2.",6272.5,6566.54,3814.25,8125,4740.75,7300,7728,2000,5250,5678,6000,6433,6000,1736.43,4200,7670,6426,5900,8325,3300,5512.5,4200,6500,4659.43,8300,7500,7700,6967.68,6504,8600,7750,6730,5500,7717.5,8400,1823.25,6035.08,8000,3646.51,3832.5,6685.24,550,7165,7200,4850,7000,7030.76,8113.19,3814.25,4480,7360,2000,4987.5,7200,7768.75,5750,6433,6000,1653.75,6500,4200,4307,6300,6600,7300,4200,4292.3999999999996,5323.32,8250,7560,8600,7500,6967.68,8580,6730,5630.49,7717.5,8400,1823.25,8000,5469.75,500,7165,7675,6600,7000,6086.75,7030.76,7014.18,4370,8125,7950,7500,7600,7728,5787.56,7500,6000,6433,6000,1852.2,7500,4200,7670,6700,3300,5900,6500,8325,4200,7848.75,2000,4659.43,8500,7500,7700,6988.62,6504,6730,6500,7717.5,7875,8800,1823.25,8000,3937.5,6685.24,1000,7165,7200,4850]
["11-3.",9000,8584.24,4702.5,9700,6063.75,9000,8883,3000,7350,8257,8000,7400,8000,2315.2399999999998,7500,9440,9000,6500,9000,3925,8400,9400,8000,5990.25,11250,10000,9555,8644.7999999999993,8182,11000,10150,7748,7500,9371.25,10400,2431.0100000000002,9481.5,8999,5469.76,4725,7900.77,750,9235,9000,8265,8000,9500,10453.950000000001,4702.5,6720,8883,3000,6982.5,9000,9517.25,7300,7400,8000,2205,8500,7500,5310,9000,7700,9000,9400,5292,9000,11000,10000,11000,9350,8644.7999999999993,11095.88,7748,6135.02,9371.25,11100,2431.0100000000002,8999,6685.24,750,9235,10300,8850,8000,8010,9500,9225.5400000000009,4702.5,9700,10000,10500,10000,9193.91,8102.59,9500,8000,7400,8000,2431.0100000000002,8750,7500,9440,9500,3925,6500,8000,9580,9400,9660,3000,5990.25,11500,10000,9400,8670.06,8182,7748,9000,9371.25,9468.5300000000007,11950,2431.0100000000002,8999,6562.5,7900.77,1200,9235,9000,8265]
["11-4.",11000,11021.49,6426.75,11275,7938,13000,11193,4000,9450,12125,10000,8028.3,10000,4051.68,10000,11210,12000,8500,13500,4650,10500,12000,9500,8653.0499999999993,14750,13500,12075,14785.69,10385,13650,13650,8406,9000,12127.5,13755,4254.26,11485.53,10500,6685.27,6457.5,10331.790000000001,850,11700,11500,10000,10000,12000,13181.22,6426.75,8960,11193,4000,8911.5,11000,12177,11400,8028.3,10000,4189.5,12500,10000,7257,12000,9900,12000,12000,7232.4,12000,15000,13500,13500,11500,14785.69,14125,8406,7930.71,12127.5,14700,4254.26,10500,9116.25,1000,11700,12550,10500,10000,10350,12000,12126.72,6426.75,11275,12075,12211.5,14000,11584.76,10417.620000000001,9500,10000,8028.3,10000,4283.21,14575,10000,11210,13250,4650,8500,9500,13500,12000,11471.25,4000,8653.0499999999993,14500,13500,11750,14785.69,10385,8406,11000,12127.5,12281.24,14700,4254.26,10500,7875,10331.790000000001,1450,11700,11500,10000]
["12-1.",2.46,3.75,3.93,2.94,4.2,4.5,2.79,4.2,4.5,4,4.25,4.62,2.1800000000000002,2.42,2.52,3.24,2.2799999999999998,3.3,3.93,3.59,3.75,1.9,1.57,1.72,4.0999999999999996,2.15,4.25,4.72,4.2,4.22,4.55,3.41,2.7,4.2,4.5,4.24,1.4,3.5,1.8,4.09,1.8,2.56,1.59,2.7,2.86,3.75,2.46,3.79,3.83,3.47,2.79,4.2,4.5,4.5,4.71,3,4.62,1.89,2.42,2,2.52,3.83,2.4,3.3,3.93,1.8,3.52,2.95,4.2,1.7,2.62,4.0999999999999996,4.72,4.75,3.41,3.76,4.2,4.51,4.24,3.5,1.8,1.45,1.59,4.3499999999999996,2.8,3.65,2.41,2.46,3.79,3.67,3.02,2.62,3.46,4.5,2.79,4.5,3.67,3.5,4,1.89,3.32,2,2.52,3.24,2.31,3.44,3.3,2.1,3.93,1.9,4.12,4.5,1.72,4.0999999999999996,2.15,3.92,4.72,4.2,4,3.45,4.2,4.08,4.4000000000000004,4.24,3.5,4,1.8,3.68,1.59,2.75,2.86]
["12-2.",3.06,2.91,1.57,3.52,4,2.6,3.46,3.15,4,2.02,3.5,3.76,1.17,0.89,2.52,2.5499999999999998,1.49,2.75,2.5,2.75,1.43,1.1000000000000001,2.36,0.56000000000000005,3.04,3,3.38,1.57,3.81,3.45,4.25,4.25,2.6,1.1499999999999999,2.68,3.63,2.58,9,1.2,3.75,0.89,2.42,1.59,3.65,3.67,2.5,3.06,2.94,1.57,2.88,3.3,3.15,4.72,5.25,4.25,2.2400000000000002,3.76,1.17,0.89,0.65,2.52,3.24,1.61,2.75,2.9,1.05,3,1.96,3,3,3.75,4.5,1.57,5.25,4.25,2.81,1.1499999999999999,1.41,3.63,9,1.8,0.73,1.59,1.68,3.8,2.5,1.2,3.06,3.03,1.57,3.62,3.67,4,2.6,3.46,4.25,3.67,3.5,3.76,1.17,4,0.65,2.52,2.5499999999999998,1.61,3.06,2.75,2.36,3.3,1.1000000000000001,3,4.5,0.56000000000000005,3.06,3,4.7,1.58,3.81,4.25,4,1.1499999999999999,4.5,2.77,3.63,9,4.2,0.89,2.42,2.91,3.85,3.67]
["12-3.",41.87,50.93,43.89,29.4,44.1,50,47.32,33.64,58,52,40,25.62,50,56,42,23.6,46.3,36.75,50,53.98,55.12,22,52.5,56.72,57.15,55,39,46,55.73,36.21,57.5,54,36,36.380000000000003,57.75,53.47,26.78,67,57.75,30.85,57.75,45.56,29.89,47,55.1,40,41.87,51.43,43.89,60,50.07,33.64,60,50,42.36,54.88,25.62,54.15,60,55,42,49.56,46.3,36.75,50,21,49.39,56.08,65,60,58,39,46,64.569999999999993,56.7,53.34,36.380000000000003,63,36.299999999999997,67,57.75,40,29.89,55.5,49,40,54.5,41.87,50.93,48.07,30.23,51.45,35.700000000000003,52,48.38,58,57,40,25.62,54.15,55,50,42,23.6,48,48.69,36.75,52.5,50,22,50,33.64,60,57.15,60,39,46,55.78,54,38.03,36.380000000000003,45.01,58,53.47,67,47.25,57.75,52.5,29.89,47,55.1]
["12-4.",30.62,37.89,30.89,43,40,39,42,34.909999999999997,44.4,40,40,25.2,44.44,38.58,35,25,40,36.75,40,44.52,45,27.25,42,44.1,42.44,45,26,34.5,44.06,26.37,45,36.75,36,29.76,43,44.96,26.78,30,43.98,40,43.83,42,28.4,40.5,44.1,38,30.62,36.79,30.89,43,42,34.909999999999997,40.79,42,41.42,36.4,25.2,38.89,38.58,40,35,31.57,40,36.75,38.47,26,31.45,40.68,43.75,45,43,26,34.5,43,36.75,40.36,29.76,44.1,37.6,30,43.85,40,28.4,39.9,43,38,44.62,30.62,37.89,32.340000000000003,43.19,43,35.700000000000003,43,42,44.4,35.700000000000003,40,25.2,38.89,44,41,35,25,37.04,42.4,36.75,42,40,27.25,42,34.909999999999997,44.1,42.44,50,26,34.5,44.09,43,38.03,29.76,45.01,44,44.96,30,40,43.85,42,28.4,41.5,44.1]
["12-5.",34.99,50.82,46.2,55.5,52.5,35,51.04,37.9,55.5,50,40,43.89,55.55,51.45,50,53.1,50,45,45,55.12,55.12,54.5,52.5,52.09,54.54,55,50,40.25,55.64,52.8,55,54,47.25,41.89,53.33,55.56,53.69,45,55.12,49,55.12,52.5,45.16,55,52.9,50,40.83,49.84,46.2,55.5,51.04,37.9,52.44,52,41.42,53,43.89,50,54.02,49,50,49.56,50,45,45,51,49.39,49.37,53.58,55,54,50,40.25,53.75,54,49.08,41.89,55.12,48.21,45,55.12,40,45.16,51.45,56.5,50,54.5,34.99,49.82,33,54.42,55.65,77,53,51.04,55.5,51.45,40,43.89,50,55.12,49,50,53.1,52,55.12,45,52.5,45,54.5,54.94,37.9,52.09,54.54,60,50.4,40.25,55.65,58,55.25,41.89,45.01,53.33,55.56,45,44.1,55.12,53,45.16,55,52.9]
["12-6.",201.04,190.28,173.25,151.41,165.35,199.5,185.95,192.63,192.73,191.9,198.45,192.5,204.15,181.91,175,189,179.92,192.93,195,138.91,173.63,169,126,167.85,202.11,200,138,169.05,206.6,181.5,195,173.25,183,169.78,202.35,204.2,200.61,185,191,190,202.33,175,164.08,200,201.75,147,198.84,195.88,173.25,181.69,188.69,192.63,183.56,185,184.8,130,192.5,174.98,200.55,150,175,185.85,176,192.93,183.75,162,185,179.05,198.45,200,200,170,194.7,202.12,198,194.77,169.78,202.57,204.2,185,202.33,145,164.08,199,200,147,200.5,204.15,195.88,213.67,151.18,199.5,200,204.75,204.75,192.72,199.5,198.45,192.5,174.98,191,150,175,195,173.63,202.88,192.93,157.5,195,169,200,192.63,167.85,202.13,225,150,180.55,206.8,190.73,195,169.78,208.35,202.35,204.2,185,190,202.33,205,203.44,200,200]
["12-7.",20.82,27.45,18.899999999999999,25.4,26.25,22,26.99,26.72,29.4,28.79,26.75,20.79,25,32,25.35,23.09,26.5,25.2,21,28.82,27.56,19.7,26.25,27.78,25.45,30,28.5,28.75,29.8,27.72,26.35,24.15,29.25,26.46,28.75,29.49,22.83,25,29.4,23.99,28.26,26.25,28.57,26.25,27.55,25.2,20.82,27.72,18.899999999999999,31,27.66,26.72,30,26.03,28.08,25.76,20.79,26.47,33,26,25.35,23.69,27,24.25,21.6,18.8,26.25,28.07,32.4,30,28,30,28.75,26.56,29.06,31.16,26.46,30,29.5,25,28.26,27.79,28.57,27.7,27.25,25.2,29.22,20.81,27.72,25.41,24.19,25.2,27.75,27.3,28.35,29.4,25.64,26.75,20.79,26.47,28,25,25.35,23.54,28,27.34,25.2,26.25,26.5,19.7,26.73,26.72,28.66,29.1,30,28.5,28.75,29.9,28,26.56,26.46,29.23,30,29.5,25,25.98,28.26,28,28.57,26.25,27.56]
["12-8.",27.55,41.17,35.200000000000003,33,38,36.75,35.72,42,42,39.39,42.8,36,40,38.85,38,36.46,38,30.87,40,42.21,42,27.3,37.799999999999997,41.67,38.19,40,28.5,41.8,49,34.65,44,37.479999999999997,36.75,38.58,43.85,42.52,36.1,35,40.5,34.65,44.4,37.21,41.69,37,38.5,38,27.56,41.17,24.75,41.16,35.729999999999997,42,43.12,42,42.8,42,36,38.89,42.82,39,38,27.35,39,30.87,38,26.2,26.46,39.159999999999997,41.67,40,36.75,33,41.8,42.75,39.9,40.07,38.58,42.87,42.52,35,42.5,42.35,41.7,41.8,38.5,38,42.5,30.62,41.57,35.200000000000003,31.44,46,42,37.799999999999997,42,44.04,39.9,42.8,36,38.89,40.950000000000003,39,38,36.46,40,42.61,30.87,37.799999999999997,40,27.3,38.64,42,41.67,38.19,45,28.5,46,49,43,44,38.57,43.05,45,42.52,35,43.3,44.4,43,41.7,37.25,38.58]
["12-9.",29.38,34.5,30.8,35.700000000000003,33.6,28.35,35.69,36.42,36.380000000000003,31.31,33.6,28.6,28.89,32.409999999999997,34.65,27.14,31,27.55,32,33.01,36.75,30.5,28.87,30.09,35.630000000000003,30.4,30,25.3,36.74,32.340000000000003,35,36,31.5,31.97,36,37.04,28.19,31.5,34.65,33,36.75,32.35,33.83,32,36.75,30.8,34.29,35.51,30.8,31.5,36.76,36.42,30.58,36.5,36.200000000000003,34,28.6,27.78,34.03,29,34.65,33.04,31.82,31.5,33,29.25,32.92,35.1,35.72,35,34.65,31.5,35.08,36.200000000000003,30.87,35.99,31.97,36.369999999999997,37.04,31.5,36.6,30.25,33.83,35.700000000000003,32.5,30.8,33.25,35.51,37.35,24.2,35.99,36.75,38.200000000000003,35.700000000000003,36.380000000000003,37,33.6,33.6,35.75,27.78,32.409999999999997,29,34.65,27.14,31.82,35.700000000000003,20.94,31.5,38,30.5,36.51,36.42,30.09,35.630000000000003,37,29.3,16.100000000000001,36.75,38.090000000000003,36.22,31.97,36.049999999999997,35.97,37.04,31.5,33.450000000000003,36.6,36.69,33.83,32.25,36.75]
["12-10.",29.38,33.380000000000003,30.6,35.700000000000003,32.549999999999997,28.35,35.65,36.58,36.380000000000003,31,33.6,28.6,28.89,32.409999999999997,33,27.14,31,27.55,30,32.71,35.270000000000003,29.5,28.87,30.09,35.630000000000003,30.4,30,25.3,36.22,32.340000000000003,35.549999999999997,36,36.75,34.17,34.29,36.380000000000003,28.19,31.5,34.65,33,35.700000000000003,33.880000000000003,33.83,33,36.75,30,31.84,34.36,30.6,31.5,35.65,36.58,30.58,31.8,36.01,35,28.6,27.78,33.950000000000003,29,33,31.27,31.82,31.5,31.14,28.25,31.16,35.56,35.72,35,32.549999999999997,31.5,35.08,34.75,30.87,34.28,34.17,35.28,36.380000000000003,31.5,35.5,30.25,33.83,35.4,34.5,30,33.25,35.51,35.71,25.41,35.99,36.75,36.22,35.700000000000003,35.28,36,33.6,33.6,35.75,27.78,32.409999999999997,29,33,27.14,31.82,35.700000000000003,20.94,31.5,35,29.5,36.03,36.58,30.09,35.630000000000003,37,29.3,16.100000000000001,36.22,37.880000000000003,34.5,34.17,36.049999999999997,35.97,36.380000000000003,31.5,33.450000000000003,37.26,36.5,33.83,33,36.75]
["12-11.",31.5,34.61,31.9,28,35,30.45,35.69,35.25,36.75,33,30,28.87,33,35,33,29.5,33.5,27,33,30.67,36.75,29.5,30.97,32.409999999999997,36.380000000000003,35,31.25,28.75,37,31.18,33.35,30.87,34,31.97,36.159999999999997,37.04,30.66,30,36.799999999999997,31.75,33.700000000000003,34.65,34.35,33,36.75,32,32.659999999999997,35.630000000000003,31.9,35,36.76,35.25,38.85,30.59,35.380000000000003,38,28.87,35.130000000000003,38.58,35,33,37.76,35,27,38.340000000000003,28.25,35.840000000000003,35,37.799999999999997,40,36.75,31.5,28.75,38.5,31.5,36.36,31.97,37.799999999999997,37.04,30,33.700000000000003,36.89,35.299999999999997,36.9,36,32,36.92,33.24,34.61,31.35,28.79,30.45,35,35.700000000000003,36.380000000000003,36.75,31.44,30,28.87,35.130000000000003,35,32,33,29.5,34,35.32,27,31.5,36,29.5,36.75,35.25,32.409999999999997,36.380000000000003,40,29.3,28.75,37,31.5,32.6,31.97,35.08,36.159999999999997,37.04,30,33.299999999999997,33.700000000000003,34,34.6,33,36.75]
["12-12.",29.17,33.07,30.8,25.76,33,29.4,33.53,33.58,35,33.33,28,27.5,31.36,35,31,28.32,33.200000000000003,25,31.95,28.2,34.65,27.5,30.97,32.409999999999997,36.380000000000003,35,26.2,26.45,36.700000000000003,31.18,33.35,28.66,33,30.87,34.99,35.869999999999997,28.04,30,36.1,30.25,30.97,32.93,33.4,30.5,35,30,30.33,34.049999999999997,30.8,35,34.700000000000003,33.58,38.85,30.59,32.97,38,27.5,34.5,36.75,34,31,35.4,33,25,36.72,26.25,35.28,35,37.799999999999997,40,35.700000000000003,27.25,26.45,38.5,29.4,36.36,30.87,36,35.869999999999997,30,30.97,36.229999999999997,35.299999999999997,35.25,33.5,30,35.82,31.5,33.39,29.7,26.49,30.45,33,32.549999999999997,35.28,35,29.4,28,27.5,34.5,35,31,31,28.32,33,35.58,25,31.5,33.5,27.5,35.700000000000003,33.58,32.409999999999997,36.380000000000003,40,26,26.45,36.75,29.4,32.6,30.87,35.08,34.99,35.869999999999997,30,30.6,30.97,33,33.4,30.5,35]
["12-13.",203.95,188.21,173.25,157.5,165.35,199.5,178.65,190.44,196.78,185,194.25,192.5,204.15,200,185,190,173.63,192.93,185,115.76,173.63,170,110,209.47,202.03,200,120,151.80000000000001,206.6,179.02,205,165.37,185,175.29,204.15,206.62,200.61,180,202.5,190.55,203.96,188.67,164.08,200,210,147,200.29,190.04,173.25,204.75,178.66,190.44,187.42,200,205.27,130,192.5,200.28,210,180,185,177,173.63,192.93,190,162,185,176.23,208.37,220,205,141.5,186.3,220,165.37,207.77,175.29,202.38,206.62,180,205.35,145,164.08,208,200,147,202.56,204.15,191.86,213.67,162,210,200,203.7,204.75,196.77,203.7,194.25,192.5,200.28,210,195,185,206.5,189,207.34,192.93,150,185,170,200,190.44,209.45,202.13,250,120,163.30000000000001,206.8,157.65,212.75,175.29,204.67,204.15,206.62,180,194.25,205.35,204,164.08,200,210]
["12-14.",0.53,1.22,0.75,1.41,0.71,1.1200000000000001,1.32,1,1.7,1.2,1.25,0.78,1.39,1.5,1.2,0.61,1.2,1.25,1.1499999999999999,1.19,1.4,1.3,1.5,1.42,1.43,1.5,0.7,1.0900000000000001,1.43,0.69,1.43,1.1499999999999999,1,1.2,1.33,1.26,0.59,1.65,1.4,1.05,1.32,1.18,1.44,1.3,1.1000000000000001,1.1000000000000001,0.69,1.24,0.75,1.5,1.37,1,1.85,1.28,1.29,1.75,0.78,1.32,1.75,1.25,1.2,0.61,1.26,1.25,1.41,1.3,1.23,1.34,1.89,1.75,1.1499999999999999,0.7,1.0900000000000001,1.43,1.2,1.56,1.2,1.9,1.26,1.65,1.32,1.32,1.62,1.1000000000000001,1.3,1.1000000000000001,1.4,1.1599999999999999,1.26,1.1000000000000001,1.41,1.36,0.68,1.35,1.32,1.75,1.26,1.25,0.75,1.32,1.4,1.3,1.2,0.61,1.24,1.1000000000000001,1.25,1.25,1.36,1.3,1.19,1,1.42,1.43,1.5,0.7,1.1499999999999999,1.42,1.26,1.2,1.2,1.41,1.39,1.26,1.65,1.05,1.32,1.3,1.43,1.3,1.1000000000000001]
["12-15.",210,202.53,165,157.5,178.5,185,178.65,225.63,233.1,207.05,195,192.5,222.2,199.5,200,206,191,192.93,210,231.52,165.37,170,150,219.92,231,250,110,260.7,206.6,202.12,231,210,150,175.29,225,229.2,231,220,231,182.25,226.4,210,203.44,200,220,175,198.07,202.53,165,157.5,178.66,210,233.1,200,186.55,130,192.5,222.2,199.5,150,200,185.85,187,192.93,188,162,176.4,185.04,187.43,220,231,173,180.55,231,210,222.91,175.29,215.81,229.2,240,226.11,200,203.44,208.37,200,175,166.75,227.62,206.46,203.5,162,210,200,225,227.62,233.1,225.75,195,192.5,222.2,231,225,200,224.4,185.22,225.75,192.93,150,210,170,225.07,225.63,219.92,231,250,110,216.78,206.8,220.5,230,175.29,204.67,236.03,229.2,240,185,226.4,225.5,203.44,200,220]
["12-16.",0.53,1.23,1,1.35,0.71,1.07,1.35,1.19,1.75,1.2,1.25,1.32,1.39,1.26,1.2,1,1.2,1.2,1.1499999999999999,1.27,1.2,1.3,1.25,1.42,1.43,1.35,0.7,1.0900000000000001,1.05,0.69,1.43,1.1499999999999999,1.1200000000000001,1.2,1.39,1.43,0.59,3,1.37,1.05,1.32,0.98,0.97,1,1.1000000000000001,1.1000000000000001,0.72,1.25,1,1.6,1.4,1.19,1.7,1.33,1.23,1.46,1.32,1.31,2.56,1.3,1.2,1,1.26,1.2,1.35,1.3,0.78,1.35,1.62,1.5,1.31,0.7,1.0900000000000001,1.43,1.2,1.56,1.2,1.67,1.43,3,1.32,1.38,1.29,1.36,1.05,1.1000000000000001,1.4,1.1599999999999999,1.28,1.1000000000000001,1.39,1.36,0.68,1.29,1.37,1.75,1.31,1.25,1.32,1.31,1.55,1.3,1.2,1,1.26,1.17,1.2,1.5,1.36,1.3,1.19,1.19,1.42,1.43,1.35,0.7,1.1499999999999999,1.05,1.26,1.5,1.2,1.39,1.39,1.43,3,1.05,1.32,0.98,0.97,1.05,1.1000000000000001]
["12-17.",971.25,530.35,500,630,551.25,950,777.44,892.5,520.88,450,825.77,840,509.25,893.02,750,800,495,975,825,945,578.80999999999995,950,800,694.57,981.75,750,975,935,485,825,950,604.85,750,363.82,935,482.23,691.26,696,950,911.15,698.88,600,937.12,700,950,750,744.18,530.38,500,944.9,777.44,892.5,496.12,675,525,800,840,509.25,937.67,300,750,800,495,975,825,950,978,850,981.75,750,945,950,977.5,950,604.85,985,362.77,980.82,482.23,696,698.88,600,983.97,945,700,750,637.35,971.25,530.38,500,600,577.5,884.7,950,798.76,520.88,898,825.77,840,509.25,937.65,300,750,800,495,945,975,800,825,950,892.5,892.5,694.57,981.75,750,960,977.5,485.2,604.85,761.25,363.82,975,935,482.23,696,911,698.88,600,937.12,710,950]
["12-18.",231.52,150.33000000000001,425,180.23,137.80000000000001,150,375,132.30000000000001,173.62,140,400,210,220.5,412.5,260,150,127.5,145,173,231.52,127.33,220,150,40.5,254.65,165,315,144.9,400,173.25,236,48.61,315,346.5,200.36,314.49,356.47,351,170.15,173.6,425,170,400,150,173,200,231.52,165.73,500,180.23,375,132.30000000000001,165.37,150,500,300,220,220.5,450,200,260,200,151.5,145,181.5,210,247.8,400,254.65,165,500,370,144.9,236.25,48.61,165.65,362.77,200.36,314.49,351,475,323.75,400,154.35,150,200,525,231.52,165.73,400,180,157.5,120.27,150,400,173.62,375,400,210,220.5,393.75,150,260,150,133.5,231.52,145,150,165,220,262.5,132.30000000000001,40.5,254.65,165,315,144.9,400,48.61,110.25,346.5,321.64,200.36,314.49,351,173.6,400,170,400,150,173]
["13-1.",8.4700000000000006,6.67,5.51,6.05,8.5,6.5,7.98,8.5,8.59,8.08,8,8.8000000000000007,7.27,7.88,7.8,6.39,7.05,8.4,8.5,8.35,6.94,5.4,6.3,5.78,8.7200000000000006,6.8,8.25,8.64,8.82,7.08,9,7.8,8.8000000000000007,8.66,8.26,8.66,7.63,9,6.73,7.45,7.88,6.84,7.18,8.4,8.82,7,8.4700000000000006,6.24,5.51,6.02,7.98,7.87,7.15,9,7.87,6.1,8.8000000000000007,6.72,7.88,5.5,7.8,6.49,7.05,8,9.06,5.25,5.88,7.19,8.76,6.8,6.82,8.35,8.64,8.8699999999999992,7.8,7.71,8.67,8.06,8.67,9,7.28,4.84,7.18,7.54,8.4,7,7.64,8.4700000000000006,6.61,5.51,6.05,8.4,7.16,8,8.92,9,7.87,9.49,8.8000000000000007,6.72,7.88,5.5,7.8,6.39,7.8,9,8.4,7.35,8.5,5.4,7.64,8.5,5.78,8.7200000000000006,7.45,8.4,9.35,8.82,9.5,9.1999999999999993,8.66,8.75,8.7799999999999994,8.67,9,7.85,7.88,7.85,7.18,8.4,8.8000000000000007]
["13-2.",2.16,2.11,1.25,3,3,1.85,2.5299999999999998,3,3,2.2999999999999998,2.14,2.2000000000000002,2.2200000000000002,2.8,2.15,2.16,2.35,3,2.2999999999999998,2.7,2.31,1.05,1.57,2.31,2.54,2.5,1.84,2.38,2.7,2.35,3,2.4,2.5,2.84,2.56,2.42,2.66,3.75,2.7,1.64,2.75,2.12,1.59,2.62,2.4700000000000002,2,2.16,2.0299999999999998,1.25,3.12,2.62,2.75,3.5,2.4900000000000002,2.2400000000000002,2.44,2.2000000000000002,2.2200000000000002,2.75,3.2,2.15,2.5499999999999998,2.37,3,3.66,1.05,2.17,2.31,2.48,2.5,2.62,1.84,2.38,3.65,2.4,2.44,2.84,2.67,2.42,3.75,2.75,2.42,1.59,2.85,2.62,2,2.76,2.16,2.11,1.25,3,2.1,2.2000000000000002,2,2.54,3,3,2.14,2.2000000000000002,2.2200000000000002,3.1,2.35,2.15,2.16,2.4500000000000002,2.86,3,1.31,2.2999999999999998,1.05,2.17,3,2.31,2.54,2.5,1.84,2.38,2.78,2.5,2.41,2.78,2.82,2.67,2.42,3.75,1.71,2.75,2.4500000000000002,1.59,2.62,2.46]
["13-3.",9.24,8.67,7.87,6.65,8.4,6.5,8.61,9.5,10,8.08,9.5,8.8000000000000007,7.63,9.5,8.15,7.01,7.63,8.4,7,9.42,6.94,3.8,7.87,6.64,9.82,8,8.4499999999999993,9.6,9.36,9.17,9.5,8.19,9.5,7.27,9.42,9.36,8.24,7.35,8.19,8.2899999999999991,8.6199999999999992,8.91,7.5,9.25,10,8,9.24,8.35,7.87,8.2100000000000009,8.5500000000000007,9.4499999999999993,9.2100000000000009,10,9.5,7.32,8.8000000000000007,7.63,10,6.9,8.15,7.65,7.62,8.4,7,3.65,6.46,6.85,9.58,8,8.1300000000000008,8.4,9.6,9.75,8.19,8.5500000000000007,7.27,9.31,9.36,7.35,7.88,7.26,7.5,9.19,9.25,8,9.39,9.24,8.51,5.77,8.6999999999999993,7.87,9.2799999999999994,6.5,8.73,10,10,9,8.8000000000000007,7.63,9.9,7.25,8.15,7.01,7.63,9.27,8.4,7.87,7.35,3.8,7.39,9.5,6.64,9.82,8,8.93,9.6,9.36,8.92,9.1999999999999993,7.27,9.52,9.31,9.36,7.35,8.5500000000000007,8.6199999999999992,9.25,7.5,9.25,10]
["13-4.",2.52,2.0299999999999998,1.75,1.2,3,1.75,2.4700000000000002,3,3,3.03,2.2999999999999998,2.2000000000000002,2.04,2.52,2.15,1.28,2.25,3,2.15,2.59,1.72,1.1499999999999999,1.57,1.1499999999999999,2.21,2.5,2.1,2.95,2.58,2.35,3,2.52,2.4,2.64,2.78,2.42,2.54,2,1.56,1.57,2.42,1.62,2.25,3,2.4700000000000002,2,3.11,1.97,1.75,2.16,2.5299999999999998,3,3,2.5,2.5,1.83,2.2000000000000002,2.04,2.52,2,2.15,1.28,2.25,3,2.25,1.1499999999999999,1.17,2.2000000000000002,2.17,2.5,2.36,2.1,2.95,3.12,2.52,2.46,2.5499999999999998,2.35,2.42,2,1.8,1.21,2.25,2.4700000000000002,3,2,1.89,2.46,2,0.5,2.11,2.1,2.2000000000000002,2,2.4700000000000002,3.5,2.1,2.2999999999999998,2.2000000000000002,2.04,2.52,2.15,2.15,1.28,3,2.59,3,1.57,2.25,1.1499999999999999,2.1,3,1.1499999999999999,2.21,2.5,2.1,2.95,2.58,2.62,2.2999999999999998,2.59,2.62,2.87,2.42,2,1.63,2.42,1.65,2.25,3,2.42]
["13-5.",1.35,1.88,1.5,2.42,3.5,1,1.44,3,3.75,2.5299999999999998,3.68,2.02,2.78,3.5,1.5,2.48,2.31,1.5,4,3.15,2.59,2.4,2.5,3.11,2.54,3.5,2.94,1.1399999999999999,3.11,3.45,3.87,1.1000000000000001,2.75,3.02,2.0099999999999998,3.15,3.42,2,3.13,2.5,3.02,2.66,2.34,3.05,2.75,1.75,1.35,1.82,1.5,3.24,1.57,3,3.75,3,3.68,1.22,2.02,2.78,3.5,3,1.5,3.1,2.31,1.5,2.77,2.4,2.35,2.4500000000000002,3.11,3,2.62,2.94,1.1399999999999999,4.0999999999999996,1.1000000000000001,2.88,3.02,3.06,3.15,2,3.02,3.03,2.34,1.76,3.05,1.75,2.88,1.35,1.91,1.5,2.4300000000000002,2.88,1.1499999999999999,2.5,2.88,3.75,3.5,3.68,2.02,2.78,3.3,4,1.5,2.48,1.72,3.01,1.5,2.5,2.7,2.4,2.83,3.1,3.11,2.54,3.5,2.94,1.1499999999999999,3.11,2.5,5,3.02,4.75,2.02,3.15,2,2.6,3.02,3,2.34,3.05,2.85]
["13-6.",1.35,1.39,1,0.95,1.1000000000000001,1.25,1.51,1,2,1.5,1.57,0.76,0.74,1.64,1.4,0.53,0.97,1.75,1.4,1.24,1.1499999999999999,0.88,0.65,0.56000000000000005,1.98,1.1000000000000001,1.54,0.7,1.7,1.63,2,1.37,1.5,1.69,1.67,1.5,1.67,1.8,0.69,1.36,1.75,1.17,0.8,1.5,1.54,1.2,1.35,1.32,1,1,1.51,1,2,1.75,1.64,1.22,0.76,0.74,1.64,1,1.4,0.81,1,1.75,1.5,0.89,1.35,1.62,1.93,1.1499999999999999,1.57,1.65,0.7,2.0499999999999998,1.37,1.63,1.69,1.63,1.29,1.8,1.75,0.79,0.8,1.68,1.5,1.2,1.26,1.35,1.31,1,0.9,1.05,1.1499999999999999,1.25,1.54,2,2,1.57,0.76,0.74,1.72,1,1.4,0.53,1.1499999999999999,2.0299999999999998,1.75,0.65,1.25,0.88,1.4,1,0.56000000000000005,1.98,1.1499999999999999,1.64,0.7,1.72,1.64,3,1.69,2.85,1.7,1.5,1.8,1.36,1.75,1.85,0.8,1.5,1.64]
["13-7.",0.34,0.46,0.25,0.25,0.59,0.4,0.63,1,1.5,0.65,0.79,0.22,0.35,0.8,0.39,0.25,0.37,0.95,0.65,0.5,0.66,0.78,0.35,0.27,1.1000000000000001,0.75,0.59,0.27,0.77,0.84,1,0.49,0.5,0.74,0.63,0.57999999999999996,0.81,0.52,0.34,0.3,0.81,0.85,0.51,0.65,0.66,0.65,0.34,0.44,0.25,0.47,0.61,1,1.5,0.75,0.79,0.6,0.22,0.35,0.8,0.5,0.39,0.37,0.37,0.95,0.6,0.78,0.35,0.18,1,0.75,0.52,0.24,0.27,1.05,0.51,0.7,0.69,0.38,0.57999999999999996,0.52,0.81,0.36,0.51,0.63,0.65,0.5,0.6,0.34,0.46,0.25,0.23,0.52,0.54,0.45,0.64,1.5,0.5,0.79,0.22,0.35,0.8,0.5,0.39,0.25,0.38,0.74,0.95,0.35,0.65,0.78,0.35,1,0.28000000000000003,1.21,0.75,0.56999999999999995,0.27,0.77,0.59,1,0.74,0.77,0.64,0.57999999999999996,0.52,1,0.81,1.05,0.51,0.65,0.66]
["14-1.A.",6600,6625,6600,6800,4000,3500,4262.41,6750,6300,3350,3750,3200,4000,5145,4800,3600,5800,3950,6500,5000,3255,5750,5500,4357.5,6405,6450,3825,5009,4405,4513.3500000000004,4352.5,4500,5700,4299.75,3889.32,6720,4849.16,3938.37,5180.3599999999997,5900,5832.22,6505,5672.36,4300,5510,5460,6600,5962.5,6600,6800,4473.0600000000004,6750,6300,3647.5,3885,3700,3200,4000,5402,5200,4800,3600,5800,3950,6500,5750,5000,5120,6725.25,6450,4200,3800,5009,4352.5,6700,6750,4299.75,3889.4,6720,3938.37,5832.22,6505,5672.36,4725,4500,5460,5250,6600,6293.75,6600,6800,4357.5,4200,3500,4552.76,6614.36,6500,3750,3200,4000,5145,5200,4800,3600,5800,5000,3950,5500,6500,5750,5000,6750,4357.5,6725.25,6450,3500,5009,5508,4500,4450,4299.75,6463.25,3889.4,6720,3938.37,5900,5832.22,6505,5672.36,4325,5512]
["14-2.A.",5900,5150,4370,6000,3400,1250,4153.66,5500,6000,2925,2800,2800,3800,4079.25,4300,3025,5100,2950,5950,3858.75,2940,5750,4000,3675,6000,5000,2885,3853,3304,3903.35,3692.5,4000,6000,3197.25,3276.8,5600,3962.1,3240.12,4272.18,4300,3483.9,5500,5900,3975,6000,3460,5900,5000,4370,6000,3782.53,5500,6000,3150,2940,3075,2800,3800,4079.25,4200,4300,3025,5100,2950,5950,5750,4000,5250,6000,5000,5200,2885,3853,3692.5,5100,6000,3197.25,3276.7,5600,3240.12,3483.9,5500,5900,4410,4150,3460,3858.75,5900,5000,4370,6000,2021.25,3360,1250,4278.75,6000,4462.5,2800,2800,3800,4079.25,4200,4300,3025,5100,3858.74,2950,4000,5950,5750,4000,5500,3675,6000,5000,2885,3853,4406,4000,3375,3197.25,5775,3276.7,5600,3240.12,4700,3483.9,5500,5900,4000,6000]
["14-3.",1,1,1,1,1,1,1,1,1,1,1,1,1,1,1,1,1,1,1,1,1,1,1,1,1,1,1,1,1,1,1,1,1,1,1,1,1,1,1,1,1,1,1,1,1,1,1,1,1,1,1,1,1,1,1,1,1,1,1,1,1,1,1,1,1,1,1,1,1,1,1,1,1,1,1,1,1,1,1,1,1,1,1,1,1,1,1,1,1,1,1,1,1,1,1,1,1,1,1,1,1,1,1,1,1,1,1,1,1,1,1,1,1,1,1,1,1,1,1,1,1,1,1,1,1,1,1,1,1,1,1]
["14-4.",6000,4425.26,3960,2222,3307.5,3500,4882.5,2500,1942.5,5000,4500,4300,4300,5843.25,4500,6300,6000,5175,4510,1653.75,1736.43,7000,7000,4608.45,7000,4450,1680,6199.95,4952,5538.57,5500,3675,4725,3307.5,5733,6110.33,6000,5400,5570,2400,5788.1,4730,3826.77,5400,6900,5000,6000,4469.51,3960,2222,4882.5,2500,1837.5,4800,6400,4580,4300,4300,5843.25,1440,4500,6200,6000,5175,4500,7000,4600,5500,7000,4450,5250,1900,6199.95,5775,3675,7340.77,3307.5,6013.86,6110.33,5400,5788.1,4750,3828.83,275.62,5400,5000,4861.5,6000,4425.26,3960,2222,4725,6000,3500,4882.5,2025.65,1200,4500,4300,4300,5565,1440,4500,6500,6000,1653.75,5175,6500,4510,7000,4600,2500,4608.45,7000,4450,1510,6199.95,4956,3675,1984.5,3307.5,2924.1,5733,6110.33,5400,2400,5788.1,4730,3828.83,5400,6900]
["14-5.",10000,10192.200000000001,6030,4444,10000,6000,10947.55,3500,4961.25,7600,10000,10300,7500,9955.57,8900,15500,9000,6730,8380,4410,4630.5,15500,15000,7033.95,15000,12655,3770,15658.02,13500,13351.42,8000,6006,9000,9922.5,9252.18,11636.1,10815,8280,8935,5330,9116.25,9000,5742.92,8150,11575,8000,10000,11943.53,6030,4444,10947.56,3500,4725,9743.42,14500,7250,10300,7500,9955.57,7500,8900,15500,9261,6730,8380,15500,9000,9955,15000,12655,15000,4350,15123.65,8400,6306.3,15497.77,9922.5,9251.7800000000007,12217.9,8280,9116.25,9200,5742.71,441,8150,8000,8505,10000,9525.34,6030,4444,8400,12000,6000,10947.56,5208.82,4800,10000,10300,7500,9030,3331.25,8900,15500,9000,4410,6730,15000,8380,15500,8700,3500,7033.95,15000,12665,3200,15123.65,13500,6006,4630.5,9922.5,5848.2,9252.18,11636.1,8280,5330,9116.25,9000,5742.7,8150,11575]
["15-1.A.",90,85.8,69.3,68.290000000000006,90,89.25,81.709999999999994,69.3,69.45,88.75,85,79.8,50.4,48.61,89.25,95,30.5,85,72.5,90,86.81,93,78.75,30.09,95,75,90,75.900000000000006,92.4,88.74,89.25,83.16,55,72.760000000000005,88.2,90.84,89.61,88,42.52,90,92.6,81.5,89.51,57,82.65,75,89.25,85.8,69.3,68.290000000000006,81.709999999999994,69.3,66.150000000000006,82,91.29,86,79.8,50.4,48.61,26,89.25,87.55,30.5,85,69.25,89,70.349999999999994,79,89.25,71.5,89.25,90,75.900000000000006,89.25,81.58,83.25,72.760000000000005,88.2,90.84,80,92.61,81.75,89.51,15.21,57,75,76.55,90,85.8,69.3,70.239999999999995,86.1,85.99,89.25,82.49,69.45,89,85,79.8,50.4,48.61,26,89.25,87.55,30.5,90,85,84,76,93,71.400000000000006,75.599999999999994,30.09,90,71.5,90,75.900000000000006,94.5,83.16,75,72.760000000000005,90.03,88.2,90.84,88,90,92.61,85.5,89.5,57,82.68]
["15-1.B.",105,104.82,77,78.790000000000006,55.1,99.75,88.86,77.7,86.81,95,90,90.3,75.599999999999994,60.76,98,100,36.700000000000003,95,78,102.5,105,105,89.25,38.19,105,79.5,103.9,88.41,104.07,99.74,97.5,102.78,38.5,84.89,105,78.61,101.85,95,60.76,102,100.7,70,77.349999999999994,69,93.7,75,100,101.55,77,78.790000000000006,88.43,77.7,82.68,90,100.01,92,90.3,75.599999999999994,60.76,37.5,98,100,36.5,95,74.55,105,70.349999999999994,97,105,78,100,103,88.41,94.5,102.78,99.86,84.89,100,78.61,95,100.7,70,77.349999999999994,17.100000000000001,69,75,76.55,110,104.82,77,81.040000000000006,94.5,95,99.75,92.39,86.81,101.85,90,90.3,75.599999999999994,60.76,37.5,98,100,36.5,102.5,95,94.5,81.75,110,71.400000000000006,86.1,38.19,105,79.900000000000006,106,88.41,104.14,102.78,90,84.89,102.37,110,78.61,95,102,100.7,70,77.349999999999994,69,93.7]
["15-1.C.",115,114.66,88,89.29,55.1,110.25,96.05,88.2,104.18,105,115,100.8,91.44,72.92,100,120,44.5,100,89,115,115.5,115,99.75,50.93,120,89.5,119,100.92,115.65,110.74,115,113.98,49.5,59.53,115.65,62.8,120,110,72.91,114,115.44,80,77.349999999999994,80,104.7,75,110,113.02,88,89.29,94.94,88.2,99.22,76,105.52,97,100.8,91.44,69.45,50,100,113,44.5,100,85,115,70.349999999999994,105,117.6,85.5,105,115,100.92,99.75,108.28,111.77,59.53,110.25,62.88,110,115.45,80,77.349999999999994,19.399999999999999,80,75,76.55,115,114.66,88,91.83,105,112,110.25,101.62,104.17,115.5,115,100.8,91.44,72.92,50,100,115,44.5,115.5,100,105,66.75,115,71.400000000000006,94.5,50.93,115,89.75,115,100.92,115.74,113.98,95,59.53,115,115.5,62.88,110,114,115.45,80,77.349999999999994,80,104.7]
["15-1.D.",55.12,16.260000000000002,12,21.15,52.5,89.25,85.5,91.35,17.059999999999999,15,75,11,12.39,30.37,70,61.8,47,100,19.8,73.8,40.5,26,100,12.72,90.77,95,80,100.92,84.9,88.74,100,40.5,15.4,77.17,105,41.92,17.350000000000001,105,19.440000000000001,21.65,105,70,77.349999999999994,11.5,34.700000000000003,15,55.12,16.260000000000002,12,21.15,89.78,91.35,16.53,80,88.98,102.5,11,12.39,28.93,12.5,70,61.8,47,50,19.8,26,60,34.72,90.77,95,89.25,79.5,100.92,100,40.5,12.25,77.17,105,41.92,105,105,90,77.349999999999994,15.21,11.5,15,72.92,55.12,16.260000000000002,12,21.75,91.35,100,89.25,89.78,17.350000000000001,82.68,75,11,12.39,30.37,12.5,70,61.8,47,75.599999999999994,100,105,20.75,26,61,96,12.72,90.77,95,86,100.92,85,40.5,75,77.17,87.71,110,41.9,105,21.65,105,90,77.349999999999994,11.5,34.700000000000003]
["15-2.A.",11.89,17.170000000000002,11.5,21.21,15.75,10.5,19.03,25,11.57,15,6,21,13.12,17.350000000000001,20,25.75,11.25,7,13.75,30,6.94,10.5,21,12.72,31,16.5,29,8.4,18.2,17.239999999999998,26.25,30,15,11.57,31.5,16.29,18.45,15,18.21,30,26.25,17.5,18.21,9.15,17.350000000000001,30,11.89,16.38,11.5,21.21,19.22,25,11.02,25,6.29,19,21,13.12,17.350000000000001,12.5,20,25.75,11.4,7,13.15,10.5,18,23.5,31,16.5,30,29,8.4,26.25,30,10.56,11.57,31.5,16.29,15,26.25,13.5,18.21,16.53,9.15,30,19.95,11.89,16.54,11.5,21.81,26.25,22,10.5,19.21,11.57,11.02,6,21,13.12,17.350000000000001,12.5,20,25.75,11,30,7,21,13.15,10.5,18,25,12.72,30,16.5,30,8.4,18.2,30,25,11.57,14.6,30,16.29,15,28,26.25,17.5,18.21,9.15,17.350000000000001]
["15-3.",1,1,1,1,1,1,1,1,1,1,1,1,1,1,1,1,1,1,1,1,1,1,1,1,1,1,1,1,1,1,1,1,1,1,1,1,1,1,1,1,1,1,1,1,1,1,1,1,1,1,1,1,1,1,1,1,1,1,1,1,1,1,1,1,1,1,1,1,1,1,1,1,1,1,1,1,1,1,1,1,1,1,1,1,1,1,1,1,1,1,1,1,1,1,1,1,1,1,1,1,1,1,1,1,1,1,1,1,1,1,1,1,1,1,1,1,1,1,1,1,1,1,1,1,1,1,1,1,1,1,1]
["15-3.A.",1,1,1,1,1,1,1,1,1,1,1,1,1,1,1,1,1,1,1,1,1,1,1,1,1,1,1,1,1,1,1,1,1,1,1,1,1,1,1,1,1,1,1,1,1,1,1,1,1,1,1,1,1,1,1,1,1,1,1,1,1,1,1,1,1,1,1,1,1,1,1,1,1,1,1,1,1,1,1,1,1,1,1,1,1,1,1,1,1,1,1,1,1,1,1,1,1,1,1,1,1,1,1,1,1,1,1,1,1,1,1,1,1,1,1,1,1,1,1,1,1,1,1,1,1,1,1,1,1,1,1]
["15-3.B.",1,1,1,1,1,1,1,1,1,1,1,1,1,1,1,1,1,1,1,1,1,1,1,1,1,1,1,1,1,1,1,1,1,1,1,1,1,1,1,1,1,1,1,1,1,1,1,1,1,1,1,1,1,1,1,1,1,1,1,1,1,1,1,1,1,1,1,1,1,1,1,1,1,1,1,1,1,1,1,1,1,1,1,1,1,1,1,1,1,1,1,1,1,1,1,1,1,1,1,1,1,1,1,1,1,1,1,1,1,1,1,1,1,1,1,1,1,1,1,1,1,1,1,1,1,1,1,1,1,1,1]
["15-4.A.",13230,16620.47,14000,19897,5512.5,20000,9189.2199999999993,19000,13891.5,19000,18500,6063.75,12500,19000,4790,18000,7293,18000,19305,19000,9261,11000,11550,4074.84,20000,6945,16100,10068.18,14867,20524.759999999998,20500,6366.93,11500,5457.37,18774,12907.8,16222.5,7400,6417.86,18632,9724.0499999999993,10400,7656.95,12000,20000,5250,13230,16620.47,14000,19000,9189.2199999999993,19000,13230,12000,19110,8450,6063.75,12500,19000,4890,4790,17000,7293,18000,17000,10500,13500,14900,19500,6945,15750,16100,10068.18,18900,7524.56,19504.55,5457.37,18773.82,12907.8,7400,9724.0499999999993,10500,7656.95,8400,12000,3150,8295,13230,16121.86,14000,19897,4410,15000,20000,9189.2199999999993,13890.17,18384.18,18500,6063.75,12500,19000,4890,4790,19000,7293,19000,18000,11550,19305,11000,13500,19000,4074.84,20000,6945,16500,10068.18,14867,7524.56,13230,5457.37,15790.16,18774,12907.8,7400,19000,9724.0499999999993,10400,7656.95,12000,20000]
["15-4.B.",15855,18812.830000000002,16000,22119,7166.25,24000,9827.35,23500,22050,22500,21000,4961.25,15000,22050,5550,20000,13891.5,21500,21450,21500,9839.81,16500,12600,4838.87,23000,8100,19700,12496.29,19272,23227.85,24500,12155.06,13750,7276.5,23425,9053.83,17304,20000,8113.48,21000,17017.080000000002,12400,10210.25,14000,23000,6300,15855,18812.830000000002,16000,22119,9827.35,22000,22050,15190.38,21694,9525,4961.25,15000,22050,6500,5550,19500,13891.5,21500,21450,15750,15500,15850,23000,8050,21000,19700,12496.29,22900,13312.68,11130.83,7276.5,23425,9053.83,20000,17017.080000000002,12750,10210.25,15750,14000,6300,10846.5,15855,18613.419999999998,16000,22119,5040,17000,24000,9827.35,23152.48,21030.18,21000,4961.25,15000,24700,6500,5550,25000,14500,22500,21500,12600,21450,16500,15500,23500,4838.87,24150,8050,20250,12496.29,19272,13312.68,16537.5,7276.5,23500,23425,9053.83,20000,24000,17017.080000000002,12400,10210.25,14000,23000]
["15-4.C.",21105,21425.279999999999,17100,25351,8268.75,28000,11231.27,28000,29000,27200,24000,4410,16500,28025,6590,29000,20500,25000,24750,26500,10418.620000000001,22000,15750,5729.85,29000,9220,24100,14924.4,21270,27030.95,27500,18522,15950,8158.5,29330,8309.9500000000007,18742.5,25000,11012.47,25000,24310.12,17000,12762.81,15400,29000,7350,21105,21425.279999999999,17100,25351,11231.27,28000,30000,19314.580000000002,26858,10650,4410,16500,29500,7200,6590,30000,19250,25000,24750,21000,18000,18990.560000000001,30000,9200,26250,24100,14924.4,27500,18742.5,11715.16,8158.5,30000,8309.9500000000007,30000,24310.12,17500,12762.81,23100,15400,7350,13398,21105,21190.03,17100,25351,5775,19000,29400,11231.27,30000,25440.18,24000,4410,16500,29500,7200,6590,29000,20500,27000,25000,15750,24750,22000,18000,28000,5729.85,30000,9260,24850,14924.4,21270,19679.62,19425,8158.5,27570.26,29330,8309.9500000000007,30000,28000,24310.12,17000,12762.81,15500,29000]
["15-4.D.",5000,4287.58,2200,3787.5,1102.5,3675,4093.74,4000,6500,3000,4300,3675,1000,3465,4000,5000,4500,3000,2940,4500,1389.15,6500,1050,4074.8,5604.82,1150,4850,6103.64,4187,3803.09,3175,4725,2200,1157.6199999999999,6875,4962.47,4326,5500,5108.25,3307.5,4254.2299999999996,4500,2552.2800000000002,1725,5250,1050,5000,6832.22,2200,3787.5,4173.2299999999996,4000,6500,3879.12,3160,2500,3675,1000,3638.25,690,4000,5000,4500,3000,2808,6500,2990,2894.06,5885.06,1150,6500,4850,6103.64,3225,5500,4479.3,1157.6199999999999,7075,4962.47,7000,4254.2299999999996,4500,2552.56,5250,1725,1050,2803.5,5000,4543.5200000000004,2200,3787.5,4200,3000,3675,4360.62,6500,3858.75,4300,3675,1000,3638.25,1000,4000,5000,4500,4500,3000,1050,2940,6500,3000,4000,4074.8,5885.06,1150,5000,6103.64,4187,5775,6000,1157.6199999999999,6950,6875,4962.47,7000,3307.5,4254.2299999999996,4500,2552.56,1725,5250]
["15-5.",2664.27,2432.89,2294.1999999999998,2075,1157.5999999999999,3000,2408.9499999999998,3000,3250,3000,1963.5,551.25,2500,1260,2775,2500,2500,1200,3250,3100,1736.43,2100,1050,2894.06,4250,1575,2625,985.1,3035,1980.15,3711.61,1102.5,2875,2425.5,3110.8,3250,2865.97,1185,2127.12,1260,2431.0100000000002,2625,957.2,1650,2500,2500,2664.27,2432.89,2294.1999999999998,3190,2432.85,3000,3150,2500,2019.25,1000,551.25,2500,1323,1550,2646,2360,2500,1000,3350,2100,1176,1357.8,3800,1500,3150,2625,985.1,3825.96,2083.7199999999998,3477,2425.5,3450,3700,1185,2431.0100000000002,2644.64,957.2,1155,1725,2500,2604,2664.27,2432.89,2294.1999999999998,2075,2625,2500,3000,2528.25,3750,2480.62,1963.5,551.25,2500,2866.5,1550,3000,2500,2600,3100,1200,1050,3990,2100,2000,3000,2894.06,4250,1575,2625,985.1,3035,1212.75,2800,2425.5,1754.45,3559.45,3975,1185,1260,2431.0100000000002,2625,1084.72,1650,4000]
["15-7.",1,1,1,1,1,1,1,1,1,1,1,1,1,1,1,1,1,1,1,1,1,1,1,1,1,1,1,1,1,1,1,1,1,1,1,1,1,1,1,1,1,1,1,1,1,1,1,1,1,1,1,1,1,1,1,1,1,1,1,1,1,1,1,1,1,1,1,1,1,1,1,1,1,1,1,1,1,1,1,1,1,1,1,1,1,1,1,1,1,1,1,1,1,1,1,1,1,1,1,1,1,1,1,1,1,1,1,1,1,1,1,1,1,1,1,1,1,1,1,1,1,1,1,1,1,1,1,1,1,1,1]
["15-8.",1,1,1,1,1,1,1,1,1,1,1,1,1,1,1,1,1,1,1,1,1,1,1,1,1,1,1,1,1,1,1,1,1,1,1,1,1,1,1,1,1,1,1,1,1,1,1,1,1,1,1,1,1,1,1,1,1,1,1,1,1,1,1,1,1,1,1,1,1,1,1,1,1,1,1,1,1,1,1,1,1,1,1,1,1,1,1,1,1,1,1,1,1,1,1,1,1,1,1,1,1,1,1,1,1,1,1,1,1,1,1,1,1,1,1,1,1,1,1,1,1,1,1,1,1,1,1,1,1,1,1]
["15-9.",1,1,1,1,1,1,1,1,1,1,1,1,1,1,1,1,1,1,1,1,1,1,1,1,1,1,1,1,1,1,1,1,1,1,1,1,1,1,1,1,1,1,1,1,1,1,1,1,1,1,1,1,1,1,1,1,1,1,1,1,1,1,1,1,1,1,1,1,1,1,1,1,1,1,1,1,1,1,1,1,1,1,1,1,1,1,1,1,1,1,1,1,1,1,1,1,1,1,1,1,1,1,1,1,1,1,1,1,1,1,1,1,1,1,1,1,1,1,1,1,1,1,1,1,1,1,1,1,1,1,1]
["15-10.",1,1,1,1,1,1,1,1,1,1,1,1,1,1,1,1,1,1,1,1,1,1,1,1,1,1,1,1,1,1,1,1,1,1,1,1,1,1,1,1,1,1,1,1,1,1,1,1,1,1,1,1,1,1,1,1,1,1,1,1,1,1,1,1,1,1,1,1,1,1,1,1,1,1,1,1,1,1,1,1,1,1,1,1,1,1,1,1,1,1,1,1,1,1,1,1,1,1,1,1,1,1,1,1,1,1,1,1,1,1,1,1,1,1,1,1,1,1,1,1,1,1,1,1,1,1,1,1,1,1,1]
["16-1.",3687.71,4359.09,2936,3388.77,4299,4137,3981.98,5200,4725,4500,3968,3252.35,4251,2083.7199999999998,4000,4000,4500,3500,4500,2800,4051.68,3700,4800,2928.45,4568.5200000000004,4250,2855,3290.06,3304,4085.58,4593.2299999999996,4504.5,4000,4410,4777.0200000000004,4764.97,2364.6,5135,4630,3730,5150,4000,3062.78,4400,4500,4000,3687.71,4902.92,2936,4450,3981.98,5200,4725,4188.8900000000003,4099,4300,3252.35,4634.12,2083.7199999999998,4600,4000,4130,4500,3500,5250,3700,4100,3866.94,5750,4250,3150,3100,3290.06,4593.2299999999996,4504.5,4274.37,4410,5312.48,4764.97,5135,4551.3,4000,3062.78,4200,4025,4000,4005,3687.71,4902.92,2936,3540.6,4084.5,3570,4462.5,3981.98,4725,3500,3968,3252.35,4634.12,1984.5,4100,4000,4000,4500,2800,3500,4800,4500,3700,3900,5200,2928.45,4568.5200000000004,4250,2850,3457.04,3304,4504.5,3366.2,4410,4850,5300,4764.97,5135,3730,5150,4000,3062.78,4400,4500]
["16-2.",550,707.86,519.20000000000005,519.75,525,250,660,262.5,630,500,521,544.4,550,347.28,380,277.3,486.2,200,580,500,254.67,500,250,578.80999999999995,740.7,650,619.5,288.32,512,607.63,727.95,525,500,551.25,642.45000000000005,509.53,398.05,750,661.5,468.5,682.5,450,289,600,450,500,550,707.86,651.20000000000005,625,693,262.5,630,561.04999999999995,538.20000000000005,820,544.4,638.66999999999996,347.28,725,380,472,486.2,200,580,500,530,369.11,775.38,650,420,650,288.32,811.66,525,639.21,551.25,800.4,509.53,750,716.6,450,289,577.5,550,500,277.83,550,587.52,560,588,315,460,250,660,661.5,600,521,544.4,638.66999999999996,330.75,685,310,277.3,486.2,500,250,500,580,500,500,262.5,578.80999999999995,740.7,650,650,321.70999999999998,512,525,483,551.25,750,689.3,509.53,750,468.5,682.5,450,289,600,450]
["16-3.",3454.4,3537.31,3010,3676,3357.1,2310,3139.63,3412.5,3600,3800,3754,3335,3333,2431,3500,2183,3500,3000,3850,3118.5,2431.0100000000002,3450,3900,2222.64,4148.5200000000004,3550,2855,3206.11,3672,3283.81,3933.23,3087,3150,3748.5,3674.63,3618.18,2773.89,3950,3638.25,4060,3750,2800,2297.08,3175,3528,3000,3454.4,3571.65,3010,4420,3139.63,3412.5,3675,3500,3754,3595,3335,3462.17,2431.0100000000002,4000,3500,2950,3500,3000,3460,3450,3350,3113.62,4500,3550,3675,3000,3206.11,3933.23,3349.5,3437.46,3748.5,4077.32,3618.18,3950,3673.08,2800,2297.08,3071.25,2400,3000,2315.25,3454.4,3537.31,3010,3624.6,3412.5,3570,2625,3139.63,3675,2625,3754,3335,3462.17,2431.0100000000002,3335,3500,2183,3500,3118.5,3000,3900,3465,3450,3250,3412.5,2222.64,4100,3550,2600,3373.09,3672,3087,2789.32,3748.5,3900,3559.1,3618.18,3950,4060,3750,2800,2297.08,3150,3670]
["16-4.",553.37,603.64,704,551.25,525,250,600,262.5,567,630,414,562.5,525,243,360,324.5,486.2,200,475,480,254.67,500,250,463.05,725,575,590,288.32,491,514.13,699.82,231.52,500,385.87,546.08000000000004,495.76,442.57,660,630,375,630,500,289,435,463,500,553.37,633.82000000000005,704,670,630,262.5,567,526.94000000000005,444,720,562.5,595,243.09,700,360,472,486.2,200,475,500,520,369.11,725,650,630,650,288.32,724.82,525,611.51,385.87,700,495.76,660,661.5,499.5,289,535.5,465,500,264,553.37,603.64,704,553.37,435.75,460,250,600,625.05999999999995,630,414,562.5,595,243.09,500,360,324.5,486.2,480,250,500,498.75,500,490,262.5,463.05,725,650,619.5,321.70999999999998,491,347.28,434.7,385.87,614.25,686.03,495.76,660,375,630,500,289,440,463]
["16-5.",3454.4,3786,2907,3859.8,3357.1,2625,3420.41,3412.5,3675,4000,3754,4325,3667.33,2674.1,3500,3245,3500,3000,3550,2800,2720.41,3450,3800,2500.4699999999998,4478.5200000000004,3700,2855,3206.11,3304,3588.87,4153.2299999999996,3241.35,3150,3748.5,4082.92,3750.88,3470.25,3950,3969,4470,4610,3500,2807.54,3300,3913,3200,3454.4,3642.05,2907,4420,3420.39,3412.5,3675,3624.96,4033,3900,4325,3925,2187.9,4000,3500,2950,3650,3000,3900,3450,3410.4,3991.41,4792.5,3700,3990,3000,3206.11,4153.2299999999996,3516.97,4215.18,3748.5,4077.32,3750.88,3950,4004.17,3400,2807.54,3097.5,4000,3200,3395.7,3454.4,3605.99,2907,3624.6,3150,3570,2940,3420.41,4051.3,2625,3754,4325,3925,2187.9,4100,3500,3245,3500,2800,3000,3900,3445,3450,3410.4,3412.5,2500.4699999999998,4400,3700,2600,3373.09,3304,3241.35,2789.32,3748.5,4095,4188.42,3750.88,3950,4410,4250,3500,2807.54,3300,3913]
["16-6.",638.12,633.82000000000005,633.6,577.5,551.25,250,619.5,262.5,588,630,521,600,550,243.09,240,507.4,486.2,250,450,500,254.67,500,250,463.05,725,650,650,288.32,515,624.13,712.32,231.52,500,551.25,546.08000000000004,500.74,551.87,660,630,375,651,57.75,289,490,505,500,670.03,640.16,633.6,670,619.5,262.5,588,590,559,720,733,618.09,243.09,700,240,472,486.2,250,500,500,540,369.11,735.38,650,700,650,288.32,746.37,525,632.54,551.25,700,500.78,660,683.55,544.5,289,535.5,490,500,264.60000000000002,638.12,633.82000000000005,633.6,588,441,460,250,619.5,648.21,630,521,733,618.09,243.09,685,240,507.4,486.2,500,250,500,450,500,500,262.5,463.05,725,650,650,321.70999999999998,515,347.28,458.85,551.25,630,686.03,500.78,660,375,651,595,289,490,505]
["16-7.",3454.4,4061.81,3303,3859.8,4299.75,4440,3981.98,4000,4515,4500,3754,5150,4440,2083.7199999999998,4000,4130,4500,3500,4250,3750,3009.82,3450,4900,2928.45,4793.79,4550,2855,3206.11,3304,5153.8100000000004,4750,4189.5,4100,4410,5555,4509.58,4392.95,5135,4688.37,5680,5150,3600,3700.86,4900,4851,3500,3454.4,3907.52,3303,5200,3981.98,4000,4515,4167.93,3878,4300,5150,5092.5,2083.7199999999998,5050,4000,4130,4500,3500,4850,3450,4100,462.35,5850,4550,5000,3100,3206.11,4822.8900000000003,4504.5,4671.92,4410,5188.32,4509.58,5135,4778.8599999999997,3600,3700.86,4147.5,4400,3500,4183,3454.4,4022.44,3303,3624.6,4200,3570,5050,3981.98,4740.75,3000,3754,5150,5092.5,2187.9,4400,4000,4130,4500,3750,3500,4900,4800,3450,4050,4000,2928.45,4791.97,4550,2600,3373.09,3304,4200,2789.32,4410,5750,5678,4509.58,5135,5240,5150,3600,3700.86,4725,4725]
["16-8.",582.54,654.15,584.1,681.45,551.25,250,700,502,630,630,440.75,650,649,115.75,250,649,560.29,250,600,550,254.67,500,250,578.80999999999995,795.55,650,650,288.32,515,800,796.82,289.39999999999998,500,551.25,673.68,498.26,713,660,700,750,693,400,289,600,565,500,582.54,673.77,732.6,796,700,502,630,566.63,455.3,805,650,657.08,115.76,700,250,472,550,250,650,500,550,461.38,800,650,700,650,288.32,820.86,525,658.47,551.25,769.36,498.26,660,693,400,289,535.5,625,500,192.95,582.54,654.15,630,630,525,460,250,700,661.5,600,440.75,650,657.08,151.93,685,250,649,550,550,250,500,600,500,530,502,578.80999999999995,795.55,650,650,321.70999999999998,515,347.28,458.85,551.25,725,800,498.26,660,747.5,693,400,289,620,578]
["16-9.",3627.12,4140.6000000000004,3507,3859.8,4514.7,2835,3560.8,3412.5,4042.5,4800,3754,4425.75,4215,3889.61,4000,4484,4500,3550,4050,4630.5,3472.87,3450,4900,2639.38,5200,4550,3120,3330.31,4249,5156.03,4700,3357.11,4000,4725,4444,4279.21,3873.08,5135,4630,4995,4610,3500,3445.62,3800,4520,3500,3627.12,3905.68,3507,5520,3796.91,3412.5,3885,5100,4033,3930,4425.75,4291.62,3889.2,4290,4000,4336.5,4500,3550,4250,3450,4586.3999999999996,4136.8599999999997,5500,4550,4490,3100,3330.31,4650,3704.4,4821.16,4725,4900,4279.21,5135,4414.5600000000004,3500,3318.32,4147.5,3450,3500,3374.46,3627.11,3828.72,3507,3624.6,4200,3570,2835,3560.8,4282.8,3000,3754,4425.75,4291.62,3889.62,4000,4000,4484,4500,4514.7299999999996,3550,4900,4200,3450,4586.3999999999996,3412.5,2639.38,5200,4550,2975,3497.29,4249,3472.87,3315.49,4725,4900,5231.25,4279.12,5135,4995,4610,3500,3318.32,3620,4630]
["16-10.",582.54,654.15,704,577.5,525,250,619.5,262.5,603.75,630,440.75,446.25,550,463.04,250,708,486.2,262.5,350,595.35,254.67,500,250,463.05,725,650,618,288.32,515,514.13,712.32,347.28,500,551.25,612.44000000000005,530.29,463.05,660,700,375,660,450,289,490,463,500,582.54,686.86,704,670,619.5,262.5,588,590,473.5,720,446.25,636.41999999999996,486.2,700,250,472,486.2,262.5,500,500,550,369.11,762.38,650,700,650,288.32,755.53,525,673.25,551.25,769.36,530.80999999999995,660,693,450,289,535.5,510,500,264.60000000000002,582.54,556.03,704,582.54,420,460,250,619.5,648.21,600,440.75,446.25,636.41999999999996,486.2,685,250,708,486.2,606.37,262.5,250,385,500,550,262.5,463.05,725,650,650,321.70999999999998,515,463.05,440.73,551.25,725,725,530.80999999999995,660,375,660,450,289,490,460]
["16-11.",3994.57,3975.56,3303,3765.3,4514.7,4500,3981.98,5000,4725,5200,4075,4714.5,4215,3038.75,4725,4484,4500,3850,5200,4843.13,3183.46,3750,4900,2928.45,5778.52,4550,2975,4509.0600000000004,4249,6084,4822.8900000000003,4299.75,4200,4961.25,4777.0200000000004,4966.1400000000003,4720.49,6000,4740.75,5680,5150,4250,3700.86,4900,4961,4000,3994.57,3862.74,3303,5520,3981.98,5000,4725,4750,4209.5,4275,4714.5,4291.62,3038.76,4650,4725,4130,4500,3850,4500,3750,4000,4040.5,6072.49,4550,4830,3100,4509.0600000000004,4822.8900000000003,4729.72,5548.32,1653.75,5188.32,4966.1400000000003,6000,4778.8599999999997,4400,3700.86,4147.5,4725,4000,4675,3994.57,3714.17,3303,3540.6,4788,3570,4500,3981.98,4398.5600000000004,3600,4075,4714.5,4291.62,3160.31,4500,4725,4484,4500,4843.13,3850,4900,4550,3750,4000,5000,2928.45,5778.52,4550,2975,4676.04,4249,4410,3315.49,1653.75,5750,5850,4966.1400000000003,6000,5680,5150,4250,3828.83,4900,4961]
["16-12.",670.03,633.82000000000005,584.1,633.82000000000005,551.25,250,700,514.5,614.25,700,521,535.5,603.64,364.64,250,708,486.2,262.5,575,661.5,254.67,500,250,578.80999999999995,795.55,650,650,288.32,515,800,794.14,347.28,500,551.25,642.45000000000005,557.09,766,693,661,695,693,445,289,575,490,500,670.03,646.5,732.6,796,700,514.5,614.25,572.62,538.20000000000005,805,535.5,653.29999999999995,364.64,700,250,472,486.2,262.5,575,500,550,369.11,795.55,650,700,650,288.32,810.97,525,677.56,551.25,769.36,557.09,693,693,445,289,535.5,600,500,264.60000000000002,670.03,640.16,630,630,485.1,460,250,700,677.14,600,521,535.5,653.29999999999995,364.64,630,250,708,486.2,639.45000000000005,262.5,250,600,500,550,514.5,578.80999999999995,795.55,650,650,321.70999999999998,515,463.05,414.75,551.25,725,769.36,557.09,693,695,693,445,289,575,490]
["16-13.",6100,4633.3500000000004,4140,5775,5250,3990,5900,3700,6000,5580,5500,5000,5000,5192.7700000000004,4800,5000,5087.25,4500,4560,5292,3241.35,6000,6000,3820.16,6144.08,3670,5800,6058.3,5665,5310.58,5775,5775,5000,4961.25,5843.25,5430.4,5824.65,3675,5440,3995,3403.41,4400,3573.24,5250,5456,4500,6100,4458.68,4140,5775,5900,3700,6000,5023.09,5681.75,5040,5000,5000,5452.4,4125,4800,5000,5087.25,4500,4790,6000,4800,5990,6144.08,3850,5250,6000,6058.3,6200,5500,5557.5,4961.25,5843.19,5430.42,3675,4132.6899999999996,4400,3573.24,5302.5,5250,4500,3803.62,6000,4328.82,4140,5775,4725,4935,3990,5900,6000,3800,5500,5000,5000,4945.5,4125,4800,5000,4980,5040,4500,6000,4560,6000,4400,3700,3820.16,6000,3825,5350,5658.3,5665,5500,4299.75,4961.25,4386.1499999999996,5843.25,5430.27,3675,3995,3403.41,4400,3573.24,5250,5455]
["16-14.",715.72,765.55,855,840,577.5,800,446.68,367.5,630,950,650,241.5,950,975,675,900,520.91999999999996,300,535,798,405.16,630,800,764.03,915.56,845,880,356.66,688,890,900,578.80999999999995,365,551.25,968.5,654.13,672,875,892.5,950,668.48,525,462,545,670,500,715.72,750.68,855,840,446.68,367.5,630,500,826.4,800,300,950,925,700,675,900,520.91999999999996,300,561,625,645,540.6,915.56,845,472.5,880,356.66,950,525,764.62,551.25,968.5,654.13,875,668.5,525,462,315,575,500,634,715.72,758.12,900,840,900,600,800,446.68,694.51,600,650,241.5,950,975,700,675,1000,520.91999999999996,798,300,1000,561,630,550,367.5,764.03,915.56,845,880,356.66,688,551.25,441,551.25,584.80999999999995,968.5,654.13,875,950,668.5,525,462,550,670]
["16-17.",3410.39,3815.26,2201.6999999999998,2750,2577.6,3700,4550,2625,3885,4000,3131.82,4800,2000,1701.7,3500,4500,3183.46,3000,3423,3500,2836.17,3350,3500,4244.62,6500,2600,3097.5,3692.41,4249,3729.79,5493.57,2894.06,2415,1212.75,5450,3918.78,2945.25,3155,2431,4245,5500,3816,2310,3000,5000,3150,3410.39,4774.12,2928.58,2750,4777.5,2625,3990,3800,3397.06,6190,4800,2000,1701.7,3070,3500,4500,3340,3000,5155,3350,2550,3625.25,6813.71,2600,5000,3097.5,3692.41,7457.35,2894.06,4172.62,1212.75,6000,3918.78,3155,4947.8999999999996,3816,2310,2362.5,3100,3150,3750,3410.39,4635.07,2597.6999999999998,3200,3675,4000,4200,4550,4282.8,3500,3131.82,4800,2000,1701.7,3070,3500,4500,3183.46,3500,3000,3500,3855,3350,4000,2625,4456.2,6988.9,2610,3097.5,3692.41,4249,2894.06,3900,1212.75,4725,7150,3918.78,3155,4245,5500,3816,2310,3000,4520]
["16-18.",10500,9081.7199999999993,8009.67,8500,5154.1499999999996,9600,10750,7497,8925,9500,6264.71,7875,5000,3646.5,12000,10000,8200,5000,8920,8000,5672.36,10000,9500,10710,15400,5880,8001,14022.96,7040,8359.9599999999991,12957.35,5672.36,4830,3638.25,13600,10298.969999999999,6387.15,7865,4618.8999999999996,7913,11025,8000,4386,6300,11025,8400,10500,10946.27,8009.67,8500,11287.5,7497,10500,9151.1200000000008,6794.97,16500,7875,5000,3646.51,6225,12000,15930,8392.77,5000,8925,9000,5236.72,7461.42,16027.93,5850,13900,8001,14022.96,12957.35,5672.36,9782,3638.25,14000,10298.969999999999,7865,14050.1,8400,4386,4725,6550,8400,7875,10500,10731.64,8009.67,9800,8925,8000,10000,11287.5,9838.86,9000,6264.71,7875,5000,3646.51,6225,12000,10700,8392.77,8000,5000,9500,9185,10000,5376.99,7497,10710,15400,5850,8001,14022.96,7040,5672.36,10000,3638.25,10409.81,15150,10298.969999999999,7865,7913,15000,8000,4386,6325,8930]
["16-19.",2070.63,2433.41,2055.83,3477,887.5,3000,3010,3250,2310,2700,1570.69,2565.85,2000,1021.01,2200,1180,1820,2800,3000,2579.85,2222.64,2500,2500,2917.21,3500,1015,1850,3577.41,3500,2231.13,3495.67,983.97,829.5,848.83,3097.2,3145.43,2889.15,1430,2431,2640,3100,2006.5,1040,1460,2866,1575,2070.63,3043.43,2055.83,2614,3010,3250,2100,2500,1703.73,3650,2565.85,2000,1021.02,1125,2200,1180,1823,2800,3319,2500,901.95,2197.12,3700,1020,3150,1850,3577.41,3725,983.97,2928.17,848.83,2242.4499999999998,3145.43,1430,3087.9,2212,1040,829.5,1525,1575,2200,2070.62,2526.0500000000002,2055.83,3477,2205,2205,3000,3010,2546.5300000000002,2500,1570.69,2565.85,2000,1021.02,1125,2200,1180,1820,2362.5,2800,2500,3000,2500,907,3250,2917.21,3500,1020,1850,3577.41,3500,983.97,1267.5,848.92,2924.1,3500,3145.43,1430,2640,3100,2006,1040,1475,2755]
["16-20.",7500,5946.46,6801.19,7200,1775,6500,6646.5,6500,6300,6400,3141.38,5814.25,5000,2066.34,4620,2124,5800,4800,5100,6142.5,4283.2,8000,7200,7144.2,9300,2035,5500,9883.2099999999991,7040,5149.0600000000004,9075.8700000000008,1967.96,1680,1940.4,7688.12,7274.79,6702.21,4410,3221.08,4937,8000,5700,2540,4400,7035,5250,7500,7297.15,6801.19,7200,6646.5,6500,6300,6000,3407.25,9850,5814.25,5000,2066.35,2572,4620,2124,5800,4800,5775,7000,1803.9,3757.06,9613.4699999999993,2025,8000,5500,9883.2099999999991,9910,2894.06,6784.99,1940.4,7321.22,7274.79,4410,8400,6000,2540,1648.5,4900,5250,4856.25,7500,5907.77,6801.19,8000,5040,6000,6700,6646.5,6945.08,4200,3141.38,5814.25,5000,2066.35,2572,4620,2124,5800,6426,4800,7200,5100,8000,1815,6500,7144.2,9300,2030,5500,9883.2099999999991,7040,2083.7199999999998,3440.39,1940.4,4444.63,9100,7274.79,4410,4937,8000,5700,2540,4400,7000]
["16-21.",2972.93,3269.84,2999.63,3400,1880.85,3400,3622.5,2730,3150,3750,2488.75,3556.85,2500,2370.21,2650,2596,3000,3000,2850,3748.5,3183.46,3550,3400,3327.45,4400,2150,2775,3577.41,3675,3259.64,4428.67,2199.48,1758.75,1455.3,3888.5,3883,3618.5,2445,2309.4499999999998,3584,4000,3100,1875,2550,3748,3000,2972.93,3979.43,2999.63,3400,3622.5,2730,3150,2999.54,2699.55,4500,3556.85,2500,2370.2199999999998,1925,2650,2596,3009.82,3000,2990,3550,1911,3701.02,4500,2100,4000,2775,3577.41,4495,2083.7199999999998,3506.14,1455.3,3344.87,3883,2445,3662.3,3155,1875,1732.5,2675,3000,3000,2972.93,3382.52,2999.63,3400,2625,4000,3400,3622.5,3472.54,3500,2488.75,3556.85,2500,2370.2199999999998,1925,2650,2596,3009.82,3748.5,3000,3400,2950,3550,1962.18,2730,3327.45,4458.8999999999996,2150,2750,3577.41,3675,1967.96,2788.27,1455.3,3900,4400,3883,2445,3584,4500,3100,1875,2575,2645]
["16-22.",8500,7632.33,8688.7900000000009,8550,3761.7,11000,7801.5,5460,8085,7500,5226.37,8321.25,6300,4132.71,5700,3304,9050,5250,5880,8599.5,5209.3100000000004,9500,9000,9061.5,10670,4310,7336.88,9883.2099999999991,7040,7851.9,10995.82,4398.97,3517.5,3362.62,9221.2999999999993,8899.92,7073.85,6440,4740.46,7552,9900,7250,3750,4400,8930,7851,8500,9650.7000000000007,8688.7900000000009,8550,7801.5,5460,8085,7024.02,5399.1,11250,8321.25,6300,4132.71,5300,5700,3304,9050,5250,6825,8900,3822,5536.75,11000,4310,9450,7336.88,9883.2099999999991,11360,4051.68,8598.48,3362.62,9081.1200000000008,8899.92,6440,11350,7500,3750,3438.75,4600,7851,6300,8500,7776.78,8688.7900000000009,9500,6090,8925,7800,7801.5,8912.85,4800,5226.37,8321.25,6300,4132.71,5300,5700,3304,9050,8599.5,5250,9000,6335,9500,3924.37,5460,9061.5,10670,4310,7336.88,9883.2099999999991,7040,3878.03,4691.13,3362.62,7017.85,9900,8898.8700000000008,6440,7550,9900,7250,3750,4500,8820]
["16-23.",2883.95,3400.74,2507.61,4221,1655.95,3300,4550,2730,3360,3300,2281.17,3332.8,2500,1944.8,2500,3894,2604.65,3000,2850,3638.25,2222.64,3450,3000,3920,4458.8999999999996,1900,2530,4756.16,4050.15,3046.24,5178.67,1822.09,1575,2260.12,5000,4897,4077,2215,2612.7399999999998,3370,5000,2942,1850,2675,3417,3000,2883.95,3919.63,2507.61,3344,4550,2730,3360,3245.5,2474.3200000000002,5790,3332.8,2500,1852.2,1925,2500,3894,2734,3000,3450,3450,1683.15,3228.42,5733.71,1900,4000,2530,4756.16,5675,1822.09,4057.1,2260.12,3095.6,4897,2215,4487.8999999999996,2942,1850,1575,3000,3000,3200,2883.94,3686.78,2507.61,4221,3675,3675,3500,4550,3704.05,3500,2281.17,3332.8,2500,1944.81,1925,2500,3894,2700,3858.75,3000,3000,2850,3450,1727.93,2730,3920,4458.8999999999996,1900,2530,4756.16,4050.15,1910.07,2789.32,2260.12,3564.62,5600,4897,2215,3370,5000,2942,1850,3025,2755]
["16-24.",10361.59,7830.19,7435.79,8550,3313,8300,10750,5200,7875,8200,4562.34,7453.1,6000,4254.26,7000,5664,7800,5000,5400,8715,4283.21,9500,8700,10625,10757.83,3750,6800,9998.2099999999991,7040,7425.1,10833.37,3704.4,3150,4079.25,10521.17,9215.85,8576.81,5980,5591.32,6163,10500,8400,5200,4875,9371,7500,10361.59,9302.3700000000008,7435.79,8550,10750,5200,7875,7401.08,4948.6499999999996,13090,7453.1,6000,4051.68,4950,7000,5664,7800,5000,7500,8900,3365.71,4877.6000000000004,12987,3780,10000,6868.37,9998.2099999999991,13125,3704.4,8794.06,4079.25,9204.8700000000008,9676.64,5980,10500,8750,5200,3018.75,5000,7500,6841.28,10361.59,7616.78,7435.8,9500,8925,7500,8700,10750,8681.35,5500,4562.34,7453.1,6000,4254.26,4950,7000,5664,7800,9135,5000,8700,5390,9500,3455.86,5200,10625,10757.83,3780,6868.37,9998.2099999999991,7040,3638.25,5705.43,4079.25,6015.3,11900,9215.85,5980,6163,10500,8400,5200,4875,9450]
["16-25.",6750,5077.37,4146,2799.72,2205,6000,5083.05,5300,3255,5000,5250,6550,2000,6730,4000,6500,3183.46,4300,4242,3858.75,4630.5,5250,5500,5729.85,5161.26,4050,4180,6615.5,5665,6367.14,5500,4961.25,4900,3528,6800,5923.17,4688.93,4800,5670,4500,2431.0100000000002,5800,3460,4925,5456,3500,6750,5077.37,4160,2799.72,5083.05,5300,3150,4745.17,3796.27,5400,6550,2000,6730,3250,4000,6500,3342,4300,4242,5200,4600,6500,5161.26,4050,4725,4180,6615.5,5500,4961.25,5540.1,3528,6953,5923.17,4800,2431.0100000000002,5884.25,3460,1653.75,4925,3500,2205,6750,5077.37,4160,2799.72,6500,3360,6000,5040,3472.54,3800,5250,6550,2000,6730,3250,4000,6500,3325,3858.75,4300,5500,4225,5250,4600,5300,5729.85,5161.26,4075,4180,6615.5,5665,4725,4299.75,2308.63,4734.26,6800,5923.16,4800,4500,2431.0100000000002,5800,3460,4925,5455]
["16-26.",11550,10856.91,9600,5599.44,5512.5,13000,12589.5,11400,7665,11000,10500,12220,5000,13200,10000,14000,11000,9000,9900,8032.5,6945.75,11000,13000,12096,13320.06,12500,10000,13901.68,9387,12928.33,13125,9922.5,11000,4079.25,14262,14009.33,10895.34,13680,12500,6830,6077.5,11400,8650,10550,11576,8000,11550,10961.3,9600,5599.44,12589.5,11400,7350,10408.629999999999,7050.22,11400,12220,5000,13200,3950,10000,14500,11000,9000,10300,11000,9500,12500,13320.06,12500,10500,10000,13901.68,13000,9922.5,11406.28,4079.25,14600,14009.23,13680,6077.5,11250,8650,2709,10800,8000,5077.8,11550,10856.91,9600,5599.44,11550,10080,13000,11960.03,8102.59,3000,10500,12220,5000,13200,3950,10000,13500,11000,8032.5,9000,13000,9900,11000,9700,11400,12096,13320.06,12500,10000,13901.68,9249,9450,10914.75,4079.25,9190.0400000000009,13900,12819.45,13680,6830,6077.5,11400,8650,10700,11575]
["16-27.",3675,3697.6,4200,1633.17,2205,3500,3412.5,4500,1575,4500,4000,2787.75,2000,4011,3300,4300,1820,3500,2920,2400,3472.87,3350,4200,4074.84,4458.91,3250,2840,3553.25,2312,4201.6899999999996,4145,2662.53,3450,1389.15,4550,3393.22,2895.9,3600,4032,4140,2431.0100000000002,3394.5,2890,2000,3969,3000,3675,3661.7,4200,1633.17,3412.5,4500,1575,3165.93,1702.89,3840,2787.75,2000,4011,3025,3300,4300,1823,3500,3150,3350,3200,3850,4458.91,3250,4200,2840,3553.25,4147.5,2662.53,3846.39,1389.15,4550,3393.23,3600,2431.0100000000002,3394.5,2890,525,2100,3000,1984.5,3307.5,3661.7,4200,1633.17,4250,2500,3500,3412.5,1736.27,1000,4000,2787.75,2000,4011,3025,3300,4300,1820,2400,3500,4200,2920,3350,3200,4500,3880.8,4458.91,3250,2840,3553.25,2310,2662.53,3087,1214.95,3620.31,4500,3393.23,3600,4000,2431.0100000000002,3394.5,2890,2025,3880]
["16-28.",8925,7818.84,7000,3266.34,5512.5,10000,9184,8400,4200,7000,7000,8190,5000,8977.5,7200,10000,6714.22,5250,6063,5500,4630.5,8400,9500,7895,9500,8250,6090,9426,8816.64,8337.3799999999992,7625,6366.93,7150,3820.16,9095.6200000000008,8433.56,6276.9,4800,8200,6310.5,6077.5,7000,7500,5950,7607,5000,8925,9044.3700000000008,7000,3266.34,9184,8400,4200,7041.98,3416.7,7450,8190,5000,8977.5,3425,7200,10000,6714.22,5250,6063,8350,7200,8000,9500,8250,10000,6090,9426.42,7650,6366.93,8271,3820.16,9095.5400000000009,8433.56,4800,6077.5,7000,7500,1575,6200,5000,4186.88,8925,8592.15,7000,3266.34,7875,7500,10000,8724.7999999999993,4630.0600000000004,2500,7000,8190,5000,8977.5,3425,7200,10000,6714.22,5500,5250,10000,6350,8400,7000,8400,7895,9500,8250,6090,9426.42,8816.2199999999993,6366.93,6394.5,3038.49,6516.03,9095.6200000000008,8433.56,4800,6310.5,6077.5,7000,7500,5975,7497]
["17-1.",2904.51,2701.57,2181.5300000000002,2614.5,1736.4,2320.5,2630.38,2100,2940,2750,1732.5,2362.5,2861.77,2835,2400,3000,2300,1600,2030,2778.3,2083.7199999999998,2525,2700,1273.3800000000001,2883,1915,1675,2868.26,1912,2970,2915.76,2083.7199999999998,1705,1822.43,2617.3000000000002,2503.9299999999998,2332.61,2675,2373.12,2800,2970,1650,1913.94,2000,2998,2450,2904.51,2868.29,2726.91,2940,2656.16,2100,2900,2500,1855.35,2650,2362.5,2861.77,2976.75,1865,2400,3000,2315.25,1650,2135,2400,2775,2915.26,2883,1990,2850,1675,2868.26,2915.76,1910.07,2929.36,1822.43,2617.35,2503.9299999999998,2675,2900,1575,1914.41,1627.5,2125,2450,2778.3,2904.51,2755.6,2181.5300000000002,2688,2625,2310,2835,2643.27,2940,2249.1,1732.5,2362.5,2861.77,2976.75,1860,2400,3000,2315.25,4300,1600,2700,2235,2525,2887.08,2100,1273.3800000000001,2883,1915,1725,2868.26,1912,1910.07,2500,1822.43,2910.11,2617.35,2503.9299999999998,2675,2800,2970,1650,1914.41,2025,2940]
["17-2.",3452.06,3317.15,3195.72,3320,1967.95,2716.35,3080.2,2625,3465,3200,2100,2908,3204.69,3255,2660,3500,2800,1900,2450,3241.35,2315.25,2750,3200,1446.9,3467.1,2175,2050,3324.41,2166,3450,3417.04,2257.36,1870,2066.08,3184.45,3129.9,2733.63,3450,2795.65,3300,3360,1800,2169.46,2150,3465,2850,3452.06,3317.15,3195.72,3500,3110.39,2625,3465,3500,2249.1,3000,2908.5,3204.69,3417.75,2090,2660,3500,2850,1925,2750,2625,2830,3234.12,3467.1,2255,3400,2045,3324.41,3417.04,2164.75,3429.63,2066.08,3184.5,3129.91,3450,3500,1785,2169.46,1890,2250,2850,3183.46,3452.05,3317.15,3195.72,3413,3360,2625,3255,3095.3,3465,2734.2,2100,2908.5,3204.69,3417.75,2000,2660,3500,2850,4700,1900,3200,2450,2750,2900,2625,1446.9,3467.1,2175,2045,3324.41,2167,2164.75,3000,2066.08,3400,3184.5,3129.91,3450,3300,3360,1800,2169.46,2170,3465]
["17-3.",4047.12,3812.37,3762.73,3937.5,2199.4499999999998,3200,3522.16,3150,3990,3750,2625,3181.5,3769.81,3675,2750,4000,3213,1975,2885,3803.62,2517.8200000000002,3300,3700,1736.43,3888,2440,2450,3842.65,2422,4035,4005,2546.77,2200,2308.63,3751.75,4003.3,3218.65,4035,2977.96,4000,3990,2000,2424.92,2850,3900,3500,4047.12,3812.37,3762.73,4080,3539.17,3150,3900,4000,2811.37,3600,3181.5,3769.81,3858.75,2310,2750,4000,3400,1975,3175,3150,3200,3678.24,3888,2500,3990,2440,3842.65,4020,2419.4299999999998,3877,2308.63,3751.65,4006.3,4035,3990,1995,2424.92,2047.5,3025,3500,3820.16,4047.11,3812.37,3762.73,3937.5,3517.5,3150,3780,3556.19,3990,3528,2625,3181.5,3769.81,3858.75,2300,2750,4000,3400,5300,1975,3700,2885,3300,3100,3150,1736.43,3888,2425,2430,3824.65,2422,2419.4299999999998,3500,2308.63,3990,3751.65,4006.3,4035,4000,3990,2000,2424.92,2850,3900]
["17-4.",4469.5600000000004,4208.09,4180.8100000000004,4200,2431,3657,3898.44,3360,4620,4250,3500,4000.5,4112.74,3780,3450,4500,3800,2100,3275,4440.54,2894.06,4400,4200,2083.7199999999998,4443,2650,2925,4694.05,2676,4600,4509.1499999999996,2674.1,2425,2552.2800000000002,4383.37,4655.8500000000004,3688.87,4735,3221.08,4300,4520,2430,2680.18,3250,4475,4000,4469.5600000000004,4292.25,4180.8100000000004,4638,3929.62,3360,4500,4500,3748.5,4500,4000.5,4112.74,4167.45,2530,3450,4500,3900,2100,3300,4200,3600,3800,4665.1499999999996,2780,4410,2925,4694.05,4509.1499999999996,2674.1,4740.3,2552.2800000000002,4383.33,4655.8500000000004,4735,4520.25,2430,2679.08,2257.5,3400,4000,4370.0200000000004,4469.5600000000004,4292.25,4180.8100000000004,4534,3990,3570,4305,3929.62,4620,4189.5,3500,4000.5,4112.74,4375.82,2500,3450,4500,4000,5220,2100,4200,3285,4400,3600,3360,2083.7199999999998,4443,2680,2925,4694.05,2677,2674.1,3800,2552.27,4542.3,4383.37,4655.8500000000004,4735,4300,4520.25,2430,1577.68,3275,4475]
["17-5.",394.95,494.64,500,368,288.85000000000002,441,525,378,523.64,450,350,500,325.73,496.12,470,500,405.16,250,450,335.56,318.33,490,100,525,617,408,220.5,533.11,318,540,519,361.74,315,347.28,525,536.54999999999995,441.28,500,401.11,450,520,335,319.06,405,525,450,394.95,499.59,500,368,525,396.9,600,500,367.5,460,500,325.73,496.12,400,470,500,405.16,250,468,495,450,442.41,617,405,420,220.5,533.11,521,344.52,570.77,347.28,525,536.54999999999995,500,520,262.5,319.06,288.75,405,450,451.5,394.95,504.53,500,514,680,420,504,600,680.41,472.5,350,525,325.73,520.91999999999996,400,470,500,405.16,420.71,250,100,475,490,465,396.89,525,617,430,220.5,533.11,318.64999999999998,361.74,650,347.28,525,625,536.54999999999995,500,450,520,335,319.06,440,525]
["18-1.",291.64,373.06,275,375,288.85000000000002,350,400,500,291.37,350,267.5,288.75,277.75,303.18,380,400,310,300,350,350.59,425,315,300,405.14,660,320,367.5,287.5,425,406.91,285,332.8,275,289.39999999999998,408.29,429.97,406.85,300,352.48,275,446.25,285,275,350,313,300,291.64,486,275,275,420,500,291.37,400,267.5,605,288.75,277.75,303.18,275,380,400,334,300,362,315,375,432.73,625,320,630,380.38,287.5,286,316.95999999999998,623.28,289.39999999999998,600,442.86,300,446.25,281.25,275,273,325,300,400,291.64,447.27,275,375,650,445.2,420,420,666,420,267.5,288.75,277.75,334.24,275,380,500,330,500,300,700,840,315,415,500,446.25,660,320,445.2,262.5,467.46,332.8,500,289.39,304.10000000000002,449.71,442.86,300,275,446.25,285,275,325,314]
["18-2.",174.98,301.72000000000003,165,300,288.85000000000002,280,313.49,315,174.35,300,160.5,173.25,166.65,181.9,275,300,400,250,280,251.25,315,210,600,330.75,650,190,304.5,172.5,343,296.91000000000003,172,199.67,250,347.28,326.63,350.53,636,180,212.69,165,400,168.75,165,275,190.7,275,174.98,407.35,165,165,313.5,315,174.82,350,160.5,595,173.25,166.65,181.91,167,275,300,400,250,298,210,285,318.86,600,190,600,313.32,172.5,171.6,190.17,415.52,347.28,600,350.54,180,400,168.75,165,199.5,225,275,300,174.98,350,165,300,510,326.63,300,329.17,666,300,160.5,173.25,166.65,200.55,167,275,350,400,400,250,600,310,210,350,315,352.8,660,192,796.32,172.5,342.84,199.67,450,347.28,199.12,342.63,350.54,180,165,400,200,165,225,190]
["18-3.",874.91,1222.55,825,950,1050,950,1200,1100,874.12,1000,802.5,882,833.25,909.55,1050,1000,969,950,1290,1219,1188,980,1000,1102.5,954.95,950,1045.17,862.5,1160,1004.75,850,998.44,850,926.1,1400,1375,1035.1500000000001,890,1002.7,825,1200,850,825,875,954.75,850,874.91,1222.55,825,825,1200,1100,874.12,1100,802.5,1375,882,833.25,909.56,830,1050,1000,1017.45,950,1166,980,1300,1002.12,1190.7,950,1400,1045.17,862.5,858,950.9,1167,926.1,1166.54,1350,890,1200,825,825,1076.25,875,850,1000,874.91,1198.0999999999999,825,1650,1134,950,1000,1260,1400,950,802.5,882,833.25,1002.78,825,1050,1200,1075,1300,950,1000,1290,980,1300,1500,1212.75,954.95,955,1045.17,787.5,1226.8499999999999,998.44,1100,926.1,991.08,1500,1375,890,825,1260,850,825,875,954]
["18-4.",437.46,709.06,412.5,500,787,700,1140,750,437.06,700,401.25,433.1,416.63,463.03,700,700,650.25,700,1180,780,1188,575,800,882,477.25,480,862.68,431.25,892,571.63,422,498.92,415,463.05,1100,1203,977.68,445,516.57000000000005,412.5,1000,450,412.5,500,479.5,600,437.46,977.53,412.5,413,1140,750,437.06,800,401.25,1087.5,433.1,416.63,463.05,410,700,700,710,700,1166,575,1073,602.63,1378,480,1200,905.81,431.25,429,498.92,1298.5,463.05,1111,1200,445,1102.5,412.5,412.5,971.25,475,600,700,437.46,814.64,412.5,800,1080,700,800,1140,1110,750,401.25,433.1,416.63,510.51,400,700,1000,723.51,1000,700,800,1250,575,1100,750,926.1,477.25,480,905.81,393.75,925.92,498.92,900,463.05,495.4,1425,1203,445,412.5,1050,450,412.5,475,479.5]
["18-5.",6751.5,6102.92,6429.5,4000,5512.5,6430,7480,7000,6812.34,6705,6000,6300,6493.8,2242.6,4400,5428,5556.6,4300,5775,3150,5985,6100,6400,4862.0200000000004,5347.72,6100,5500,6721.75,6751.5,6561.41,7228.61,5775,6000,6615,7100,6259.84,6622.9,5500,5226.66,6250,5105.1000000000004,5000,6766.31,5725,7150,6000,6751.5,6161,5143.6000000000004,4000,7480,7000,5985,5831.64,5775,4830,6300,6493.8,3458.11,6490,4400,5428,5556.6,4300,5600,5050,5800,5308.96,6690.6,6100,7400,5500,6721.75,7228.61,5775,4861.58,6615,7300,6259.84,5500,5105,4900,6766.31,5850,5725,6000,5512.5,6751.5,6161.59,6429.5,4922,7000,6000,6400,7480,6812.34,4500,6000,6300,6493.8,2242.5,6125,4400,5428,5556.6,3150,4300,6400,5700,6100,5850,7000,4862.0200000000004,5347.72,6100,5500,6137.25,6825,6500,6000,6615,6577.84,7000,6259.84,5500,6250,5105,5000,6766.31,5725,7150]
["18-6.",4666.2,4150.58,3273.6,3200,4410,4100,5200,4752,4335.66,5000,3980.4,4101.3,4132.92,1361.36,4300,3912.88,4200,4000,4150,2600,4299.75,3900,4100,4398.97,4608.45,4310,4000,4278,4554.66,4223.91,4491.59,4200,4040,4746.26,5900,4725,4364.8500000000004,4000,4630.5,4092,4618.8900000000003,4000,4521.25,4400,4500,4000,4666.2,4234.0200000000004,3273.6,3200,5200,4752,4095,4306.1099999999997,3980.4,4370,4101.3,4132.92,1604.46,4130,4300,3912.88,4350,4000,4350,3350,4200,4600.6499999999996,4524.66,4310,5700,4000,4278,4491.59,4200,3995,4746,6666,4725,4000,4618.8900000000003,4092,4521.25,3921.75,4600,4000,4325,4666.2,4150.59,3273.6,3700,5000,4500,4100,5200,4552.4399999999996,4310,3980.4,4101.3,4132.92,1361.36,4000,4300,3912.88,4325,2600,4000,4100,4150,3900,4400,4752,4398.97,4608.45,4310,4000,3906,4629.62,4341.08,4200,4746,4397.8599999999997,5000,4725,4000,4092,4618.8900000000003,4000,4521.25,4400,4500]
["18-7.",10389.299999999999,7301.7,7837.28,5130,8820,9900,10395,11000,10372.950000000001,8260,9529.42,8085,5000,2316.73,8000,6100,8913.7099999999991,9000,8920,4700,10286.85,8400,9800,6366.93,11000,9345,6000,10241.9,10498,9928.51,10595.71,8925,9600,10804.5,10500,10500,10220.69,6000,10290,9500,7049.91,9850,10309.469999999999,9100,10500,9000,10389.299999999999,7232.51,7837.28,7800,11050,11000,8400,8823.11,8900,9885,8085,5000,3532.24,9890,8000,6100,8700,9000,8900,7300,7840,7834.31,11000,9345,10500,6000,10241.9,10595.71,8925,6074.2,10804.5,10800,10500,6000,7049.91,9850,10309.469999999999,8000,8800,9000,7843.4,10389.299999999999,6888.43,7837.28,5700,11000,6510,9900,10395,10372.950000000001,5000,9529.42,8085,5000,2316.7399999999998,9600,8000,6100,8700,4700,9000,9800,8750,8400,8000,11000,6366.93,11000,9345,6000,9351.2999999999993,10498,9187.5,8900,10804.5,10526.77,10500,10500,6000,9500,7049.91,9850,10309.469999999999,9100,10500]
["18-8.",6610.84,6194.03,4986.96,4230,7000,6300,7500,7300,6608.38,7342,6063.69,6247.85,5000,1540.03,6500,4900,6200,9000,5775,3500,6236,5900,6235,5758.98,9000,5900,5000,6517.05,7010.56,6683.89,6925,5775,6100,6725.25,9000,9000,7119.36,5400,9000,6233.7,6320.63,6233,7232.67,6650,6930,6000,6610.84,6077.24,4986.96,5200,7500,9500,6604.88,6502.49,6063.69,6290,6247.85,5000,2026.23,6300,6500,4900,6366.93,9000,6037,4900,6270,5951.05,10000,5900,8000,5000,6517.05,6898.58,5775,4939.8999999999996,6725.25,9950,9000,5400,6320.63,6133,7232.67,5670,6650,6000,6375,6610.84,6017.07,4986.96,4700,8500,5775,6300,7500,6938.79,4500,6063.69,6247.85,5000,1540.03,6150,6500,4900,6250,3500,9000,6235,6000,5900,6250,7300,5758.98,9000,5900,5000,5950.35,6944.43,6300,6359.27,6725.25,6696.19,8500,8950,5400,6233.7,6320.63,6233,7232.67,6650,6930]
["18-9.",14098.59,9463.65,11167.2,5850,13230,14000,14085,15700,14801.85,9620,13578.3,9975,10000,2187.9,11000,6500,10997.43,13110,10470,6800,13960,12000,13900,7524.56,14300,12690,6500,14593.5,14789.25,14090.91,14758.11,12075,13000,13230,14803.51,14750,14333,7900,14752.5,13750,7779.24,13900,14690.25,13600,14700,12000,14803.52,9374.09,11167.2,9900,15950,1600,11550,11874.47,13578.3,14080,9975,10000,4271.63,14000,11000,6500,10997.43,9000,10447,9900,11350,11646.25,15660,12690,14500,6500,14593.5,14758.11,12075,8585.5,13230,15500,14750,7900,7779.24,14176.5,14690.25,10000,13600,12000,8478.75,14098.59,8927.7099999999991,11167.2,6500,15500,12000,14000,14000,14801.85,5500,13578.3,9975,10000,2297.29,13750,11000,6500,10997.43,6800,13110,13900,10400,12000,11800,15500,7524.56,14300,12690,6500,13324.5,14700,12600,13000,13230,14286.34,15000,14750,7900,13750,7779.24,13900,14689.71,13600,14700]
["18-10.",9419.9,6542.55,7106,4950,8872,8900,9000,10000,9440.5499999999993,8340,8640.25,8400,7500,1244.43,9000,5400,8600,9000,8500,5000,8883,8400,8850,7061.51,11800,8075,5600,9286.25,9419.5499999999993,9014.41,9700,8268.75,8600,8820,11600,11500,9270,5400,9450,8700,7293.03,8882.5,9815.2000000000007,8900,9555,7000,9419.9,6542.76,7106,7000,14355,10000,9411.41,8851.34,8640.25,8960,8400,7500,3737.66,8900,9000,5400,8800,9000,9000,6350,8600,8955.89,13850,8075,10500,5500,9286.25,9653.33,8268.75,8138.07,8820,13887.5,11500,5400,7293.03,8782.5,9815.2000000000007,8100,9000,7000,7965.56,9419.9,6171.86,7106,5500,10500,8500,9000,9000,9440.5499999999993,5850,8640.25,8400,7500,1306.6500000000001,8600,9000,5400,8800,5000,9000,8850,8500,8400,8200,10000,7061.51,12100,8075,5500,8478.75,9450,9261,8600,8820,9544.2900000000009,11250,11500,5400,8700,7293.03,8882.5,9815.2000000000007,9300,9555]
["18-11.",2750,2451.0500000000002,1920,2500,2900,3097.5,2807.8,3392,3087,3000,2947.85,3030.5,3060.81,2892.75,2200,1785,2900,2400,2300,2750,3181.5,3175,3000,2315.25,2546.5300000000002,2750,2103,3168.25,3150,2771.91,2415,2546.77,2850,2756.25,3060.81,3129.9,3038.5,3260,2777,2640,2698.39,2500,3188.95,2775,3045,2520,2750,2575.08,2400,3031,2807.8,3392,2940,3000,2800,2335,3030.5,3060.81,3189.24,3000,2200,1785,2900,2400,2300,3175,2766,2678,3200,2750,3150,2150,3168.25,2400,2546.77,2576.2199999999998,2756.25,3060.81,3129.91,3260,2698.34,2500,3188.95,2913.75,2750,2520,2765,2750,2500.08,1920,2500,3200,2898,3045,2807.8,3058.05,1920,2947.85,3030.5,3060.81,2892.75,3000,2200,1785,2900,2750,2400,3000,2300,3175,3050,3392,2315.25,2546.5300000000002,2750,1930,3168.25,3150,2778.3,3000,2756.25,3102.33,3083.75,3129.91,3260,3182,2698.18,2500,3188.95,2775,3045]
["18-12.",2147.1999999999998,1915.78,1753,1882,2028.6,2100,2304.2199999999998,2300,2202.79,2300,1875.71,1875,1947.58,2029.3,2100,1785,2250,2300,2250,2255.4899999999998,2125.62,2200,1900,2083.7199999999998,2310,1940,2103,2015.95,2314.37,2163.2199999999998,2175,2260.12,2000,1874.25,2555.3000000000002,2400,2155.65,2075,2315,2530,2315.25,2300,2237.09,2125,2285,1890,2147.1999999999998,1954.1,1753,1928,2328.15,2300,2043.12,2500,1969.49,2150,1875,1947.98,2029.3,1950,2100,1785,2250,2300,2250,2100,2200,2266.16,2512,1940,2310,2150,2015.95,2160,2260.12,2137,1874.25,2333.1,2400,2075,2315.25,1928,2237.09,1863.75,2125,1890,2315.25,2147.1999999999998,1897.18,1753,1882,2500,2097.9,2100,2260.33,2312.71,1911,1875.71,1875,1947.98,1932.68,1875,2100,1785,2250,2213.91,2300,1900,2080,2200,2100,2310,2083.7199999999998,2291.88,1940,1930,2015.95,2314.37,2083.7199999999998,2494.35,1874.25,2163.84,2300.5500000000002,2400,2075,2125.9,2315.25,2075,2237.09,2125,2285]
["18-13.",3150,2754.27,2640,2500,3386.25,3360,3305.2,3250,3441,3300,3283.83,3375.9,3409.66,3222.45,2625,2100,3500,2800,2670,3100,3544.8,3500,3300,2778.3,3056.13,3075,2365,3529.35,3447.15,3211.91,2880,3125.58,3200,2976.75,3409.66,3551.45,3275.4,3635,3357.1,3080,3160.29,3200,3552.41,3175,3525,2940,3150,2893.65,2640,3376,3353.33,3250,3576.91,3500,3200,2895,3375.9,3409.66,3552.73,3400,2900,2100,3500,2800,2919,3000,3150,3156.68,3600,3075,3400,2420,3529.35,2875,3125.58,2946.95,2976.75,3500,3551.45,3635,3160.29,3200,3552.71,3100,3300,2940,3225,3150,2836.91,2640,2500,3500,3381,3360,3337.28,3441,2200,3283.83,3375.9,3409.66,3222.45,2600,2900,2100,3500,3100,2800,3300,2780,3500,3470,3250,2778.3,3056.13,3075,2195,3529.35,3465,3241.35,3550,2976.75,3453.22,3429.65,3550.92,3635,3544.5,3160.29,3447,3552.15,3180,3525]
["18-14.",2392.1799999999998,2095.9299999999998,1953,2150,2260.1,2310,2425.5,2500,2447.5500000000002,2200,2089.71,2050.65,2169.7800000000002,2260.83,2300,2100,2295,2700,2315,2466.09,2368.17,2355,2150,2431.0100000000002,2546.5300000000002,2205,2365,2245.9499999999998,2596,2280.21,2535,2315.25,2100,2094.75,2800,2500,2389.8000000000002,2315,2469.6,2150,2535.75,2600,2492.56,2475,2465,2100,2392.1799999999998,2202,1953,2148,2510.39,2500,2276.2199999999998,3000,2089.71,2535,2050.65,2169.7800000000002,2260.83,2170,2300,2100,2450,2700,2268,2250,2400,2664.73,3000,2200,2600,2420,2245.9499999999998,2522,2315.25,2560.64,2094.75,2850,2625,2315,2535.75,2148.3000000000002,2492.56,2073.75,2475,2100,2604.65,2392.17,2137.86,1953,2150,2890,2358.25,2310,2486.14,2447.5,2205,2089.71,2050.65,2169.7800000000002,2153.1799999999998,2000,2300,2100,2350,2478.2800000000002,2700,2200,2205,2355,2300,2500,2431.0100000000002,2546.5300000000002,2205,2195,2245.9499999999998,2535.27,2546.77,2500,2094.75,2538.12,2441,2500,2315,2255.6999999999998,2535.75,2357,2492.56,2475,2467.5]
["18-15.",4450,4115.88,3080,3000,4907.7,5145,4007.51,5500,5244.75,5000,4763.6400000000003,4897.2,4946.17,4674.6000000000004,4000,2625,4900,4300,4095,4600,5141.8500000000004,5100,4900,3241.35,3565.15,4720,2885,5119.8,5145,5029.1099999999997,3375,4740.75,4600,4410,5500,5348.01,5512,5270,4975,5500,3768.03,5008.5,5153.74,4600,5345,4200,4450,4037.88,3080,4897,4007.51,5500,5188.8,5250,4515,3290,4897.2,4946.17,5153.74,4940,4000,2625,4900,4300,4042,4075,4500,4007.54,5103,4500,4725,2940,5119.8,3360,4740.75,3376.1,4410,5193.43,5348.01,5270,3768.03,4900,5153.74,4475,4400,4200,3858.75,4450,3920.27,3080,3000,5500,5142.0600000000004,5145,4007.51,5244.75,3300,4763.6400000000003,4789.2,4946.17,4674.6000000000004,4900,4000,2625,4900,4500,4300,4900,3885,5100,4900,5400,3241.35,3565.15,4720,2715,5119.8,5145,4961.25,5000,4410,5263.38,5565,5348.01,5270,5142,3768.03,5008.5,5153.71,4600,5345]
["18-16.",3470.07,2936.56,2750,2568,3252.35,3255,3442.9,3465,3885,3400,3031.31,2974.65,3147.46,3279.54,3100,2625,3900,3800,3020,3900,3271.8,3400,3100,2894.06,3181.95,3250,2885,3257.95,3634,3248.21,3015,3241.35,3000,2756.25,4150,4000,3360,3355,3467.36,3120,3342.57,4000,3615.34,3450,3600,3150,3470.06,2995.29,2750,3116,3459.62,3465,3301.86,4200,3031.31,2940,2974.65,3147.46,3279.53,3140,3100,2625,3900,3800,3024,3250,3500,3177.18,4104,3100,3500,2940,3257.95,3000,3241.35,2946.95,2756.25,3610.75,4000,3355,3342.57,3116.5,3615.34,2992.5,3450,3150,3466.26,3470.06,2908.05,2750,2568,3500,3297,3255,3409.89,3885,3150,3031.31,2974.65,3147.46,3123.38,3000,3100,2625,3900,3600,3800,3100,3000,3400,3130,3465,2894.06,3181.95,3150,2715,3257.95,3472.21,3307.5,3713.35,2756.25,3380.26,3541,3975,3355,3272,3342.57,3297,3615.34,3450,3600]
["18-17.",3429.65,4709.82,5000,2539.9499999999998,6150,6500,3369.37,6500,6216,6500,5000,3234,6510.46,6184,3130,2310,6000,3087,3874,5060.25,4800.28,5750,5860,2778.3,6488,5875,2885,6802.4,6459.42,3372.5,2890,3241.35,6050,6457.5,6510.46,5611.32,3116.4,7300,3524.95,3565,3221.03,4500,6460.65,3500,3748,5000,3429.65,4804.5,4750,6802,3369.37,6500,6864.24,6800,4756.93,2810,3234,6129.5,6817.86,6800,3130,2310,6000,3087,4381,4700,3292.8,3480.23,6804,5875,6300,2900,6802.4,2875,3241.35,3842.39,6457.5,6700,5611.32,7300,3221.03,4500,6817.86,6200,3700,5000,3395.7,3429.65,4709.83,5000,2539.9499999999998,6300,3381,5880,3369.37,6504.6,2457,5000,3234,6129.5,6184,3500,3130,2310,6000,4375.53,3087,5850,3870,5750,5228.47,6400,2778.3,6488,5875,2680,6230.4,6534,3472.87,5500,6457.5,6501.15,6510.46,5611.32,7300,3395.7,3221.03,4900,6460.65,3500,3855]
["18-18.",2694.73,3518.46,3895,2539.9499999999998,3915,4095,2948.19,4500,4305,4200,4210.45,2866.5,4142.92,4131.75,3300,2310,4150,2866.5,3060,3883.08,3928.2,4300,4100,2431.0100000000002,4203,3800,2585,4328.5,4315.47,3141.5,2545,3009.82,3850,4189.5,4142.92,4381.88,3116.4,4655,3281.85,3310,2795.62,3500,4316.78,3175,3582,3150,2694.72,3451.13,4100,4329,2948.19,4500,4367.8500000000004,4450,4336,2535,2866.5,4371.79,4338.33,4370,3300,2310,4250,2866.5,3250,3600,3057.6,3084.24,4320,3800,4200,2555,4328.5,2522,3009.82,3404.23,4189.5,4444,4381.8900000000003,4655,2795.52,3500,4338.33,4147.5,3400,3150,3643.5,2694.72,3383.13,3895,2539.9499999999998,4200,3139.5,3832.5,2948.19,4305,2457,4210.45,2866.5,4371.79,4131.75,2500,3300,2310,4250,3582.7,2866.5,4100,3045,4300,3745.66,4400,2431.0100000000002,4203,3800,2585,4144.6000000000004,4281.58,3125.58,3454.03,4189.5,4263.34,4142.92,4381.8900000000003,4655,3153.15,2795.62,3500,4316.78,3180,3610]
["18-19.",4899.51,5701.97,6000,2822.4,6825,6825,3930.92,7500,7226.1,7000,5500,3465,6000,7218,3360,2625,6600,3307.5,4300,5552.25,6305.19,6800,6000,3241.35,5093.55,6500,3175,7939.8,7164.89,3603.5,3350,3472.87,7000,7100,7223.72,6421.34,4674.6000000000004,8535,4618.8999999999996,3820,3768.03,5226.1000000000004,7167.77,4300,4167,5500,4899.5,7143.71,5700,7940,3930.92,7500,8011.98,6500,5750,3200,3465,6000,7578.9,8000,3360,2625,6600,3307.5,5500,5750,3528,4007.54,7739.55,6800,7140,3175,7939.8,3353,3472.87,4838.78,7100,7800,6421.31,8535,3768.03,5750,7578.9,7225,4350,5500,3638.25,4899.5,6218.18,6000,2822.4,7350,3622.5,6300,3930.92,7217.22,4200,5500,3465,6000,7218,3500,3360,2625,6600,4879.42,3307.5,6000,4095,6800,5703.02,7100,3241.35,5093.55,6500,2950,7090.6,7284,3588.63,6000,7100,7398.26,7150,6421.31,8535,3638.25,3768.03,5226.1000000000004,7167.77,4500,4165]
["18-20.",4287.07,4044.85,3990,2822.4,4515,4410,3369.37,4916,4935,4750,4914.51,3299.2,4597.32,4593,3450,2625,4800,3142.12,4050,4287.42,4942.87,4815,4500,2778.3,4454.7299999999996,4100,3150,5052.3,4946.96,3430.25,2880,3357.11,4275,4961.25,4827.18,5012.42,4089.75,5430,4254.25,3456,3221.03,3843.4,5029.75,3975,3957,4000,4287.07,4006.73,4200,5052,3369.37,4916,5098.2299999999996,5275,5060,2895,3299.2,5102.82,5063.7700000000004,5100,3450,2625,5250,3142.12,3675,4275,3351.6,3480.23,4968,4500,4800,3175,5052.3,2880,3357.11,4208.87,4961.25,5277.25,5012.42,5430,3221.03,4750,5063.78,4600,3900,4000,4000,4287.07,3889.27,3990,2822.4,4725,3441.38,4200,3369.37,4934.53,3990,4100,3299.2,5102.82,4822.6499999999996,3600,3450,2625,4750,4007.04,3142.12,4500,3830,4815,4197.2700000000004,4935,2778.3,4454.7299999999996,4100,2950,4717.3,4917,3472.87,4025,4961.25,4848.16,4827.18,5012.42,5430,3291.75,3221.03,3843.4,5029.2700000000004,4000,3955]
["18-21.",6124.38,5329.77,3960,3675,8660,8347,5054.05,9100,9600,8500,7000,4620,7500,8500,4600,3150,8000,4200,5400,7157.97,7848.69,8250,8250,4167.45,6366.33,8250,3550,11106.7,8777.5400000000009,4758.5,4330,4630.5,8500,9450,9165.75,7983.79,5843.25,10000,6417.85,4851,4740.43,6737.5,8662.5,5350,5512,6300,6124.38,5488.41,3762,8925,5054.05,9100,10800,8500,7241.55,7900,4620,7500,10097,8225,4600,3150,8000,4200,6394,8900,4704,5062.16,8930.25,9250,8400,3575,11106.7,4320,4630.5,5153.7299999999996,9000,10200,7983.8,10000,4740.43,7000,10097,10100,5200,6300,4851,6124.38,5176.8,3960,3675,7350,4830,7140,5054.05,9000,4725,6900,4620,7500,9000,6500,4600,3150,8000,6200.1,4200,8250,5145,7100,7331.94,8700,4167.45,6366.33,8250,3375,8958.4,8375,4862.0200000000004,7000,9450,8641.5,9165.75,7983.8,10000,4620,4740.43,6737.5,8662.5,5350,5510]
["18-22.",5511.95,4416.2299999999996,3239.5,3236.1,5787.6,5617,4352.09,6200,6500,6250,6200,4189.5,5832.75,6425,4550,3150,6250,3990,4540,5552.53,6216.44,6425,5250,3588.63,5726.97,5250,3550,7067.5,6243,4527.5,3715,4398.97,5410,6200,6124.38,6408.89,5008.5,5000,5345,4608,4132.6899999999996,4977.5,6380.79,4600,5180,4200,5511.95,4461.29,3410,7068,4352.09,6200,7131.75,7000,6874.75,5090,4189.5,6425,6746.25,7125,4550,3150,6250,3990,4683,5650,4468.8,4403.0200000000004,7020,6250,5775,3575,7067.5,3700,4398.97,4329.12,6200,7000,6408.89,5000,4132.6899999999996,6000,6746.25,6450,4650,4200,5334,5511.94,4289.7,3239.5,3236.1,6300,4588.5,5460,4352.09,6500,4515,5300,4189.5,6425,5775,5200,4550,3150,6000,5094.74,3990,5250,4540,5700,5422.88,6405,3588.63,5726.97,5250,3375,5959.3,6373,4630.5,5237.93,6200,6123.06,6124.38,6243.15,5000,4389,4132.6899999999996,4977.5,6380.79,4650,5180]
["18-23.",4103.13,3993.08,3100,3000,4336.5,4350,4352.09,5000,4662,4720,4209.38,4327,3300,4130.7,4185,3150,5000,4800,4140,4629.0200000000004,4327,4100,4300,3587.85,3945.25,3900,3350,4524.1000000000004,4814,4459.3100000000004,3725,4299.75,4100,4410,4900,4750,4532,4300,4725,4330,4132.6899999999996,4500,4540,4750,4680,3675,4103.13,3841.88,2480,4327,4331.37,5000,4585.07,5000,4209.38,4600,4327,3300,4337.2299999999996,4370,4185,3150,5000,4800,3930,4100,4100,3993.68,4762.8,3900,4725,3400,4524.1000000000004,3700,4299.75,3616,4410,5100,4750,4300,4132.6899999999996,4326,4540,4147.5,4825,3675,3858.75,4103.12,3766.55,3100,3000,5000,4200,4300,4331.37,4778.09,2800,4209.38,4327,3300,4130.7,4300,4185,3150,5000,4688.8599999999997,4800,4300,4100,4100,4100,5000,3587.85,3945.25,3900,3200,4130.7,4772.92,4740.75,4620,4410,4427.92,4917,4750,4300,4327.3999999999996,4132.6899999999996,4500,4540,4725,4680]
["18-24.",2919.87,2983.91,2002.4,3000,2897.35,2950,3243.24,3750,3330,3300,2678.21,2753,2780.83,2897.52,3200,2805.6,3500,4600,3050,3764.59,3035.18,2875,2800,3125.58,3181.95,2600,2950,2878.45,3434,3029.46,3270,3307.5,2700,2976.75,4500,4102,3139.5,2965,4532,2755,3307.5,3000,2890,3250,3275,2835,2919.87,2897.62,2002.4,2753,3243.24,3750,2917.24,4000,2812.12,4000,2753,2787.83,2759.55,2775,3200,2805.6,3500,2950,3000,2600,3050,3348,3780,2600,4000,2950,2878.45,3240,3150,2996.3,2976.75,4444,4102,2965,3307.5,2753,2890,2651.25,3000,2835,3262,2919.87,2868.93,2002.4,3000,4600,3118.5,2900,3227.65,3426.24,2800,2678.21,2753,2787.83,2759.55,2700,3200,2805.6,3500,3622.29,2950,2800,3050,2875,3000,3750,3125.58,3181.95,2600,2950,2628.15,3306.84,3087,3354.74,2976.75,2818.27,3500,3950,2965,2753.3,3307.5,3000,2890,3250,3275]
["18-25.",5000,5392.82,4160,3066,6040,6000,5194.4399999999996,6900,6300,6000,5500,6327.2,5000,6039.6,5000,3675,6000,5200,4950,6399.51,5800,6000,6300,4283.21,4709.29,5750,4015,6327.2,6609,5851.91,4460,6006,5675,5512.5,6390.47,6565.08,5787.6,6500,5900,5720,4862.0200000000004,5500,6025,5800,6400,5250,5000,5236.75,4160,5800,5194.4399999999996,6600,6384.72,6200,5400,4465,6327.2,5000,6341.57,6385,5000,3675,6000,5200,4700,4950,5320,4946.6499999999996,6520.5,5750,6300,4070,6327.2,4435,6006,4220.13,5512.5,6300,6565.08,6500,4862.0200000000004,5500,6025,5775,5900,5250,4961.25,5000,5184.8999999999996,4160,3066,6500,6000,6000,5194.4399999999996,6300,3200,5500,6327,5000,6039.6,5800,5000,3675,6000,5890.17,5200,6300,4930,6000,5350,6800,4283.21,4709.29,5750,3850,6039.6,6609,6300,6200,5512.5,6472.01,6066.06,6565.08,6500,6327.2,4862.0200000000004,5500,6025,5800,6400]
["18-26.",4080.55,4083.54,3200,3066,4035.15,4100,4394.1899999999996,5000,4750,4500,3916.2,3843,4066.26,4236.8999999999996,4200,3675,4500,4900,4125,4536.8,4227.3,3825,4000,3820.16,4199.78,4000,4015,4209,4519.3900000000003,4365.8,3990,4501.8,3800,4410,5100,4750,5194,4300,4690,4050,4375.82,4000,4225,4600,4725,4305,4080.55,3965.39,3200,4000,4350.7,5000,4265.7299999999996,5000,3916.2,3980,3843,4066.26,4035.14,4060,4200,3675,4500,4900,4000,3300,4100,4232.82,4536,4000,4600,4070,4209,3950,4685.83,4072.1,4410,4800,4750,4300,4375.82,3926,4225,3858.75,4650,4200,4480.5600000000004,4080.54,3926.13,3200,3066,5000,4269.57,4000,4350.28,4630.5,3000,3916.2,3843,4066.26,4035.15,4000,4200,3675,4500,4528.1099999999997,4900,4000,4125,3800,4100,4725,3820.16,4199.78,4000,3850,3843,4519.3900000000003,4464.8,4173.54,4410,4121.59,4725,4750,4300,4026,4375.82,4000,4225,4600,4611.6000000000004]
["18-27.",6000,6793.03,4400,3932,7880,7500,7019.53,8600,8325,7500,7000,6490,6000,6830.25,6500,4725,7725,5605,6050,6713.88,7000,7850,8200,5788.12,7509.41,7500,4835.12,8255.5,8272.9599999999991,6953,6005,6825,7000,7717.5,8338.06,7881,6566.7,8500,6945.75,6490,6685.24,7000,7485,7400,7700,6300,6000,6727.74,4400,7500,7019.53,8600,8330.5499999999993,6989.78,6989.78,5775,6490,6000,8274.25,8330,6500,4725,7725,5605,6063,6800,6244,6578.8,8100,7500,7350,4887.75,8255.5,6000,6825,5453.7,7717.5,8200,7982.5,8500,6685.24,7000,7860,7525,7400,6300,6850,6000,6661.13,4400,3932,7875,7124.25,7400,7019.53,8000,4200,7000,6490,6000,6830.25,8100,6050,4725,7725,7281.2,5605,8200,6060,7800,6500,8400,5788.12,6999.63,7500,4676.7,7880.25,8156.95,6825,7500,7717.5,8062.84,7580.89,7881,8500,6490,6685.24,7000,7485,7800,7700]
["18-28.",5161.45,5693.3,3960,3932,5264.7,5300,5457.37,6000,5670,5500,5110.32,5014.8,5306.14,5209.3,5300,4725,5300,5415,5150,5552.28,5460,5000,5200,5209.3100000000004,5821.2,4775,4835.12,5492.4,5571.3,5385.51,5400,5826.1,5000,5512.5,5900,5750,5551.7,5500,5675,5260,5788.1,4800,5250,5750,5700,5299,5161.45,5581.15,3960,5000,5486.48,6000,5566.42,5310.23,5110.32,5300,5014.8,5306.14,5265.54,5300,5300,4725,5800,5415,5000,4475,5200,5397.79,5715.36,4775,5775,4887.75,5492.4,5400,5818.6,5032.99,5512.5,5800,5750,5500,5788.1,4800,5250,5029.5,5750,5299,5563.95,5161.45,5581.15,3960,3932,5800,5200,5300,5458.55,5670,3600,5110.32,5014,5306.14,5181.75,5100,5300,4725,5800,5471.72,5415,5200,5150,5000,5100,6000,5209.3100000000004,5726.97,4775,4676.7,5014.8,5838,5820.9,5279.38,5512.5,5374.78,5970,5750,5500,5255,5788.1,4800,5250,5750,5700]
["18-29.",1224.8699999999999,3766.36,968,2800,6130,4100,752.98,4000,2331,2920,4000,5200,3500,619.32000000000005,3400,3912.88,6000,1250,1650,1850,5512.5,1260,6400,1273.3800000000001,1399.93,5500,4125.93,6429.5,5038,1855.44,1207,1273.3800000000001,6025,4410,6375,5191.8999999999996,1113,6500,2431,588.5,1458.6,3509,6137.25,4400,743,4000,1224.8699999999999,4632.1400000000003,968,2800,752.98,4000,6487.95,4500,4000,1265,5200,3500,619.32000000000005,6475,3600,3912.88,6000,1250,1785,1250,629.16,1766.47,6312.6,6000,4725,4125.93,6429.5,1200,1273.3800000000001,2328.7199999999998,4410,6300,5191.91,6500,1458.6,4500,6137.25,5865,2750,4000,650.47,655.30999999999995,4271.8599999999997,968,3500,5500,678,4900,752.98,6487.95,4310,4000,5200,3500,619.32000000000005,2600,3600,3912.88,6000,2000,1250,6400,1650,1250,2568.96,4000,1273.3800000000001,1399.93,5500,4125.93,6137.25,5511.45,1504.91,4000,4410,5910,6401,5191.91,6500,588.5,1458.6,3509,6137.25,4200,740]
["18-30.",1399.86,3418.58,1848,1600,3900,3850,1340.08,4278,2913.75,3140,3500,4000,3750,1007.12,3200,4000,3750,1500,2480,1350,4189.5,1470,4100,2431.0100000000002,1527.92,3725,4000,4278,4068.75,1964.55,2310,2083.7199999999998,3850,3307.5,4132.92,3735.85,1335.6,4300,3820,957,2795.62,2524.5,4101.3,4125,1735,3500,1399.86,3853.64,1848,1600,1340.08,4278,1013.98,3500,3400,2415,4000,3750,1007.12,4130,3200,4000,3750,1500,2499,1460,1023.12,2797.96,4218.4799999999996,3725,3990,4200,4278,2290,2083.7199999999998,2713.4,3307.5,4400,3735.85,4300,2795.62,3000,4101.3,3916.5,3825,3500,1058.4000000000001,1014.9,3553.91,1848,2000,4200,1102,3900,1340.08,4129.2,3906,3500,4000,3750,1007.12,2600,3200,4000,3750,1900,1500,4100,2485,1450,4054.18,4270,2431.0100000000002,1527.92,3725,4101.3,3906,4200,2315.25,3500,3307.5,4066.44,4132.92,3735.85,4300,957,2795.62,2524.5,4101.3,3975,1375]
["18-31.",2000,6198.41,3080,1600,9350,7300,2456.83,8100,3496.5,3580,6500,8200,5000,2025.83,5500,5310,8750,1950,1980,2200,7000,2100,9800,4051.68,2228.21,8900,5200,9796.6,8505.2999999999993,2021.25,3830,4051.68,9200,6615,9800,6793.18,1734.6,9500,5730.2,1925,4740.43,5500,8906,7650,2425,6500,2000,7531.72,3080,1600,2456.8200000000002,8100,2039.62,5740.08,5310,4025,8200,5000,2025.83,9885,5500,5310,8750,1950,2083,2100,2058,4695.5600000000004,2186.66,9100,8400,5200,9796.6,3815,4051.68,4307.68,6615,9400,6781.6,9500,4740.43,5500,8906,8915,5500,6500,2122.31,2000,6477.28,3080,2000,8400,2218,7300,2456.83,3854.52,5850,6500,8200,5000,2025.83,7000,5500,5310,8750,2300,1950,9800,1984,2100,6000,8100,4051.68,2228.21,8900,5200,9351.2999999999993,8505.2999999999993,4051.68,6700,6615,9000,9700,6793.18,9500,1925,4740.43,5500,8906,7350,2425]
["18-32.",1102.3900000000001,3459.3,440,900,5950,3900,395.3,4250,2039.1,2480,3000,4500,3500,324.13,3500,3912.88,5500,1200,1260,1750,5250,1050,6200,578.80999999999995,3283.78,5675,4125.93,5950.35,4547.7299999999996,970.2,550,648.27,5850,3858.75,6200,4609.62,1001.7,6500,2005.5,308,607.74,3270.85,5950.35,3800,390,3000,1102.3900000000001,4087.92,440,900,395.61,4250,326.33999999999997,3500,3500,575,4500,3500,340.33,6290,3500,3912.88,5500,1200,2142,1050,329.28,975.51,6120.36,5750,6000,4125.93,6517.05,545,648.27,2430.5300000000002,3858.75,6200,4609.62,6500,607.74,4000,5950.35,5953.5,4400,3000,546,342.95,3633.7,440,1000,4410,355,3900,395.61,2248.4699999999998,4310,3000,4500,3500,324.13,2000,3500,3912.88,5500,2000,1200,6200,1265,1050,3300,4250,578.80999999999995,1145.4000000000001,5775,4125.93,5950.35,4570.88,1157.6199999999999,4100,3858.75,5725,6100,3497.99,6500,308,607.74,3270.85,5667,3825,390]
["18-33.",1166.55,4625.3999999999996,1232,1300,8475,5500,752.98,6000,2622.37,2700,4500,5200,3750,619.32000000000005,4200,4873.3999999999996,7650,1400,1764,3150,6300,1250,8800,1620.67,1273.27,8000,4900,8478.75,6475,1855.44,1521,1212.75,8350,6170.69,8971.33,6355.8,1113,9000,3476.3,588.5,1701.68,5600,8075,5200,740,4500,1166.55,5485.59,1232,1300,752.98,6000,623.54,4500,4500,1540,5200,3750,650.27,8960,4500,4873.3999999999996,8500,1400,2336,1250,629.16,2161.9499999999998,1875.35,8000,6300,4900,9286.25,1525,1273.3800000000001,2969.18,6170.69,8900,6355.8,9000,1701.68,5600,8075,8090,4900,4500,714,624.11,5101.6000000000004,1232,1500,6300,678,5300,752.98,2871.96,5370,4500,5200,3750,619.32000000000005,2650,4500,4873.3999999999996,7650,3100,1400,8800,1764,1250,4500,6000,1620.67,1273.27,8000,4900,8478.75,6190.93,1433.25,5100,6165.18,8160,8951,5431.03,9000,588.5,1701.68,5600,8075,5040,740]
["18-34.",1399.86,5934.48,2288,1400,10000,6800,1595.32,7500,2913.75,3140,6000,7500,4500,1238.6400000000001,6000,5310,10850,1900,1485,2800,6000,1675,6800,3009.82,1527.92,12700,5200,13959,7939.44,3707.55,2835,2425.5,13100,8800,12500,8473.5499999999993,1335.6,13000,5348.2,1177,3160.29,5029.75,12690,7600,1485,4725,1399.86,5993.82,2288,1400,1595.32,7500,1247.08,5895,5000,2990,7500,4500,1300.57,7180,6000,5310,12500,1900,3095,1675,1258.32,3743.89,2500.4699999999998,12700,8400,5200,13959,2835,2546.77,4253.88,8800,13200,8473.5499999999993,13000,3160.29,7439.5,12690,10000,5500,4725,1821.75,1248.21,5934.48,2288,1600,7875,1356,7000,1595.32,3212.1,5850,6000,7500,4500,1238.6500000000001,3200,6000,5310,10850,3000,1900,7000,1485,1675,6500,7500,3009.82,1527.92,12500,5200,13300,7716.03,2646,6500,8800,12820,13200,7666.75,13000,1177,3160.29,5029.75,12690,7350,1485]
["18-35.",223.54,523.05999999999995,607.5,689,210.55,588,620,500,703.5,650,205.14,221.3,212.89,588,640.5,725.7,491.58,262.5,550,455.55,682.5,420,315,678.03,837,234,227.07,209.88,686,616,676.5,618,262.5,303.18,676.59,604.66999999999996,633.45000000000005,242.55,515,646.79999999999995,682.5,408.38,232.92,260,675,500,223.53,670.91,607.5,750,651,500,652.67999999999995,550,205.14,720,221.3,212.89,617.39,200,640.5,725.7,500,262.5,605,420,592,412.61,837,234,720,227.07,209.88,676.5,630,661.37,303.18,690,604.67999999999995,242.55,682.5,205.5,232.92,645.75,285,500,551.25,223.54,603.82000000000005,620,689,1000,676.2,630,651,685.3,720,205.14,221.3,212.89,648.27,200,640.5,725.7,500,607.62,262.5,315,620,420,432,500,678,837,233,227.07,191.63,682.37,680.76,650,303.18,263.17,676.6,604.67999999999995,242.55,231.5,682.5,408.38,232.92,270,675]
["18-36.",447.09,673.68,852.5,818,424.45,651,667.28,750,750,750,410.07,441,425.79,1000,640.5,861.4,520.91999999999996,620,600,567.51,750,630,420,766.5,852.5,468,454.16,419.75,752.17,616,803,721,420,507.15,745.24,752.41,751.9,478.8,642.45000000000005,705.6,800,508.75,465.79,470,744,600,447.07,796.36,620.79999999999995,422.1,667.28,750,652.67999999999995,650,410.07,825,441,425.79,1000,400,640.5,682.5,545,630,620,630,658.56,563.69000000000005,850,468,850,454.16,419.75,803,735,744.42,507.15,800,752.41,478.8,800,411,465.79,388.5,510,600,679.14,447.08,796.36,852.5,818,1000,710,672,667.28,719.5,644,410.07,441,425.79,648.27,400,640.5,682.5,545,740.78,577.5,420,640,630,558.47,750,766.5,852.5,468,454.16,383.25,752.17,850,800,507.15,514.63,710.43,752.41,478,463,800,508.75,465.79,490,744]
["18-37.",894.15,956.16,1059.3,934.5,837.9,1008,1032.4100000000001,1000,1050,1060.5,820.15,843,851.58,1650,1000,985,868.21,935,930,1076.58,1012.91,880,800,920.27,1059.3,935,816.54,839.5,1052.25,843.15,955,908.46,787.5,970.2,1016.57,1059.5,934.5,908.25,1041.8599999999999,992.25,1050,850,931.67,890,1074,840,894.15,985.03,1059.3,1057.3499999999999,1078.1400000000001,1000,1400,1000,820.15,954,843,851.58,1670,810,1000,985,911,1500,940,890,1100,979.35,1550,935,1650,908.3,839.5,954,882,1082.26,970.2,1450,1091.28,908.25,1102.5,821.5,931.67,777,950,840,1042.96,894.15,956.16,1059.3,961,1500,1047,1008,1032.4100000000001,1050,876,820.15,843,851.58,1670,750,1000,985,868.21,1235.4000000000001,950,800,950,890,1080,1000,920.27,1059.3,935,836.14,766.5,1052.25,950,990,970.2,1029.28,1016.57,1091.28,908.25,926,1050,850,931.67,925,1074]
["18-38.",122.49,262.87,300,264.60000000000002,115.75,315,330,262.5,333,313.10000000000002,112.35,115.5,116.65,560,330.75,278.77,350,262.5,250,245.41,287.08,330,131.25,260.45999999999998,350,128,124.43,115,303,330,267,350,210,181.91,325,325.5,259.56,126,283.60000000000002,255,330.75,220,127.61,150,138,250,122.48,268.02999999999997,300,359,346.5,262.5,333,300,112.35,365,115.5,116.65,560,110,330.75,278.77,350,262.5,300,315,275,261.92,485,128,370,124.43,115,270,350,327,181.91,365,325.5,126,347.28,110,127.61,115.5,157,250,300.98,122.48,265.45,300,272,342.3,345,315,330,333,292,112.35,115.5,116.65,315,110,330.75,278.77,350,279.75,315,131.25,280,325,271.68,262.5,260.45999999999998,358.6,128,124.43,105,330.69,315.68,300,181.91,146.19999999999999,350,325.5,126,121.25,330.75,220,127.61,150,138]
["18-39.",244.97,327.60000000000002,350,323.39999999999998,231.5,400,358.63,400,385.48,363.6,224.7,242.55,233.31,1000,340,340.72,400,315,300,306.76,350.75,400,236.25,318.33,510,256,248.85,230,364,330,330,350,236.25,303.18,349.96,387.5,318.14999999999998,252,370,315,367.5,275,255.22,250,276,300,244.97,337.4,400,500,363.82,400,349.65,339.9,224.7,485,242.55,233.31,1000,220,340,340.72,400,341.25,330,400,350,375.8,650,256,490,248.85,230,330,367.5,374.85,303.18,450,387.5,252,385.87,225,255.22,220.5,260,300,382,244.97,327.60000000000002,400,333,475,362.25,400,346.5,385.45,358,224.7,242.55,233.31,315,220,340,340.72,400,346.89,472.5,236.25,323,400,301.87,400,318.33,513,255,248.85,210,376.08,350,330,303.18,292.41000000000003,38.51,387.5,252,231,367.5,275,255.22,260,275]
["18-40.",489.95,457.38,600,420,463.05,600,770,568.04999999999995,700,404,449.4,462,466.62,441,630,367.5,480,498.75,475,612.15,463.05,550,472.25,335.69,770,510,600,460,577,770,750,486.67,450,424.46,750,602.39,498.75,498.75,528.72,460,486.2,450,510.51,475,570,420,489.94,453.1,600,462,770,771,777,548.38,428,770,462,466.62,463.05,440,630,367.5,515,498.75,485,525,600,603.54999999999995,900,510,780,497.7,460,750,472.5,675.22,424.46,750,632.5,498.75,486.2,379.5,510.51,430.5,495,420,648.25,489.94,448.74,600,432,750,551,600,770,700,377,449.4,462,466.62,420,440,630,367.5,491.98,622.16999999999996,682.5,472.5,500,550,569.25,771,335.69,770,510,525,420,607,472.5,535.5,424.46,584.80999999999995,656.25,602.39,498.75,462,486.2,450,510.51,495,570]
["18-41.",3622.14,3783.82,2970,2500,3675,3675,3394.64,250,3671.32,3500,3745,2730,3449.66,2866.5,3300,3700,3600,3372.5,3325,2715.72,3400,3000,2500,3472.87,3820.16,3500,3375,3570.75,3800,3003,3620,2900,3300,3528,3700,3730.8,2893.8,2600,3858,2860,3646.49,3335,3318.32,3850,3600,3400,3622.14,3783.82,2970,2500,3427.67,250,2852.85,3500,3432,3600,2730,3888.5,2866.5,3850,3300,3700,3600,3372.5,3325,3000,3057.6,3609.92,3780,3500,3675,3375,3570.75,3600,2900,3272.22,3528,3888.5,3730.8,2600,3646.49,3500,3317.43,3685.5,3850,3400,3153.15,3033.03,3783.82,2970,2900,3970,3139.5,3700,3495.22,3854.52,3360,3745,2730,3888.5,2730,3800,3300,3700,3600,3097.61,3372.5,2500,3325,3000,3682.87,250,3472.87,3310.49,3500,3375,3675,3747.79,3045,3850,3528,3717,3854.69,3730.8,2600,2860,3646.49,3235,3318.32,3850,3600]
["18-42.",4094.59,4329.2700000000004,3564,2822.4,4725,4095,3799.9,500,4283.21,4000,4815,2940,3600,3087,3745,4055.66,4500,4322.5,4165,3249.96,3900,3400,2500,4167.45,3565.15,4500,3595,4036.5,4365.04,3234,4305,3100,3850,3969,4700,4410.5,3116.4,2800,4410,3080,4375.82,4015,3573.24,3450,3880,3700,4094.59,4329.2700000000004,3564,3000,3799.9,500,3100.23,4750,3745,4320,2940,3600,3087,3960,3745,4055.66,520,4322.5,3617,3400,3292.8,4293.18,4860,4500,4200,3595,4036.5,4320,3100,3895.5,3969,4600,4410.5,2800,4375.82,4000,3573.24,4510,3650,3700,3395.7,3499.65,4329.2700000000004,3564,3136,4615,3381,4410,3912.22,4496.9399999999996,4000,4300,2940,3600,2940,4000,3745,4055.66,4500,3552.32,4322.5,2500,4165,3400,4312.5,500,3988.85,3565.15,4500,3595,4036.5,4409.16,3675,4500,3969,4550,4444,4410.5,2800,3080,4375.82,4015,3573.24,3500,4240]
["18-43.",5354.46,5746.89,5850,4032,6825,5460,5588.89,750,4895.1000000000004,6565,6400,4200,3800,4200,5290,6700.04,6000,5272.5,6380,4674.6000000000004,6090,4450,5000,6825,5093.55,6000,4600,5278.5,6796.5,4620,6750,4500,5500,5843.25,6566.01,6795.67,4452,4000,6615,4400,6825,5500,4862.0200000000004,5125,5550,5500,5354.46,5804.36,6435,4300,5615.63,750,5985,5589.91,5500,7100,4200,3800,4410,7150,5290,6700.04,6000,6222.5,5600,4450,4704,6707.38,5000.9399999999996,6000,6300,4600,5278.5,7150,4500,6752.2,5843.25,7000,6795.64,4000,6825,5500,4862.0200000000004,6510,4950,5500,4851,6765.99,5746.89,5850,4480,6825,4830,6090,5615.63,5139.37,6500,6955,4200,3800,4200,6500,5290,6700.04,6000,5839,5272.5,5000,6380,4450,5800,750,6825,6699,6000,4600,6825,6796.5,6400,6500,5843.25,6570,6566.01,6795.68,4000,4400,6825,5500,4862.0200000000004,5040,6825]
["18-44.",3149.69,3272.73,2112,2500,3150,3150,3017.44,150,3059.43,3000,3000,2625,3000,3150,2900,3000,3250,2897.5,2650,1225,3000,2750,2000,2778.3,3056.13,3000,3250,3260.25,3304,2887.5,2880,3000,3000,3087,3200,3276.12,2893.8,2500,3234,2750,2917.21,2900,3190.69,3250,3200,3000,3149.69,3272.73,2112,2500,3033.04,150,2768.06,2901.26,2926.65,2750,2625,3025,3150,3330,2900,3000,3250,2897.5,2600,2750,2900,2926.65,3240,3000,3200,3250,3260.25,2875,3000,2648.94,3087,3250,3276.12,2500,3038.76,2900,3190.69,3255,3250,3000,3031.87,3033.03,3272.73,2112,2800,3805,3018.75,3150,3127.16,3212.1,3050,3000,2625,3025,3150,3100,2900,3050,3250,1260,2897.5,2000,2650,2750,2900,150,2778.3,3056.13,3000,3250,3150,3255,3200,3500,3087,3214.52,3300,3242.06,2500,2750,2917.21,2900,3190.69,3300,3255]
["18-45.",3779.62,4056.55,2464,2600.1,4200,3832,3630.15,250,3671.32,3750,3500,2835,3500,4200,3400,4055.66,4000,3847.5,3550,1500,3400,3150,2000,3241.35,3436.51,4000,3525,3726,4061.94,3118.5,3355,3200,3500,3748.5,4300,4081.25,3116.4,2700,4100,2970,3403.41,3500,3445.62,3825,3700,3500,3779.62,4056.55,2464,2700,3489.71,250,3092.25,3500,3400,2685,2835,3500,4000,3600,3400,4055.66,4000,3847.5,3370,3150,3015,3336.61,4320,4000,3990,3525,3726,3350,3200,3090.43,3748.5,4200,4081.25,2700,3403.41,3500,3445.62,4100,3850,3500,3274.42,3383,4056.55,2464,2889,4290,3260.25,3990,3646.51,3854.52,3856,3500,2835,3500,4200,3850,3400,4055.66,4000,1680,3847.5,2000,3550,3125,3600,250,3241.35,3690.71,4000,3525,4200,4095,3500,4183.7,3748.5,4040,4150,4081.25,2700,2970,3403.41,3500,3445.62,3850,3725]
["18-46.",4882.0200000000004,5405.97,4055.04,3755.7,6000,5670,5142.96,500,4283.21,6060,5000,4095,5200,4830,4800,5400,5500,4797.5,5450,2200,5000,4200,4200,5460,4963.84,5200,4600,4812.75,6238.75,4504.5,5720,4500,4900,5292,6027.18,5660.09,4452,3900,5300,4290,5733,4750,4739.6400000000003,5125,5300,5000,4882.0200000000004,5405.97,4055.04,3900,5090.3500000000004,500,4488.75,5027.0200000000004,5000,5825,4095,5408,5071.5,5400,4630,5400,5500,5747.5,5000,4200,4355,6138,5940,5200,5800,4600,4812.75,5720,4500,4778.4799999999996,5292,6200,5660.09,3900,5733,4650,4740.0200000000004,6100,5150,5000,4729.72,4666.2,5405.97,4055.04,4173,5425,4709.25,5670,5292,4496.9399999999996,5200,5000,4095,5408,4830,5100,4630,5400,5500,2550,4797.5,4200,5450,4175,5000,500,5460,5093.55,5200,4600,4812.75,6238.75,5250,6250,5292,6060,6027.18,5660.09,3900,4290,5733,4750,4740.0200000000004,5150,5600]
["18-47.",4022.27,4050.71,3420,3555.2,4500,4500,3860.73,4500,4410,4700,3500,3234,4400,3056.13,3800,4900,4000,3100,2900,2500,3704.4,3950,3500,4074.84,4620,3350,2600,4758.82,4724.1000000000004,2910.5,4550,3125.58,4400,2976.75,4900,3647.38,3258.15,4800,3880.8,3139.5,3646.49,3200,4253.8599999999997,3550,3900,4500,4022.27,4130.9399999999996,3420,3555.2,3860.73,4500,4200,4900,3850,3850,3234,4400,3208.93,4200,3800,5100,4000,3100,2908,3975,3675,3125,4620,3350,4725,2600,4975.13,4576,3125.58,3385.38,2976.75,5100,3647.38,4800,3646.49,3200,4253.8599999999997,4600,3550,4500,3307.5,4022.27,4050.71,3420,3555.2,3885,3675,4500,3860.74,4409.58,3600,3500,3234,4400,3056.13,4200,3800,4600,4000,2500,3100,3800,3045,3950,3045,4500,4074.84,4620,3350,2600,3036,4724.1000000000004,3125.58,3800,2976.75,4288.68,4600,3647.38,3500,3139.5,3646.49,3200,4253.8599999999997,3800,3925]
["18.48.",3616.48,3244.5,3400,3555.2,4000,4100,3505.51,4000,3675,4000,3250,2866.5,4200,2928.78,3300,4000,3500,3000,2780,3000,3183.46,3150,3200,3692.74,4070,3040,2375,2909.5,3857.28,2795,4100,3125.58,3900,2370.37,4210,3359.43,2654.4,3000,3516,2898,3038.75,3000,2431.0100000000002,3100,3550,3000,3616.48,3309.72,3400,3555.2,3505.76,4000,3675,4200,4000,3500,2866.5,4200,3075.21,3900,3300,4000,3500,3000,2780,3150,3350,2657.02,4070,3040,4200,2375,2909.5,4100,3125.58,2777.35,2370.37,4210,3359.44,3000,3038.75,3000,2431.0100000000002,4200,3200,3000,3180,3616.47,3244.5,3400,3555.2,3465,3675,4100,3505.51,3675,2400,3250,2866.5,4200,2928.78,3900,3300,4000,3500,3000,3000,3500,2919,3125,2835,4000,3692.74,4070,3040,2375,2909.5,3857.28,3125.58,3600,2370.37,3620.31,4200,3359.44,3200,2898,3038.75,3000,2431.0100000000002,3100,3550]
["18-49.",4452.18,4629.3900000000003,3780,4444,5200,5000,4553.67,5100,4410,5600,4500,3638.25,5060,3565.48,4200,5400,4400,3750,3390,3000,4341.08,5000,4000,4584.1899999999996,5060,3650,3075,3542,5249,3372.5,5300,3472.87,4900,4630.5,5975,4283.29,3741.15,5200,4365,3676,3889.62,3650,4862.0200000000004,3700,4300,4800,4452.18,4766.42,3780,4444,4575.4399999999996,5100,4200,5000,4410,4320,3638.25,5060,3743.75,4800,4200,6500,4550,3750,3391,5000,4700,4545,5313,3650,6000,3075,6347.16,5252,3472.87,3957.74,4630.5,6530,4283.29,6380,3889.62,3650,4862.0200000000004,5950,3700,4800,3858.75,4452.18,4580.84,3780,4444,4410,4410,5000,4553.67,4630.0600000000004,2800,4500,3638.25,5060,3565.48,4800,4200,5500,4370,3000,3750,4300,3555,5000,5903,5100,4584.1899999999996,5060,3675,3075,3542,5249,3472.87,4300,4630.5,5250,5975,4283.29,5500,3676,3889.62,3650,4862.0200000000004,3950,4300]
["18-50.",4163.93,3716.4,3900,4444,5500,5500,4227.24,4800,3858.75,5300,4000,3274.4,4800,3438.13,4200,5500,3953.52,3500,3270,3000,3472.87,3750,5500,4329.51,4840,3350,2850,3415.5,4624,3257,4850,3472.87,4500,4630.5,5370,3983.33,3258.15,5500,4123.3500000000004,3296,3524.95,3450,3038.76,3250,4150,3200,4163.93,3718.37,3900,4444,4186.58,4800,3675,4000,5000,4100,3274.4,4800,3610.03,4600,4200,5000,4000,3500,3273,3750,4000,4120,4840,3350,4725,2850,3415.5,4850,3472.87,3523.12,4630.5,5370,3983.34,5200,3524.95,3450,3038.76,4725,3250,3200,3470,4163.92,3610.24,3900,4444,4095,4410,5500,4227.24,4051.3,2800,4000,3274.4,4800,3438.14,4600,4200,5000,4100,3000,3500,5500,3430,3750,4500,4800,4329.51,4840,3350,2850,3415.5,4625,3472.87,4000,4630.5,4177.28,5370,3983.34,5500,3296,3524.95,3450,3038.76,3250,4150]
["18-51.",5341.25,6876.65,5220,4888,7000,7000,6468,6800,5512.5,7300,6000,4851,4600,7276.5,5500,7000,6200,6200,6000,3100,6494.27,5850,5500,6494.25,7276.5,5775,5800,6578,6936,7061.91,7250,5556.6,5700,4630.5,7150,6964.86,5069.3999999999996,7200,6184.5,5040,5469.76,6000,7049.26,6100,6100,5000,5341.25,6876.65,5220,4888.3999999999996,6468,6800,5250,7215,6000,6120,4851,4600,7276.5,6600,5500,7000,6200,6200,6000,5850,6500,5517.75,7276.5,5750,7000,5800,6578,7228,5556.6,4776.13,4630.5,7150,7313.1,7200,5469.76,6000,7049.26,7230,5900,5000,4851,5341.24,6532.82,5220,4888.3999999999996,6195,5250,7000,6468,5787.55,4200,6000,4851,4600,7137.9,6600,5500,7100,6200,3100,6200,6000,6000,5800,6195,6800,6494.25,7276.5,5250,6000,6578,6937,5556.6,5512.5,4630.5,6952.5,7150,6964.86,7200,5040,5469.76,6000,7049.26,6075,6100]
["18-52.",5017.75,5786.74,5600,4888,6750,6510,6352.5,6500,4961.25,6600,5750,4398.95,4400,6600,5700,6500,5700,6000,5610,3100,6239.59,5000,5300,6239.1,6600,4000,6000,6451.5,5202,6731.91,6650,5556.6,5550,4079.25,6600,6529.55,5069.3999999999996,6600,5942,3675,5226.63,5500,5104.63,6500,5995,3500,5017.74,5842.92,5600,4888.3999999999996,6352.5,6500,4725,6000,6334.5,5880,4398.95,4400,6600,6300,5700,7000,5610,6000,5610,5000,6000,5071.5,6600,4000,5775,6000,6451.5,6650,5556.6,4296.95,4079.25,6600,6529.55,6600,5226.63,5500,5104.63,6300,6350,3500,4225,5017.74,5842.92,5600,4888.3999999999996,5775,5250,6510,6352.5,5208.82,4200,5750,4398.95,4400,6600,6300,5700,7000,5610,3100,6000,5600,5890,5000,6100,6500,6239.1,6600,4020,6000,6451.5,5203,5556.6,5292,4079.25,5291.23,6600,6529.55,6600,3675,5226.63,5500,5104.63,6500,6000]
["18-53.",5400,6119.36,4185,7500,7800,6900,6940.5,5985,6366.93,7400,6500,7500,5000,6006,6000,8000,6063.75,6750,5770,4620,4862.0200000000004,8000,5000,5220.6000000000004,6999.63,5500,6100,7020.75,8150,6144.5,6300,6118.87,6500,6615,8150,7029.8,6276.9,7800,5479.42,5400,5105.1000000000004,5400,5280,6800,5100,5500,6181.72,5836.7,4185,7500,6940.5,5985,5775,6321.74,6100,4920,7500,5000,6621.61,5500,6000,8000,6300,6750,5770,8000,6140,6268.5,6999.63,5500,6300,6100,8180.76,6270,6424.81,4706.53,6615,8550,7030.83,7800,6077.5,5400,5280,6825,6600,5500,5126.62,6200,6002.02,4185,7500,5040,6000,6900,6940.5,6366.32,4800,6500,7500,5000,6006,5500,6000,8000,6100,4620,6750,5000,5750,8000,5700,5985,5220.6000000000004,6999.63,5500,6100,8180.76,8204,6118.87,6300,6615,5012.75,8150,7029.81,7800,5400,5105.1000000000004,5400,5280,6800,5100]
["18-54.",6500,5202.75,4005,6500,6500,5700,6384,5460,5788.12,5800,5500,6000,4600,5544,5900,6550,5209.3100000000004,6500,5280,4620,4919.8999999999996,6300,4500,4965.97,6179.25,5300,5850,6367.75,6336,5682.5,5750,5827.5,6300,5733,6574,6336.92,5920.44,6000,5209.3,3933,5591.3,5500,4175,6150,4790,3700,6787.77,5006.68,4005,6500,6703.2,5460,5250,5588.49,7000,4680,6000,4600,6112.25,5000,5900,6700,5209.3100000000004,6500,5500,6300,5460,5071.5,6488.21,5300,4725,5850,6767.75,5800,6118.87,3877.25,5733,7045,6336.92,6600,5591.3,5580,4175,6500,6050,3700,5223.75,6787.77,5103.8900000000003,4005,6500,4725,5500,5700,6384,5787.56,4800,5500,6000,4600,5544,5000,5900,6600,5209.3100000000004,4620,6500,4500,5400,6300,5350,5460,4965.97,6179.25,5300,5850,6767.75,6337,5827.5,6090,5733,4455.78,6574,6336.92,6600,3933,5591.3,5450,4175,6200,4790]
["18-55.",4750,8101.41,5220,9000,9000,7400,7764.75,7000,6945.75,8600,7500,9000,6000,7161,7000,9000,6482.7,8400,6930,5460,6019.65,8400,6000,6621.61,8149.68,6600,7000,7843,9100,7530.5,7555,7177.27,7000,7827.75,9850,8350.6299999999992,7484.4,9000,6951.25,4750,6077.5,6600,5600,7400,6450,6500,7362.64,8180.07,5220,9000,8075.34,7000,6300,8000,7140,6250,9000,6000,7895,7000,7000,10000,6482.7,8400,6920,10000,7400,8815,8149.68,6600,7140,7000,10648.16,7690,7177.27,5343.82,7827.75,10705,8350.6299999999992,9000,6077.5,6670,5600,9000,7125,6500,5347.12,7400,8344.4500000000007,5220,9000,6562.5,7000,7400,7764.75,6945.08,4500,7500,9000,6000,7161,7000,7000,10000,6482.7,5460,8400,6500,6900,10000,7050,7000,6621.61,8149.68,6600,7000,7843,9100,7177.27,7900,7827.75,6405.17,9850,8350.6299999999992,9000,4750,6077.5,6600,5600,7350,6450]
["18-56.",7421.48,6489,5040,7500,7000,7000,7056,6720,6366.93,6800,6500,7500,5600,6814.5,6600,8000,6251.17,8100,6350,5460,5672.36,7350,5700,6239.1,7639.6,6000,6600,7463.5,6919,6731.91,7275,6510,6800,6945.75,8265,7450.2,6880.65,8160,6548.84,4525,5955.96,6100,5280,6900,6050,4300,7792.55,6619.43,5040,7500,7408.8,6720,5775,7000,8500,5880,7500,5600,7512.97,6300,6600,9500,6251.17,8100,6350,7350,6600,7675,7639.6,6600,5040,6670,9375.73,7260,6835.5,4863.3500000000004,6945.75,9745,7450.2,8160,5955.96,6248,5280,7500,7150,4300,5591.25,7421.48,6489,5040,7500,6195,7000,7000,7056,6366.32,4500,6500,7500,5600,6814.5,6300,6600,8200,6251.17,5460,8100,6200,6350,7300,6237,6720,6239.1,7639.6,6000,6670,7463.5,6920,6510,6900,6945.75,5012.75,8265,7450.2,8160,4900,5955.96,6150,5280,7000,6050]
["18-57.",5250,9348.65,6840,11000,9500,9000,9322.74,6825,8103.37,11000,9000,10000,7000,9586.5,8500,12000,8334.9,9500,8110,5880,8531.69,12000,7500,8531.25,10564.08,6900,8150,9044.75,11148,8396.75,9950,7717.5,8500,9702,12000,9970.36,10578,10200,8957.7999999999993,5250,9116.25,7900,11400,10350,8300,8000,9084.09,9628.26,6840,11000,9649.0400000000009,6825,7350,9303.99,9115,8050,10000,7000,10569.11,8700,8500,12000,8334.9,9500,8115,12000,9115,11750,10564.08,5750,8400,8150,12640.37,9900,8103.37,6328.88,9702,12665,9970.36,10200,9116.25,7800,11400,12500,10400,8000,6504.75,9300,9348.65,6840,11000,8295,8000,9000,9322.74,8102.59,5200,9000,10000,7000,9586.5,8700,8500,12000,8334.9,5880,9500,8000,8110,12000,8750,6825,8531.25,10564.08,6600,8150,9044.75,11148,8103.37,9500,9702,8744.4599999999991,12000,9970.36,10200,5250,9116.25,7900,11400,10500,8300]
["18-58.",8911.23,8472.2099999999991,6750,9500,7875,8700,8842.34,8715,7524.56,9400,8500,9000,6600,9009,8300,10500,7871.85,9500,7630,5880,8022.33,9500,7200,8022,9009,5750,8000,8791.75,8732,8165.75,9055,7717.5,8100,8820,10710,9084.23,10003,9000,6551.05,4995,8508.51,7600,7150,9150,7700,5500,8911.23,8639.2099999999991,6750,9500,8842.34,8715,6825,8750,9500,7560,9000,6600,9459.4500000000007,8200,8300,11000,7871.85,9500,7633,9500,8068,10500,9459.4500000000007,5750,6300,8000,11310.21,9425,8103.37,6132.25,8820,11365,9084.23,9000,5773.63,7600,7150,10850,9200,5500,6540,8911.2199999999993,8472.2099999999991,6750,9500,7875,7000,8700,8584.7999999999993,7523.84,5200,8500,9000,6600,9009,8200,8300,10500,7871.85,5880,10800,7700,7630,9500,7820,8715,8022,9009,5500,8000,8791.75,8732,8103.37,8900,8820,7519.12,10710,9084.23,9000,4995,8508.51,7600,7150,9200,7700]
["19-1.",1942.5,1802.44,1929.93,2000,1995,1785,1959.93,1575,2083,2000,1500,1990,1808.15,1967.96,1850,2100,1950,1890,1680,1689.82,1707.48,1825,1732.5,1389.15,2026,2000,1590,2019.19,1996,2058.23,2026.25,1913.94,1575,1736.43,2075.89,2087.21,1823.23,1800,1819.12,1900,2045.8,1950,2063.46,2060,1995,1500,1942.5,1767.44,1929.93,2025,1992.49,1575,1984.5,1840,1686.82,1725,1990,1808.15,1967.95,1650,1850,2100,1950,1890,1760,1825,2002,1775.45,2026,2000,2000,1590,2019.19,2026.42,1736,1855.49,1736.43,2046.62,2087.2199999999998,1800,2045,1933.58,2063.46,2026.5,2030,1500,1820,1942.5,1732.79,1929.93,1943,1312.5,1600,1785,1963.94,2083.5300000000002,1732.5,1500,1990,1808.15,1874.25,1650,1850,2100,1950,1689.82,1890,1732,1680,1800,2000,1575,1389.15,2026,2000,1680,2019.19,1997,1822.8,2065.0300000000002,1736.43,2026.35,2075.89,2087.2199999999998,1800,1900,2045.8,1850,2063.46,2075,1995]
["19-3.",2630.72,4150.99,3587.85,3780,2315.25,735,3969,3500,3858.75,4000,2149.87,4000,3444,3889.6,2545,2725.8,2917.21,3570,2660,1994,3797.01,3750,2100,2778.3,4000,3600,3700,3452.03,3186,3851.58,4190,3009.82,2625,2894.06,3955,3442.9,2218.8200000000002,4125,3142.12,3570,3221.08,3500,2297.08,3300,3635,3150,2630.71,4337.6499999999996,3587.85,3893.4,3969,3500,3858.75,2310,2192.87,4800,4000,3675,3704.4,3100,2545,2725.8,3400,3570,2530,3600,4401,3747.61,5000,3650,4100,4050,3452.03,5500,2866.5,4007,2894.06,5390,3442.9,4125,3373.02,3500,2297.08,2866.5,3325,3150,2550,2630.71,4076.2,3587.85,3886,2625,3850,735,3969,3858.75,2951.55,2149.87,4000,3675,3528,3100,2545,2725.8,2917.21,1994,3570,2100,2540,3750,4200,3500,2778.3,4000,3650,3700,3619.02,3187,2866.5,3910,2894.06,3875.15,4051.68,3442.9,4125,3725,3221.08,4000,2297.08,3300,3635]
["19-4.",1610.38,2465.91,1793.92,1800,1323,525,2188.4499999999998,1575,2310,2500,1312.5,2500,1758.75,1458.6,1815,3500,1725,1575,1680,1554.1,2500,2075,1365,1389.15,2415,2050,1975,1984.17,2231,1284,2500,1504.91,2000,1736.43,2362.5,2297.29,1533.13,2100,1397.82,2500,2385,1729,1659.01,1700,1735,1575,1610.38,2465.91,1793.92,1800,2188.46,1575,2310,1750,1405.68,2550,2500,2595.6999999999998,1458.6,1600,1815,3500,2000,1575,1850,1990,2400,2500,2415,2100,1323,1890,1984.17,2500,1433.25,2333.98,1736.43,2600,2297.1999999999998,2100,2497.5,1729,1658.87,2310,1725,1575,2199.4499999999998,1610.38,2342.61,1793.92,1727,1680,2500,525,2188.46,1736.27,1758.48,1312.5,2500,2595.6999999999998,1458.6,1600,1815,3000,1823.25,1554.1,1575,1365,1680,2050,2400,1575,1389.15,2415,2100,1890,2050.96,2231,1433.25,2063.25,1736.43,1490.44,2257.36,2297.29,2100,2500,2385,1729,1659.01,1700,1735]
["19-5.",788.46,1702.57,1149.56,1300,1500,1000,1146.5899999999999,1000,1389.15,1200,315,1000,742.35,926.1,1040,1652,725,1200,890,726.68,868.21,1350,787.5,578.80999999999995,1745.16,1500,1074,1491.46,1275,938.09,1740,578.80999999999995,1000,1157.6199999999999,652.58000000000004,765.74,1141.24,1425,546.96,1500,1378.12,624.5,637.24,850,997,1000,788.46,1467.5,1149.56,1350,1146.5999999999999,1000,1323,1100,329.33,1485,1000,742.35,882,400,1040,1652,845,1200,930,1350,1590,1252.6500000000001,1550,1500,1500,1074,1491.46,1650,551.25,1182.81,1157.6199999999999,709.35,765.75,1425,1447,624.5,638.13,1285.5,900,1000,575,788.46,1362.21,1149.56,1337,1400,1200,1000,1146.5999999999999,1389.02,895,315,1000,742.35,972.4,400,1040,1652,782,726.68,1200,787.5,892,1350,1590,1000,578.80999999999995,1550,1500,1074,1491.46,1275,551.25,1255.8,1157.6199999999999,1419.47,652.57000000000005,765.75,1425,1500,1378.12,875,638.13,865,1045]
["19-6.",806.1,986.08,1178.26,1000,882,1100,1078.31,1000,1155,1200,294,1000,1065,926.1,1040,1200,858.82,850,1000,681.61,1041.8599999999999,1030,1050,578.80999999999995,1236,1040,1102.5,2899.18,1154.9100000000001,973.97,1178.26,1041.8599999999999,300,551.25,1149.54,714.7,1167.8800000000001,1000,972.3,800,1150,1010.75,382.49,925,575,1000,806.1,1005.9,1178.26,1000,1101.95,1000,1102.5,1000,321.3,1160,1000,1065,882,1000,1040,1200,1050,850,1000,1025,1200,491.34,1200,1050,1200,1150,2899.18,1178.26,992.25,1124.57,551.25,1190.01,714.71,1000,1207.5,950,382.49,1178,925,1000,1102.5,806.1,1035.3800000000001,1178.26,1028,1155,1000,1155,1082.6400000000001,1157.51,892.5,294,1000,1065,972.4,1000,1040,1200,1015,681.61,850,1050,1050,1000,1200,1000,578.80999999999995,1236,800,1102.5,2899.18,1154.9100000000001,992.25,1150,551.25,1250,1149.54,714.71,1000,800,1249,1050,382.49,925,575]
["19-7.",637.91999999999996,564.32000000000005,607.29,630,551.25,577,690.35,525,661.5,600,496.12,650,572.66999999999996,632.04999999999995,600,1000,650,551.25,575,660.67,636.67999999999995,660,514.5,682.5,748.63,680,619,635.20000000000005,591,783.02,637,601.96,600,694.57,685.19,689.16,613.62,645,619.89,750,675.94,614.5,625.36,600,633,600,637.91999999999996,548.30999999999995,607.29,630,667.01,525,661.5,675,562.27,665,682.5,572.66999999999996,632.04999999999995,500,600,1000,661.5,551.25,577,630,791,1242.3,712.98,680,700,619,635.20000000000005,637,573.29999999999995,712.66,694.57,675.58,689.61,645,675.94,614.5,625.36,660,630,600,678.03,637.91999999999996,553.59,607.29,617,690,840,577,684.65,607.69000000000005,636.67999999999995,496.12,682.5,572.66999999999996,632.04999999999995,500,600,700,640,660.67,551.25,514.5,550,650,760,525,682.5,748.63,680,619,668.59,591,573.29999999999995,649.80999999999995,694.57,750,685.19,689.61,645,750,675.94,650,625.36,630,633]
["19-8.",1413.65,1420.86,1445.04,1400,1500,1365,1460.58,787.5,1543.5,1500,945,1476,1415.76,1458.6,1365,2000,1337.04,1047.3699999999999,1250,1216.07,1273.3800000000001,1260,1286.25,1389.15,1503,1400,1280,1570.96,1479,1283.56,1517.29,1273.3800000000001,1150,1389.15,1554.32,1533.02,1227.29,1550,1154.71,1150,1531.7,1334,1403.76,1300,1265,1100,1413.65,1366.36,1445.04,1400,1481.76,525,1543.5,1460,1012.09,1155,1549.8,1415.76,1458.59,1250,1365,2000,1337.04,1047.3699999999999,1312,1210,1600,1490.76,1550,1400,1500,1280,1570.96,1517.29,1212.75,1514.39,1389.15,1532.42,1533.02,1550,1530,1334,1403.76,1522.5,1500,1100,1275,1413.65,1339.44,1445,1388,1155,1250,1365,1460.59,1543.35,1446.9,945,1476,1415.76,1458.6,1250,1365,2000,1337.04,1216.07,1047.3699999999999,1286.25,1250,1250,1500,787.5,1389.15,1503,1400,1280,1570.96,1479,1212.75,1495,1389.15,1490.44,1554.32,1533.02,1550,1150,1531.7,1275,1403.76,1500,1265]
["19-9.",747.32,902.25,796.67,820,840,735,887.3,1000,922.15,1000,1000,839,836.5,862,880,944,800.89,744.18,750,837.24,810.33,735,708.75,578.80999999999995,1000,880,920,1026.1500000000001,758,953.24,878,789.39,682.5,926.1,943.81,968.33,845.25,840,816.12,900,931.05,836.5,893.3,850,865,836.5,747.32,850.96,796.67,820,927.24,1000,836.5,1100,843.41,770,839,1050.4000000000001,862.99,725,840,944,827.69,708.75,780,735,1000,1024.9000000000001,974.79,925,950,920,1026.1500000000001,878,789.39,1044.29,926.1,930.54,968.34,840,979,838.25,893.3,882,850,836.5,983.95,747.32,834.19,796.67,806,787.5,787.5,735,891.92,922.15,630,1000,839,1050.4000000000001,862.99,725,880,944,810.33,837.24,744.18,708.75,785,725,1000,1000,578.80999999999995,1000,925,920,1026.1500000000001,758.25,789.39,895.06,926.1,894.26,943.81,968.34,840,900,931.06,900,893.3,850,865]
["19-10.",1504.91,1480.66,1460.93,1240,1365,1312,1417.93,1300,1460.93,1500,1378.12,1449,1354.5,1447.02,1390,1500,1350,1212.75,1260,1293.92,1215.5,1150,1239,926.1,1522.5,1350,1500,1654.79,1326,1374.54,1531,1379.22,1150,1504.91,1495.18,1533.98,1405.98,1100,1306.6500000000001,1500,1478.8,1392.5,1531.39,1300,1272,1365,1504.91,1451.63,1460.93,1240,1460.05,1300,1460.93,1150,1405.68,1320,1449,1354.5,1519.37,1200,1325,1500,1450,1212.75,1260,1150,1514,1345.83,1522.5,1350,1500,1535,1654.79,1460.93,1313.55,1369.14,1504.91,1547.81,1533.98,1100,1500,1392.5,1531.39,1470,1300,1365,1460.81,1285.54,1437.67,1460.93,1225,1312.5,1365,1312,1418.17,1533.8,1207.5,1378.12,1449,1354.5,1519.37,1200,1390,1500,1400,1293.92,1212.75,1239,1260,1150,1470,1300,926.1,1522.5,1350,1500,1654.79,1327,1313.55,1488.77,1504.91,1500,1495.18,1533.98,1100,1500,1478.8,1398.5,1531.39,1300,1272]
["19-11.",7758.48,10652.93,12447.16,12500,13000,13000,10350.620000000001,9450,12733.87,13000,6825,7635.6,10000,11600,11000,15000,11250,9950,10800,9824.09,11286.83,13200,11760,5209.3100000000004,13000,11300,10132.5,12864.99,12986,11690.52,12600,12208.59,12500,13230,12850.64,11392.02,10876.35,9700,11366,8925,13000,11000,11910.82,12000,12600,10000,7758.47,10151.5,12447.16,12500,10350.620000000001,9450,11550,9325,7590.71,8050,7635.6,10000,13009.5,10000,11000,15000,11500,9950,10990,13000,11500,11838.08,13000,11500,12600,10132.5,12864.99,12600,11853,12466.09,13230,12852,11392.93,9700,13000,10250,11910.82,13150,12000,10000,11000,7758.47,10348.61,11850,12850,9975,9500,13000,10350.620000000001,10996.38,6003.11,6825,7635.6,10000,12276.61,10000,11000,13500,11000,9824.09,9950,11760,10470,13000,11900,9450,5209.3100000000004,13000,11500,10132.5,12864.99,12987,11853,11000,13230,8346.4699999999993,12850.63,11392.93,9700,8925,13000,11000,11910.82,12000,12600]
["19-12.",16238.25,14297.64,14909.53,16500,17000,16500,14485.76,14000,16206.75,16500,9975,10710,12000,15500,15000,20000,15000,13950,13330,13182.59,15193.81,16650,15645,7177.27,16950,14300,13597.5,16823.13,17297,16217.4,16355,15175.6,15000,16537.5,17113.189999999999,15461.82,13747.24,13200,14700,12500,17000,15000,14463.15,14150,16800,14000,16238.25,13624.71,14909.53,16500,14485.77,14000,15435,12650,10683.22,14300,10710,12000,16485,14500,15000,20000,14643.4,13950,12730,16400,14500,15368.29,17000,14300,16800,13597.5,16823.13,16500,14032,16609.68,16537.5,16900,15461.82,13200,17000,14250,14463.15,16256.1,14300,14000,14700,16238.25,13889.26,14900,16500,13125,13500,16500,14485.76,14468.92,8814.48,9975,10710,12000,16652.43,14500,15000,18000,15000,13182.59,13950,15645,13330,16650,14500,14000,7177.27,16950,14300,13597.5,16823.13,17298,14733.6,16000,16537.5,17319.78,17113.189999999999,15461.82,13200,12500,17000,15000,14463.15,14200,16800]
["19-13.",1653.75,1647.06,1528.63,1650,1575,1450,1602.27,1500,1680,1696.8,1575,1626,1511.21,1695,1500,1700,1550,1260,1380,1381.04,1389.15,1640,1365,926.1,1650,1550,1650,1678.25,1547,1628.99,1685,1515.93,1200,1736.43,1724.74,1685.31,1544.62,1550,1545,1600,1702.89,1267,1531.39,1360,1495,1500,1653.75,1647.06,1528.63,1672.72,1659.15,1500,1680,1725,1686.82,1450,1707.3,1511.21,1701.7,1500,1500,1700,1650,1260,1450,1600,1700,1583.93,1650,1575,1680,1685,1678.25,1685,1515.93,1568.26,1736.43,1700.49,1685.31,1550,1698.3,1267,1531.39,1708,1375,1500,1389,1653.74,1647.06,1528.63,1670,1312.5,2000,1450,1604.3,1620.52,1698,1575,1626,1511.21,1701.7,1500,1500,1700,1600,1381.04,1260,1365,1450,1600,1650,1500,926.1,1650,1575,1650,1694.95,1548,1443.75,1635.63,1736.43,1703.36,1724.8,1685.31,1550,1600,1702.89,1267,1531.39,1375,1495]
["19-14.",2269.77,3148.36,2992.72,3157,2940,2800,2959.56,2500,3150,3000,2625,2315.25,2926.98,3000,2750,3400,2850,2625,2460,2575.12,2604.65,3050,2677.5,1157.6199999999999,3100,2700,3050,2924.6,3042,2884.39,3142,2826.6,2625,2894.06,3219.05,3142.36,2966.43,3100,2795,3000,3169.4,2569,2807.23,2550,2645,2800,2269.7600000000002,3294.12,2992.72,3157,2973.71,2500,3150,3150,2811.37,2495,2315.25,2926.98,3038.75,2500,2750,3400,2027,2625,2480,3000,3200,2867.64,3255,2700,3100,3044.79,2924.6,3142.35,2826.6,3035.56,2894.06,3170.67,3142.36,3100,3170,2569,2807.23,3150,2550,2800,2894,2269.7600000000002,3148.36,2992.72,3157,2362.5,2415,2800,2917.35,2662.28,2756.25,2625,2315.25,2926.98,3038.76,2500,2750,3400,2825,2575.12,2625,2677.5,2360,3030,3150,2500,1157.6199999999999,3100,2750,3050,2958,3042,2826.6,3202.21,2894.06,3074.75,3219.05,3142.36,3100,3000,3169.4,2569,2807.23,2550,2750]
["19-15.",5250,4838.45,4778.5,5512.5,5300,5000,5248.23,4200,5556.6,5300,3675,3638.25,4000,5440.83,5000,6000,5000,4725,4240,4192.6099999999997,4601.54,5500,4725,2546.08,5460,4800,5362,5453.89,5276,5554.03,5560,5016.8999999999996,4800,5512.5,5439.07,5672.35,4703.62,5200,5126.62,5000,5400,4900,5487.44,5400,5500,4500,5250,4610.7700000000004,4778.5,5512.5,5274.21,4200,5292,4600,3935.92,4565,3638.25,4000,5440.83,4950,5000,6000,4850,4725,4240,5100,5400,5352.24,5460,4900,5460,5362,5453.89,5560,5016.8999999999996,5329.77,5512.5,5630.5,5672.36,5200,5400,4750,5487.47,5565,5275,4500,5209,5250,4566,4778.5,5512.5,4042.5,4410,5000,5171.53,4861.5600000000004,4725,3675,3638.25,4000,5440.83,4950,5000,6000,4900,4192.6099999999997,4725,4725,4240,5500,5400,4200,2546.77,5460,4900,5362,5487.28,5277,4778,5500,5512.5,5500,5439.07,5672.36,5200,5000,5400,4800,5487.47,5425,5500]
["19-16.",8556.6,7148.82,7893.28,8925,8700,8600,7912.92,5775,8682.18,8000,5775,6825,6000,8682.18,7900,10000,8000,7200,7240,6816.37,7611.37,8900,7875,3472.87,8925,8300,7350,8622.76,8649,8968.69,8770.31,8287.65,8200,8820,8984.43,8743.92,7759.85,7300,7938,8500,8750,8000,6891.25,8100,8925,8000,8556.6,6879.14,7893.28,8925,7912.92,5775,7875,6290,6185.02,7715,6825,6000,8682.18,7750,7900,10000,7640,7200,7290,8750,8800,8152.59,8925,8300,8925,7350,8622.76,8770.31,8287.65,8813.17,8820,8857.76,8743.92,7300,8750,7750,6891.33,8800,8200,8000,7524.56,8556.6,6678.78,7893.28,8925,5932.5,7875,8600,7912.92,7523.84,7875,5775,6825,6000,8682.18,7750,7900,10000,7900,6816.31,7200,7875,7280,8900,8800,5775,3472.87,8925,8400,7350,8622.76,8649,7893,8800,8820,8652,8984.43,8743.92,7300,8500,8750,7900,6891.25,8200,8925]
["19-17.",3116.23,3417.3,3336.85,4000,3600,3500,3656.81,2625,3820.16,3700,2625,3272,3545.1,3700,3425,4000,3600,3500,3300,3113.13,3212.4,3850,3150,1736.43,3832.5,3650,3500,3804.04,3752.56,3783.85,3707.61,3316.59,3000,3472.87,3798.13,3785.25,3674.94,3100,3524,3500,3750,3135,3524.96,3500,3525,3300,3116.23,3384.46,3336.85,4000,3700.08,2625,3638.25,3350,2698.92,3850,3272,3545.1,3704.4,3200,3425,4000,3650,3500,3300,3650,3800,3778.66,3832.5,3650,3780,3675,3804.04,3707.61,3158.66,3678.78,3472.25,3744.58,3785.25,3100,3750,3135,3524.96,3710,3500,3300,3704.4,3116.23,3317.77,3336.85,4000,2625,2600,3500,3621.54,3472.54,3528,2625,3272,3545.1,3889.62,3200,3425,4000,3500,3113.13,3500,3150,3300,3800,3800,2625,1736.43,3832.5,3750,3675,3804.04,3752.56,3158.66,3895,3472.4,3577.05,3798.13,3785.25,3100,3500,3750,3135,3524.96,3500,3525]
["19-18.",725.18,594.01,674.13,750,725,682,701.17,525,771.75,747.4,630,709.8,678.72,750,660,750,725,600,680,627.71,636.67999999999995,710,598.5,578.80999999999995,775,710,755,887.98,760.5,760.16,742.5,668.11,472.5,749.7,760.62,780.38,681.13,546,766.5,700,751.5,722,765.69,680,715,650,725.18,600.19000000000005,674.13,750,724.44,525,771.75,750,674.73,735,709.8,678.72,750,625,660,750,735,600,682,700,760,703.97,775,710,735,740,887.98,742,636.29999999999995,616.45000000000005,749.7,749.93,780.39,546,749.5,722,765.69,385.5,675,650,752.45,690.65,611.84,674.13,750,630,550,682,711.01,771.68,656.25,630,709.8,678.72,900,625,660,750,700,627.71,600,598.5,650,700,740,525,578.80999999999995,775,710,745,887.98,761,636.29999999999995,700,749.7,754.41,760.63,780.39,546,700,751.53,675,765.69,680,715]
["19-19.",2384.0500000000002,2515.17,2604.0700000000002,2750,2700,2730,2803.49,2100,2835.91,2750,1995,2677.5,2582.31,2650,2550,3000,2315.25,2350,2400,2024.37,2257.36,2600,2310,1389.15,2835,3000,2677.5,2725.25,2757,2819.17,2734.25,2583.15,1825,2646,2798.35,2816.29,2631.23,2150,2740,2500,2761.3,2651,2361.11,2625,2750,2500,2384.0500000000002,2350.27,2604.0700000000002,2750,2803.5,2100,2701.12,2875,2136.64,2435,2852,2572.31,2662.53,1750,2550,3000,2431.0100000000002,2350,2300,2500,2800,2374.02,2835,2125,2800,2825,2725.25,2734.27,2460.15,2636.65,2646,2761.53,2816.29,2150,2891.55,2551,2361.11,2730,2625,2500,1670,2384.0500000000002,2327,2604.0700000000002,2750,2362.5,2100,2730,2803.49,2835.91,2480.62,1995,2677.5,2582.31,2535.75,2300,2550,2800,2431.0100000000002,2024.37,2350,2310,2400,2600,2800,2100,1389.15,2835,2850,2677.5,2725.25,2757,2460.15,2786.35,2646,2869.38,2798.35,2816.29,2150,2500,2761.3,2651,2361.11,2625,2750]
["19-20.",320.25,323.76,308,350,320,315,341.77,275.62,335.67,348.45,262.5,315,302.24,315,300,350,325,303.18,250,324.97000000000003,272.02999999999997,320,273,138.91,346.5,345,330.5,314.32,232.5,299.14,339,323.39999999999998,300,346.5,347.51,356.54,326.60000000000002,355,340,330,345.03,339.5,319.06,300,346,305,320.25,320.64,308,350,341.77,275.62,319.72000000000003,350,281.13,355,315,302.24,300.98,225,300,354,320,303.18,262,320,360,351.99,353.29,345,330,347,314.32,339,308,336.53,346.5,342.62,356.54,355,344.1,339.5,319.06,341.7,300,305,304.5,320.25,311.33999999999997,308,350,262.5,288.75,315,341.77,335.67,303.18,262.5,315,302.24,316.02,225,300,350,320,324.97000000000003,303.18,273,250,320,340,275.62,138.91,346.5,345,330.5,314.32,232.5,308,329.56,346.5,340.67,347.84,356.54,355,330,345.03,300,319.06,300,330.75]
["19-21.",1854,1724.58,1795.41,1800,1800,1732,1842.85,1470,1818.95,1800,1102.5,1800,1765.73,1850,1700,2000,1750,1575,1650,1419.52,1562.78,1820,1601.25,694.57,1900,1750,1845,1921.99,1814,1846.44,1885.18,1695.75,1470,1736.42,1931.19,1885.18,1833.01,1650,1701,1750,1850,1744,1659.01,1800,1735,1575,1854,1642.8,1885.18,1750,1851.75,1470,1819.12,1550,1349.46,1680,1680,1765.73,1852.2,1500,1700,2000,1850,1575,1575,1750,1811,1712.04,1900,1825,1890,1855,1921.99,1885.18,1695.75,1791.75,1736.42,1903.97,1849.27,1650,1850,1744,1659.01,1890,1825,1575,1736,1854.01,1610.59,1795.41,1897,1680,1575,1732,1842.85,1819.12,1736.43,1102.5,1680,1765.73,1764,1500,1700,1800,1800,1419.52,1575,1601.25,1650,1800,1800,1470,694.57,1900,1750,1850,1921.99,1815,1615,1850,1736.43,1875.45,1931.19,1849.27,1650,1750,1902.7,1744,1659.01,1800,1735]
["19-22.",3150,3206.59,2816,3250,3200,3255,3282.82,2100,3357.11,3300,2205,3108,3388.29,3307.5,3000,3800,2876.69,2625,2835,2453.29,2876.69,2850,2940,1389.15,3300,3000,3300,3412.09,3290,2933.52,3312.95,2894.06,2990,3307.5,3393.75,3338.59,3382.41,2800,3295,3000,3412.5,3165.25,2795.39,3300,3195,2100,3150,3113.51,2816,3250,3282.83,2100,3197.25,3250,2361.5500000000002,3080,3108,3388.29,3307.5,2700,3000,3800,2894.06,2625,2940,2720,3360,3036.02,3300,3150,3360,3300,3412.09,3312.95,2756.25,3261.93,3307.5,3381.45,3338.59,2800,3412.5,3165.25,2795.39,3300,3300,2100,3252.37,3150,3023.09,2816,3341,2625,2940,3255,3314.85,3356.79,3125.58,2205,3108,3388.29,3307.5,2700,3000,3600,2894.06,2453.29,2625,2940,2970,2850,3360,2100,1389.15,3300,3000,3300,3412.09,3290,2756.25,3300,3307.5,3338.59,3393.75,3338.59,2800,3000,3412.5,3165.25,2795.39,3300,3195]
["19-23.",1149.8,1109.0999999999999,1178.26,1250,1200,1155,1203.9100000000001,1050,1237.17,1200,882,1199,1105.95,1200,1100,1200,1087.1400000000001,1020,1070,935.64,1099.73,1080,1050,926.1,1242,1100,1210,1327.97,1212,1241.6099999999999,1237.17,1113,840,1157.6199999999999,1267.3599999999999,1274.29,1202.9100000000001,935,1099.73,1250,1260,1094.5,1148.6400000000001,1100,1095,1100,1149.8,1067.05,1178.26,1264,1224.3800000000001,1050,1237.17,1250,899.64,1300,1199,1105.95,1215.5,900,1100,1200,1150,1020,1070,1025,1300,1283.71,1242,1150,1260,1225,1327.97,1237.17,1113,1172.05,1157.6199999999999,1249.51,1274.29,935,1309.8,1094.5,1148.6400000000001,1233.75,1100,1100,1157.6199999999999,1149.79,1035.97,1178.26,1234,1155,1102.5,1155,1208.97,1237.1500000000001,1157.6199999999999,882,1199,1105.95,1215.5,900,1100,1200,1099.73,935.64,1020,1050,1023,1050,1300,1050,926.1,1242,1150,1210,1327.97,1212,1113,1210,1157.6199999999999,1250,1267.3599999999999,1274.29,935,1250,1250.8,1094.5,1148.6400000000001,1100,1095]
["19-24.",637.65,564.32000000000005,578.38,650,600,577,683.55,750,669.53,600,441,631,572.66999999999996,632,590,672.6,650,600,577,495.74,520.91999999999996,605,525,578.80999999999995,750,750,660,848.97,591,637.33000000000004,637.5,606.9,420,694.57,685.19,701.09,601.95000000000005,480,619.5,700,677.81,607.29999999999995,612.61,600,630,500,637.66,548.30999999999995,578.38,660,683.55,750,637.65,750,449.82,625,631,572.66999999999996,632.04999999999995,500,590,672.6,640,600,577,600,781,724.68,750,750,700,650,848.97,637,606.9,671.11,694.57,675.58,701.09,480,675.97,620.65,612.61,638,600,500,661.5,637.66,553.59,578.38,652,577.5,575,577,680.3,669.43,650,441,631,572.66999999999996,632.04999999999995,500,590,672.6,625,495.74,600,525,550,600,750,750,578.80999999999995,750,750,665,848.97,591,606.9,649.80999999999995,694.57,750,685.19,701.09,480,700,677.81,607.29999999999995,612.61,600,630]
["19-25.",392.83,511.87,578.38,550,315,500,546,500,520.88,550,367.5,425,545.4,468.55,360,351.25,416.74,248,550,545.73,405.16,525,500,173.63,605,525,600,342.34,577,439.25,330.5,339.57,400,441,564.28,375.58,529.25,420,424.25,600,550,525,382.87,500,550,480,392.83,502.13,578.38,550,520,500,472.5,350,374.85,395,425,545.4,468.55,400,360,351.25,437,248,550,500,600,508.31,605,525,600,600,342.34,330,323.39999999999998,514.44000000000005,441,584.15,375.58,420,550,505.71,382.87,385,500,480,496.12,392.83,502.13,578.38,550,472.5,315,500,546,520.88,525,367.5,425,545.4,468.56,400,360,351.25,416.74,545.73,248,500,550,525,600,500,173.63,605,525,600,342.34,551.15,323.39999999999998,575,441,567.78,564.28,375.58,420,600,550,500,382.87,500,550]
["19-26.",300.95,317.60000000000002,266.77999999999997,300,288.75,262,320.24,262.5,350,300,308.7,325,242.4,273.39999999999998,285,306.8,290,289.39999999999998,250,280.86,289.39999999999998,300,236.25,115.76,350,330,325,342.34,280,296.35000000000002,294,293.26,250,330.75,316.02999999999997,324.26,283.02,315,310,325,327.60000000000002,287,242.46,270,285,286.64999999999998,300.98,311.31,266.77999999999997,300,320.25,262.5,350,350,314.87,245,325,242.4,273.47000000000003,225,285,306.8,310,289.39999999999998,262,300,390,295.05,350,330,350,317,342.34,294,293.26,306.83999999999997,330,327.18,324.26,315,326.74,302.60000000000002,242.46,302,270,286.64999999999998,314.20999999999998,300.97000000000003,308.35000000000002,266.77999999999997,295,262.5,330,262,320.24,350,315,308.7,325,242.4,273.48,225,285,306.8,290,280.86,289.39999999999998,236.25,250,300,375,262.5,115.76,350,330,317,342.34,280.5,293.26,299.72000000000003,330,323.33999999999997,316.04000000000002,324.26,315,325,327.60000000000002,287,242.46,270,275]
["19-27.",637.24,1018.47,750,550,1150,682,1275,275.62,1500,650,1400,662.5,787.5,632,1100,800,1200,1500,915,578.80999999999995,1323,1310,367.5,694.57,1500,1300,1285,1389.9,1214,1169.8699999999999,1267.5,1155,1000,926.1,828.76,638.13,1335,1500,1307.25,911,182.28,1200,638.13,575,865,1500,606.9,998.1,750,550,1275,275.62,1500,488,1312.5,1300,662.5,787.5,632.04999999999995,1100,1100,800,1175,1500,910,1250,1190,1500,1500,1300,1323,1345,1389.9,1267,1100,704.65,926.1,828.76,638.13,1500,364.64,950,638.13,638,575,1500,304.5,637.24,978.44,750,545,892.5,865,682,1275,1500,1099.73,1400,662.5,787.5,632.04999999999995,1100,1100,800,1200,578.80999999999995,1500,367.5,875,1300,1190,275.62,694.57,1500,1300,1285,1389.9,1214,1100,1050,926.1,894.26,828.76,638.13,1500,910.5,364.61,1260,638.13,575,865]
["20-1.",132.56,163,156.12,150,132.30000000000001,150,165,125,160,160,105,145,140,127.32,125,160,137,100,157.5,98.96,138.91,123.16,150,81.02,175,135,107.2,115.92,135.69999999999999,147,125,161.4,110,121.27,160,165.37,147.54,157.5,133.65,126,164.61,157.5,140.36000000000001,105,125,130,132.56,163,156.12,150,165,125,160,135,112.45,160,145,140,121.27,100,125,160,139,100,157.5,123.16,130,115.76,175,135,160,107.2,115.92,125,164.7,132.30000000000001,121.27,167.84,165.37,157.5,164.18,157.5,140.36000000000001,134,105,140,100,132.56,154.85,156.12,154.25,115.5,115,150,165,160,105,105,145,140,121.27,100,125,160,140,98.96,100,150,157,123.16,130,125,81.02,175,135,107.2,115.92,135.77000000000001,153.72,165,121.27,160.56,160,165.37,157.5,126,164.61,157.5,140.36000000000001,105,130]
["20-2.",110.24,133.75,120,130,110.25,110,131.25,105.3,136.5,135,89.25,115,110,115.75,120,130,117,80,131.25,93.46,127.33,93.87,126,81.02,140,125,93,100.91,108.33,131.91,110,131.76,95,114.66,122.62,135,119.22,131.25,97.24,115.5,140,126,112.3,98,120,100,110.24,133.75,120,130,131.25,105.3,136.5,115,95.55,135,115,110,115.76,90,120,130,120,80,131,93.87,110,104.18,140,125,136.5,93,100.91,110,131.76,98,114.66,122.62,135,131.25,140,126,112.3,123,98,110,77,110.24,133.75,120,133.69999999999999,94.5,93,120,131.25,136.5,100,89.25,115,110,110.25,90,120,130,118,93.46,80,126,131,93.87,110,105.3,81.02,140,125,93,100.91,108.33,131.76,138,114.66,132.61000000000001,131.25,135,131.25,115.5,140,126,112.3,100,120]
["20-3.",84.51,111.64,110.25,110,100,100,108.4,99.48,114.01,115,78.75,100,99.75,109.96,104,100,105,80,94.5,87.97,98.39,93.87,118,69.45,115,103,89.7,91.64,108.33,93.38,110,109.8,90,99.22,111.33,115,104.16,118,97.24,94.5,112.38,105,95.7,107,115,80,84.51,111.64,110.25,110,108.4,99.48,112,95,84,115.5,100,99.75,109.95,90,104,100,110,80,94.5,93.87,105,99.22,115,103,115,89.7,91.64,110,109.8,107.75,99.22,116.79,115,118,117.69,105,95.7,114.96,107,100,100,84.51,111.64,110.25,108,94.5,93,100,108.61,114.09,99.75,78.75,100,99.75,115.45,90,104,100,105,87.97,80,110.25,94.5,93.87,115.5,99.48,69.45,115,103.5,89.7,91.64,108.33,115.29,130,99.22,115.5,116.63,115,118,94.5,112.38,105,95.7,110,115]
["20-4.",99.75,108.67,105,110,88.2,95,102.33,98.9,110.25,110,78.75,100,99.75,109.96,104,100,100,70,94.5,87.97,98.39,93.87,94.5,69.45,115,95,85.5,72.569999999999993,108.33,108.14,95,106.03,90,99.22,103.05,110.25,104.16,110,85.07,94.5,110.25,98,89.32,107,98,80,99.75,100.5,105,102,102.23,98.9,110.25,95,84,106,100,99.75,109.95,85,104,100,100,70,94.5,93.87,93,92.61,115,95,105,85.5,72.569999999999993,95,106.03,97.75,99.22,98.14,110.25,110,110.25,98,89.32,109.5,103.75,95,72,99.75,105.88,105,108,94.5,93,95,102.82,110.24,94.5,78.75,100,99.75,109.96,85,104,100,105,87.97,70,94.5,94.5,93.87,94.5,98.9,69.45,115,95,85.5,87.09,108.33,106.03,125,99.22,108.15,106,110.25,110,94.5,110.25,98,89.32,107,98]
["20-5.",99.75,111.64,105,105,88.2,95,103.24,98.9,110,110,78.75,100,95,98.38,99,100,100,75,94.5,87.97,82.68,93.87,90,69.45,115,120,85.5,78.239999999999995,108.33,100.25,95,92.88,80,99.22,108.19,110.25,102.17,120,91.15,92,112.38,100,95.7,98,98,80,99.75,111.64,105,105,103.24,98.9,110,95,84,115,100,95,98.35,80,99,100,100,75,94.5,93.87,96,92.61,115,95,110,85.5,78.239999999999995,95,88.46,94.08,99.22,108.19,110.25,120,117.69,100,95.7,106.5,98,95,72,99.75,111.64,105,105,94.5,93,95,103.74,110,85,78.75,100,95,93.71,80,99,100,105,87.97,75,90,94.5,93.87,96,98.9,69.45,115,120,85.5,91.64,108.33,88.46,105,99.22,110.25,108.19,110.25,120,92,110.25,100,95.7,98,98]
["20-6.",84,90.05,78.75,94.5,82.65,85,88.03,75.83,95,90,71.66,84,84,92.6,88,100,84,71.66,78.75,76.97,75.23,79.36,78.75,69.45,92,85,74.5,70.489999999999995,95.58,75.69,90,88.46,80,90.4,92.88,94.5,73.790000000000006,90,79,92,93.77,88,82.95,81,93,70,84,91.95,78.75,94,88.56,75.83,95,85,72.97,84,84,84,92.61,65,88,100,86,71.66,78.75,79.36,90,84,92,85,90,74.5,70.489999999999995,90,84.25,73.72,90.4,92.88,94.5,90,93.52,88,82.95,92.5,85,80,70,90,90.56,78.75,92.5,89.25,77,85,88.82,95,84,71.66,84,84,92.61,65,88,95,85,76.97,71.66,78.75,78.75,79.36,90,75.83,69.45,92,85,74.5,70.489999999999995,95.6,84.25,90,90.4,94.25,92.88,94.5,90,92,93.77,88,82.95,93,93]
["20-7.",58.33,83.59,60,84,68.25,75,73.31,52.76,83.26,80,63,74,65,81.900000000000006,82,85,73,55,68.25,65.98,49.6,79.36,73.5,57.87,82,80,65.75,63.44,82.85,70.84,80,70.62,60,82.68,81.66,84,75.23,77.7,66.84,75,84,80,69.819999999999993,70,80,65,58.33,80.2,60,77,73.81,52.76,83.26,70,67.459999999999994,80,74,65,81.900000000000006,55,82,85,77,55,68,79.36,71,73.5,82,80,84,65.75,63.44,80,67.260000000000005,64.05,82.68,81.66,84,77.7,84,80,70.180000000000007,80,73,72,60,58.33,80.81,60,82.25,68.25,70,75,74.73,83.26,78.75,63,74,65,81.900000000000006,55,82,85,76,65.98,55,73.5,68.25,79.36,70,52.76,57.87,82,80,65.75,63.44,82.85,67.260000000000005,71.97,82.68,81.25,81.66,84,77.7,75,84,80,70.180000000000007,75,80]
["20-8.",55.67,72.099999999999994,63,75,60.6,60,71.66,50.5,77.17,75,57.33,65,68.25,75,71,68.25,67,55,47.25,60.36,57.87,56.84,73.5,57.87,75,66,74,52.79,70.099999999999994,65.55,75,71.37,60,72.760000000000005,72.37,78.75,63.63,71,60.75,65,80,75,76.56,78.5,71,65,55.67,75.319999999999993,63,75,71.66,50.5,77.17,70,58.48,75,65,68.25,78.75,60,71,68.25,63.19,55,47.25,56.84,67,70,78.75,66,78,76.5,52.79,75,71.37,70.209999999999994,72.760000000000005,72.37,78.75,74.55,80,75,76.56,76,63.25,75,55,55.66,73.84,63,75,63,60,60,71.319999999999993,77.17,77.17,57.33,65,68.25,75,60,71,68.25,63.15,60.48,55,73.5,47.25,56.84,68.25,50.5,57.87,75,66,76,52.79,70.099999999999994,71.37,69,72.760000000000005,77.5,72.37,78.75,71,65,80,75,76.56,77,71]
["20-9.",47.72,65.48,40,63,57.75,65,60.3,48.1,68.25,65,49.35,67,59.68,66.95,63,55,59,45,47.25,49.47,57.87,56.84,52.5,52.09,66,65,60,58.65,68.25,59.68,65,65.53,50,55.12,65.709999999999994,68.25,62.41,59.85,57.87,63,66,67,57.42,50,54,55,47.72,66.87,40,63,60.3,48.1,68.25,65,52.76,67,67,63.74,67.599999999999994,50,63,55,59,45,47.25,56.84,56.7,60.71,69.3,65,68,60,58.65,65,67.260000000000005,63.7,55.12,68.930000000000007,68.25,59.85,69.3,67,57.42,64,45,55,57.5,47.72,65.48,40,64.75,52.5,49,65,60.06,68.25,60,49.35,67,63.74,66.95,50,63,55,60,49.47,45,52.5,47.25,56.84,51.98,48.1,52.09,66,65,60,58.65,68.25,65.88,65,55.12,67.2,65.709999999999994,68.25,59.85,63,66,67,57.42,50,54]
["20-10.",37.11,54.87,48,57.75,38.549999999999997,55,50.85,49.14,57.75,52,31.5,45,50,38.58,42,45,47,40,36.75,38.479999999999997,40.5,48,52.5,46.3,57.75,50,52.5,44.85,55.11,48,50,52.7,45,36.380000000000003,54.71,55.12,44.1,55,42.51,55,55.12,55,51.04,40,44,45,37.11,55.73,48,55,50.85,49.14,57.75,45,33.75,55,45,50,38.58,37.5,42,45,48.5,40,36.75,55.94,46.5,50,57.75,50,57,52.5,44.85,50,54.9,49,36.380000000000003,57.44,55.12,55,55.12,55,51.04,52.5,40,48,49,37.11,54.87,48,56.5,47.25,49,55,50.85,57.74,50,31.5,45,50,42,37.5,42,45,48.25,38.479999999999997,40,52.5,36.75,50,46.5,49.14,46.3,57.75,50,52.5,44.85,55.11,54.9,60,36.380000000000003,56.39,57.39,55.12,55,55,55.12,55,51.04,40,44]
["20-11.",33.93,47.97,39.5,53,45,45,47.25,33.78,47.25,48,31.5,45,45,36.75,50,55,44.03,45,26.25,31.41,33.07,48.94,35,46.3,50,50,49.5,44.16,49.6,45,50,49.41,40,37.479999999999997,40.47,49.61,40.47,33.6,42.5,40,50,47.25,44.64,45,50,40,33.93,51.55,39.5,53,47.25,33.78,47.07,40,33.6,45,45,45,38.58,35,50,55,44,45,26.25,48.94,35,45,50,42,51.45,49.5,44.16,50,49.41,46.3,37.479999999999997,40.47,49.61,33.6,50,47.25,44.64,49.5,45,45,42.5,33.93,49.74,39.5,53,36.75,38,45,47.25,49.42,35,31.5,45,45,34.72,35,50,55,44,31.41,45,35,26.25,48.94,38.5,33.78,46.3,50,50,49.5,44.16,52.08,49.41,49,37.479999999999997,51.71,40.47,49.61,33.6,40,50,47.25,44.64,45,50]
["21-1.",137.81,145.66,105,158,147,150,160,138.5,154.35,165,136.5,130,150,127.32,120.9,150,134,125,140.69999999999999,115.76,138.91,150,125,92.61,150.41999999999999,125,118,165.88,133.82,99.75,150,127.1,99.75,110.25,152,154.35,153.71,123.9,133.66,136.5,154.35,150,140.36000000000001,115,137,130,137.81,147.08000000000001,105,158,160,138.5,154.35,130,145.94999999999999,150,130,150,133.69,125,120.9,150,136,125,140.69999999999999,150,141.75,131.25,150.41999999999999,125,136.5,118,165.88,150,127.1,144.75,110.25,152,154.35,123.9,154.35,150,140.36000000000001,157,115,130,100,137.80000000000001,145.66,105,158,105,135,150,160,154.35,105,136.5,130,150,133.69,125,120.9,150,137,115.76,125,125,140.69999999999999,150,141.75,138.5,92.61,150.41999999999999,125,118,165.88,133.82,127.1,141.75,110.25,152.28,152,154.35,123.9,136.5,154.35,150,140.36000000000001,115,137]
["21-2.",131.25,135.74,105,158,121.25,135,137.81,138.5,142.80000000000001,165,131.25,110,150,127.32,120.9,131.25,130,125,140.69999999999999,115.76,138.91,125,115,92.61,143.31,125,105,139.32,133.82,89.25,135,122.73,95,110.25,137.55000000000001,141.75,142.13999999999999,115.5,133.66,131.25,140,150,140.36000000000001,115,120,125,131.25,135.74,105,158,139.25,138.5,142.80000000000001,130,133.80000000000001,130,110,150,133.69,90,120.9,131.25,135,125,140.69999999999999,125,131.25,131.25,143.26,125,136.5,105,139.32,135,122.73,137.86000000000001,110.25,137.55000000000001,141.75,115.5,140,150,140.36000000000001,142.5,115,125,100,131.25,135.74,105,158,99.75,135,135,138.57,142.79,105,131.25,110,150,133.69,90,120.9,131.25,128,115.76,125,115,140.69999999999999,125,131.25,138.5,92.61,143.31,125,105,139.32,133.82,122.73,131.25,110.25,147.85,137.55000000000001,141.75,115.5,131.25,140,150,140.36000000000001,115,120]
["21-3.",124.45,135.74,105,158,121.25,135,137.80000000000001,138.5,142.80000000000001,165,125,110,150,127.32,115.15,131.25,133,125,134,115.76,138.91,125,115,92.61,143.31,110,105,139.32,133.82,89.25,135,122.73,95,110.25,137.55000000000001,141.75,142.13999999999999,115.5,133.66,131.25,140,150,140.36000000000001,105,120,125,124.25,135.74,105,158,137.81,138.5,142.80000000000001,130,133.80000000000001,130,110,150,133.69,85,115.15,131.25,135,125,140.69999999999999,125,131.25,125,143.26,125,136.5,105,139.32,135,122.73,137.86000000000001,110.25,137.55000000000001,141.75,115.5,140,150,140.36000000000001,142.5,110,120,100,124.45,135.74,105,158,99.75,135,135,137.81,142.79,105,125,110,150,133.69,85,115.15,131.25,135,115.76,125,115,140.69999999999999,125,131.25,138.5,92.61,143.31,125,105,139.32,133.82,122.73,131.25,110.25,147.85,137.55000000000001,141.75,115.5,131.25,140,150,140.36000000000001,105,120]
["21-4.",124.45,135.74,105,158,115.5,135,137.80000000000001,138.5,142.80000000000001,165,125,110,150,127.32,115.15,131.25,133,125,134,115.76,138.91,125,115,92.61,143.31,110,105,139.32,133.82,89.25,135,122.73,95,110.25,137.55000000000001,141.75,142.13999999999999,115.5,133.66,131.25,140,150,140.36000000000001,105,120,125,124.45,135.74,105,158,137.81,138.5,142.80000000000001,130,133.80000000000001,130,110,150,133.69,85,115.15,131.25,135,125,140.69999999999999,125,131.25,125,143.26,125,136.5,105,139.32,135,122.73,137.86000000000001,110.25,137.55000000000001,141.75,115.5,140,150,140.36000000000001,142.5,110,120,100,124.45,135.74,105,158,99.75,135,135,137.81,142.79,105,125,110,150,133.69,85,115.15,131.25,135,115.76,125,115,140.69999999999999,125,131.25,138.5,92.61,143.31,125,105,139.32,133.82,122.73,131.25,110.25,147.85,137.55000000000001,141.75,115.5,131.25,140,150,140.36000000000001,105,120]
["21-5.",1050,330.61,420,800,1168.32,600,682.79,1108,810.33,1080,273,1040,300,970,800,1300,360,1000,614,1000,694.57,525,250,289.39999999999998,694.51,550,324,663.52,1050,199.5,890,1513.2,495,230.42,159.6,1120,895.48,760,534.70000000000005,409.5,850.81,600,1041.8599999999999,230,550,1040,1050,330.61,525,800,682.79,1108,771.75,1050,292.42,390,1040,300,1018.71,95,800,1000,291,1000,589,500,2160,127.33,694.51,550,273,335,663.52,892.5,1513.2,265.98,230,159.6,1120,760,850.81,600,1041.8599999999999,330,230,1040,100,1050,330.61,525,800,472.5,1050,600,682.79,810.26,250,273,1040,300,1018.71,95,800,1300,364,1000,1000,250,617,525,2160,1108,289.39999999999998,694.51,550,324,663.52,1050,1513.2,595.35,230.42,518.75,159.6,1120,760,409.5,850.81,600,1041.8599999999999,230,550]
["21-6.A.",551.25,330.61,420,1800,2592.96,600,893.38,1108,2000,3000,819,1092,300,3100,915,2500,378,1000,585,1900,2200,1260,250,289.39999999999998,2300,1250,823.2,663.52,1020,149.62,890,1513.2,525,230.42,319.2,1296.53,1380,620,534.70000000000005,286.5,850.81,600,1276.27,575,550,682.5,551.25,330.61,630,1800,893.38,1108,2000,1050,876.75,470,1092,300,3100,625,915,2000,401,1000,648,1200,1620,127.33,2300,1250,1050,823.2,663.52,892.5,1513.2,303.98,230,319.19,1296.54,620,850.81,600,1276.27,165,550,682.5,228,551.25,330.61,630,1800,997.5,1102.5,600,893.38,2000,315,819,1092,300,3100,625,915,2500,408,1900,1000,250,615,1260,1620,1108,289.39999999999998,2300,1250,823.2,663.52,1019.7,1513.2,446.51,230.42,1210.5,319.19,1296.54,620,286.64999999999998,850.81,600,1276.27,570,550]
["21-6.B.",826.87,661.16,630,2000,3457.28,900,1116.72,1662,2500,3500,1092,1638,600,3100,1675,3500,641,1500,880,2850,2600,1835,500,289.39999999999998,2500,1500,1234.8,995.28,1764,249.37,1155,1952.4,787.5,341.77,638.37,2100,1790.14,725,534.70000000000005,286.5,1021.02,900,1595.33,920,825,1092,826.87,661.22,840,2000,1116.72,1662,2500,1560,1169.17,945,1638,600,3100,850,1675,3000,780,1500,976,1750,2700,127.33,2500,1500,1260,1234.8,995.28,1155,1952.4,379.96,341.77,638.36,2100,725,1021.02,900,1595.33,165,685,1092,328,826.87,661.22,840,2000,1197,1102.5,900,1116.72,2500,420,1092,1638,600,3100,850,1675,3500,786,2850,1500,500,929,1835,2700,1662,289.39999999999998,2500,1500,1234.8,995.28,1763.66,1952.4,744.18,341.77,1642.75,638.37,2100,725,286.5,1021.02,900,1595.33,910,825]
["21-6.C.",1102.5,991.83,840,2500,4353.92,1200,1116.72,2216,2800,3800,1365,2184,900,3300,2310,4500,911,2000,1220,3800,3000,2100,625,289.39999999999998,3000,2000,1646.4,1327.04,2425.04,399,1470,2281.8000000000002,997.5,460.84,957.56,2370,2089.4499999999998,935,802.21,429.75,1191.17,1200,1914.41,1300,1100,2047.5,1102.5,991.85,1050,2500,1116.72,2216,2800,2080,1461.6,1415,2184,900,3300,1100,2310,4000,977,2000,1285,2000,1500,127.33,3000,2000,1680,1646.4,1327.04,1470,2281.8000000000002,455.96,460.84,957.55,2370,935,1191.17,1200,1914.41,330,1375,2047.5,437.5,1102.5,991.85,1050,2500,1596,2205,1200,1116.72,2800,420,1365,2184,900,3600,1100,2310,4500,983,3800,2000,625,1165,2100,1600,2216,289.39999999999998,3000,2000,1646.4,1327.04,2425.04,2281.8000000000002,1190.7,460.84,2328.63,957.56,2370,935,429.75,1191.17,1200,1914.41,1300,1100]
["21-6.D.",1312.5,1322.42,1050,2700,4801.92,1500,1340.08,2770,4000,4200,2047.5,2730,1200,3465,2625,5500,962,2850,1800,4750,3500,2625,750,347.28,3500,2500,2469.6,1658.8,3360,598.5,2100,4199.8,1195,689.06,1276.75,4200,2687.52,1250,802.21,429.75,1276.27,1500,2233.15,1650,1650,2730,1312.5,1322.46,1260,2700,1340.08,2770,4000,3000,2088,2360,2730,1200,3300,1625,2625,5000,1530,2850,1795,2500,2000,127.33,3500,2500,2310,2469.6,1658.8,2100,4199.8,759.96,689.06,1276.73,4200,1250,1276.27,1500,2233.15,330,1650,2730,794,1312.5,1322.46,1260,2700,1984.5,2205,1500,1340.08,4000,525,2047.5,2730,1200,3800,1625,2625,5500,1531,4750,2850,750,1711,2625,2200,2770,347.28,3500,2500,2469.6,1658.8,3360,4199.8,2268,689.06,2949.6,1276.75,4200,1250,429.75,1276.27,1500,2233.19,1575,1650]
["21-7.A.",406.42,165.27,105,316,808.24,750,1000,1108,800,772.5,273,143,150,1100,500,800,182,500,294,347.28,416.74,270,250,92.61,300.98,288,224,165.88,735,149.62,850,1183.8,350,114.66,87.89,357.34,231.52,315,266.8,136.5,735,600,370.07,230,275,273,406.42,165.3,157.5,329,1000,1108,800,520,278.5,210,143,150,1100,375,500,600,189,500,311,270,600,115.76,300.98,285,273,235,165.88,850,1183.8,75.98,114.66,87.89,357.34,315,700,600,370.07,82.5,220,273,198.45,406.42,165.3,157.5,316,367.5,330,800,1000,800,210,273,143.30000000000001,150,1100,375,500,800,189,347.28,500,250,294,270,580,1108,92.61,300.98,285,224,165.88,735,1183.8,540,114.66,302.62,87.89,357.34,315,136.5,700,600,370.07,230,275]
["21-7.B.",1050,661.16,315,1106,2508.84,1050,4400,2216,1600,1500,546,546,750,3600,2500,1500,546,1500,735,694.57,1111.32,945,500,289.39999999999998,1203.93,575,540,663.52,2205,299.25,1500,3754.8,750,457.53,159.6,1072.06,496.12,1150,534.80999999999995,409.5,850.81,1200,701.93,880,688,682.5,1050,661.22,420,1150,4400,2216,1600,1085.42,557,1050,546,750,3600,750,2500,1200,554,1500,735,945,1400,115.76,1203.93,575,546,540,663.52,1500,3754.8,227.97,457.53,159.6,1072.07,1150,850.81,1200,701.93,330,770,682.5,396.9,1050,661.22,420,1106,840,346.5,1150,4400,1600,500,546,546,750,3600,750,2500,1500,568,694.57,1500,500,770,945,1375,2216,289.39999999999998,1203.93,575,540,663.52,2205,3754.8,850.5,457.53,605.25,159.6,1071.95,1150,409.5,850.81,1200,701.93,840,688]
["21-8.",1000,654.92999999999995,315,1580,1210.4000000000001,300,1280,2216,740.88,2400,273,546,300,802.21,798,1200,379,1000,297,926.1,1008,315,250,173.63,416.71,575,432,995.28,1020,199.5,525,1183.8,1000,457.53,638.37,1021.01,760.72,670,534.70000000000005,143.25,850.81,600,957.2,815,275,546,1000,636.28,420,1580,1280,2216,705.6,265,292.42,945,546,300,802.23,375,798,1000,393,1000,295,300,1600,115.76,416.71,550,273,432,995.28,525,1183.8,455.96,457.53,638.37,1021.02,670,850.81,600,957.2,990,660,546,437.5,1000,648.70000000000005,420,1580,3300,578,300,1280,740.81,315,273,546,300,802.23,375,798,1200,393,926.1,1000,250,327,315,1375,2216,173.63,416.71,800,432,995.28,1020,1183.8,945,457.53,864.65,638.37,1021.02,670,143.25,850.81,600,957.2,785,275]
["21-9.",787.5,327.47000000000003,840,1264,2788.72,450,446.68,1108,810.33,1080,546,520,600,254,680,2300,379,500,589,1000,840,1200,250,463.05,601.91,750,514.5,995.28,765,99.75,1500,988.2,350,230.42,319.2,926.1,319.5,315,401.1,260,340.3,800,303.87,550,550,780,787.5,330.61,1050,1264,446.68,1108,771.75,650.9,557,210,520,600,242.55,600,680,1800,364,500,560,1200,840,115.76,601.91,750,286.5,514.5,995.28,1500,988.2,531.96,230.42,319.19,926.1,315,340.3,800,303.87,330,550,780,208,787.5,330.61,1050,1264,1150,882,450,446.68,810.26,420,546,520,600,242.55,600,680,2300,402,1000,500,250,588,1200,840,1108,463.05,601.91,850,514.5,995.28,765,988.2,595.35,230.42,699.95,319.2,926.1,315,260,340.3,800,303.87,550,550]
["21-10.",525,314.37,750,632,466.45,350,319.05,1108,520.88,810,393.75,420,300,254,600,1200,364,500,561,600,551.25,1000,230,463.05,451.22,525,422,557.28,630,89.25,750,768.6,350,230.42,319.2,625.11,319.5,415,267.39999999999998,130,340.3,550,303.87,550,550,585,525,317.37,750,632,319.05,1108,496.12,650.9,401.5,390,420,300,242.55,500,600,1200,364,500,535,1000,740,115.76,451.22,525,286.5,422,557.28,750,768.6,531.96,230.42,319.2,625.11,415,340.3,550,303.87,286,550,585,208,525,299.38,750,632,472.5,262.5,350,319.05,520.88,420,393.75,420,300,242.55,500,600,1200,364,600,500,230,535,1000,740,1108,463.05,451.22,525,422,557.28,630,768.6,446.51,230.42,494.05,319.2,625.11,415,130,340.3,550,303.87,550,550]
["21-11.",2500,1499.4,3500,3000,1824.48,600,1116.72,1500,2500,2280,546,1560,150,254,475,5000,554,1000,1168,1653.75,1890,1800,500,3500,1203.93,1575,1234.8,2654.08,510,399,3000,1427.4,500,341.77,638.37,2800,1492.47,620,266.82,520,340.3,1800,911.62,1525,1100,1040,2500,1544.68,3500,3000,1116.72,1500,2500,2080,557,1100,1560,150,242.55,1100,475,4500,437,1000,1210,1800,3200,115.76,1203.93,1575,573.25,1234.8,2654.08,3000,1427.4,1969.5,341.77,638.36,2800,620,340.3,1800,911.62,660,1320,1040,900,2500,1529.39,3500,3000,1470,882,600,1116.72,2500,1260,546,1560,150,242.55,1100,475,5000,758,1653.75,1000,500,1165,1800,3500,1500,3500,1203.93,1725,1234.8,2654.08,510,1427.4,1488.37,341.77,1070.5,638.37,2800,620,520,340.3,1800,909.41,1460,1100]
["21-12.",1500,863.65,1500,1500,644,350,797.66,1500,1200,1380,393.75,210,150,382,455,1000,420,500,589,882,1200,1500,230,463.05,752.09,845,317,975.24,510,178.5,2100,1098,350,341.77,606,2025,608.58000000000004,620,266.82,375,340.3,900,911.62,550,880,845,1500,889.73,1500,1500,797.66,1500,1200,978.49,401.5,390,210,150,363.82,500,455,1000,437,500,615,1500,3000,115.76,752.09,780,573.25,317,975.24,1050,1098,911.92,341.77,605.99,2025,620,340.3,1200,911.62,570,550,845,900,1500,872.29,1500,1500,934.5,262.5,350,797.66,1200,1260,393.75,210,150,363.82,500,455,1000,481,882,500,230,588,1500,3200,1500,463.05,752.09,865,317,975.24,510,1098,964.68,341.77,741.1,606,2025,620,375,340.3,900,911.62,550,880]
["21-13.",525,323.99,575,316,530.20000000000005,350,431.79,554,370.44,570,400,260,300,267.39999999999998,415,1000,296,250,288,463.05,504,300,483,115.76,234.86,500,235,457.8,510,178.5,750,988.2,350,230.42,312.25,501.38,552,275,266.82,286.5,700,400,520.88,390,275,500,525,320.89999999999998,575,330,422.58,554,352.8,525,520,390,260,300,267.39999999999998,350,415,1000,284,250,270,300,810,115.76,234.86,500,273,235,457.8,750,988.2,303.98,230.42,312.25,501.38,275,700,400,520.88,143,380,500,218,500,320.92,575,316,367.5,262.5,350,431.79,370.4,315,400,260,300,267.39999999999998,350,415,1000,364,463.05,250,483,288,300,810,554,115.76,234.86,500,235,457.8,510,988.2,275.62,230.42,489,312.25,501.38,275,286.64999999999998,700,400,520.88,390,275]
["21-15.",500,582.63,575,474,767.7,350,542.47,1108,578.80999999999995,1140,450,520,600,509,598.5,1000,371,262.5,535,578.80999999999995,555.66,300,241.5,289.39999999999998,463.05,525,225,610.4,636.45000000000005,267.75,750,988.2,350,114.66,312.25,700,319.5,460,334.23,451,340.3,700,630,490,485,500,500,582.62,575,490,542.4,1108,551.25,525,562.27,260,520,600,509.35,400,598.5,1000,364,262.5,535,300,1458,115.76,463.05,525,546,215,610.4,750,988.2,303.98,114.66,312.25,700,460,340.3,700,630,286,550,500,520,500,582.62,575,487,525,525,350,545.14,578.76,220.5,450,520,600,606.37,400,598.5,1000,364,578.80999999999995,262.5,241.5,535,300,1620,1108,289.39999999999998,463.05,525,215,610.4,606.36,988.2,409.02,114.66,605.25,312.25,700,460,451,340.3,700,630,490,485]
["21-16.",315,411.6,210,316,952.32,350,335.01,554,405.13,502.5,350,260,300,267.3,475,750,247,131.25,270,347.28,138.91,200,115,173.63,266.12,375,215,381.5,472.5,178.5,393.75,768.6,350,114.66,156.13,450,319.5,315,334.23,300,340.3,400,420,275,242,260,315,411.6,315,330,335.02,554,385.87,265,413.43,390,260,300,267.39999999999998,350,475,750,291,131.25,270,200,972,115.76,266.12,375,273,215,381.5,393.75,768.8,303.98,114.66,156.13,450,315,340.3,300,420,286,275,260,328,315,411.6,315,325,550,262.5,350,335.01,405.12,210,350,260,300,267.39999999999998,350,475,750,285,347.28,131.25,115,270,200,1080,554,173.63,266.12,375,215,381.5,472.5,768.6,297.67,114.66,345.8,156.13,450,315,300,340.3,400,420,272,242]
["21-17.",400,317.87,210,316,553.44000000000005,350,223.32,554,405.13,515,390,260,150,382,450,500,196,250,450,347.28,420,1750,230,115.76,225.6,500,215,534.1,520.73,149.62,750,658.8,325,114.66,156.13,319.05,319.5,460,509.25,204.75,340.3,250,486.2,340,495,130,400,317.87,315,330,223.32,554,385.87,391.6,417.7,260,260,150,363.82,425,450,500,196,250,450,1750,810,115.76,225.63,500,273,215,534.1,750,658.8,190.02,114.66,156.13,319.06,460,340.3,350,486.2,143,340,130,357,400,305.64,315,325,367.5,262.5,350,223.32,405.12,105,390,260,150,401.11,425,450,500,196,347.28,250,230,450,1750,810,554,115.76,225.63,500,225,534.1,520.73,658.8,425.25,114.66,489,156.13,319.06,460,204.75,340.3,250,486.2,340,495]
["21-18.",500,302.88,105,158,1252.48,350,317.68,554,324.13,435,520,136.5,150,127.3,380,500,175,125,283,220.5,264.60000000000002,150,125,115.76,150.41999999999999,500,118,663.52,420,99.75,500,768.8,250,114.66,159.6,319.05,313.41000000000003,315,198.45,136.5,170.15,300,255.22,155,275,130,500,297.02,157.5,165,299.01,554,308.7,265,139.19999999999999,315,136.5,150,121.27,300,380,500,182,125,270,150,540,115.76,150.41999999999999,500,278,118,663.52,500,768.8,227.97,114.66,156.13,319.06,315,170.15,300,255.22,143,155,130,208,500,299.88,157.5,162.5,600,262.5,350,317.68,324.10000000000002,105,520,136.5,150,133.69,300,380,500,182,220.5,125,125,283,150,540,554,115.76,150.41999999999999,500,113,663.52,420,768.8,297.67,114.66,443.55,159.6,319.06,315,136.5,170.15,300,255.22,155,275]
["21-19.",400,297.02,105,158,836.16,350,223.32,554,324.13,300,260,260,150,133.6,570,450,182,125,283,231.52,138.91,315,250,115.76,150.41999999999999,500,225,248.82,577.5,149.62,500,549,250,230.42,159.6,319.05,313.41000000000003,450,198.45,136.5,170.15,300,255.22,330,275,130,400,297.11,157.5,165,223.32,554,308.7,265,292.42,315,260,150,133.68,300,570,450,188,125,270,300,810,115.76,150.41999999999999,500,139,225,248.82,500,549,227.97,230.42,159.6,319.06,450,170.15,300,255.22,143,275,130,208,400,297.02,157.5,162.5,550,135,350,223.32,324.10000000000002,220.5,260,260,150,133.69,300,570,450,182,231.52,125,250,283,315,810,554,115.76,150.41999999999999,500,225,248.82,577.5,549,223.25,230.42,443.55,159.6,319.06,450,136.5,170.15,300,255.22,330,275]
["21-20.",330.75,296.82,315,158,399.44,350,367.5,554,347.28,390,260,260,300,133.6,400,500,189,131.25,395,231.52,480,315,115,115.76,225.63,375,215,228.9,472.5,99.75,500,658.8,300,230.42,156.13,350.95,313.41000000000003,315,200.55,214.5,170.15,350,255.2,355,275,260,330.75,299.79000000000002,315,165,385.87,554,330.75,265,292.42,315,260,300,133.68,375,400,500,188,131.25,395,300,810,115.76,225.63,375,278,215,228.9,500,658.8,189.98,230.42,156.13,350.95,315,170.15,400,255.22,143,330,260,105,330.75,296.82,315,162.5,450,262.5,350,367.5,347.25,220.5,260,260,300,133.69,375,400,500,204,231.52,131.25,115,395,315,810,554,115.76,225.63,375,215,228.9,472.5,658.8,223.25,230.42,345.8,156.13,350.95,315,214.5,170.15,350,255.22,355,275]
["21-21.",625,428.4,105,316,601.73,450,223.32,554,370.44,570,260,273,300,267.39999999999998,399,500,207,250,283,600,277.83,315,250,115.76,150.41999999999999,500,235,331.76,441,149.62,367.5,549,210,230.42,319.2,319.05,319.5,315,267.39999999999998,273,170.15,350,319.06,330,275,500,625,420,105,330,223.32,554,352.8,265,292.42,315,273,300,254.67,300,399,500,204,250,280,300,810,115.76,150.41999999999999,500,136.5,235,331.76,367.5,549,303.98,230.42,319.2,319.06,315,170.15,350,319.06,143,330,500,218,625,428.4,105,325,600,262.5,450,223.32,369.56,315,260,273,300,267.39999999999998,300,399,500,255,600,250,250,283,315,810,554,115.76,150.41999999999999,500,235,331.76,441,549,297.67,230.42,443.55,319.2,319.06,315,273,170.15,350,319.06,330,275]
["21-22.",1000,571.20000000000005,210,632,1560.4,450,335.01,554,555.66,975,260,409.5,300,509.3,435,1000,364,250,535,600,555.66,315,375,115.76,225.63,1000,355,663.52,510,199.5,750,878.4,262.5,457.53,478.78,510.5,319.5,415,401.1,409.5,255.2,600,446.64,355,550,273,1000,571.20000000000005,315,632,335.01,554,529.20000000000005,525,292.42,315,409.5,300,509.35,575,435,1000,371,250,535,300,810,144.69999999999999,225.63,1000,273,355,663.52,750,878.4,303.98,457.53,478.79,510.51,415,255.2,600,446.64,275,370,273,437,1000,571.20000000000005,315,632,600,525,450,335.01,555.4,315,260,409.5,300,534.80999999999995,575,435,1000,382,600,250,375,561,315,810,554,115.76,225.63,1000,340,663.52,510,878.4,372.64,457.53,518.75,478.78,510.51,415,409.5,255.22,600,446.64,355,550]
["21-23.",2500,4200,1680,3500,2048.9,450,446.68,3462.5,3500,5640,1040,3120,1200,802.2,1200,6000,656,500,2670,2205,2662.53,3000,500,173.63,1504.91,2000,645,4810.5200000000004,1275,299.25,2887.5,2305.8000000000002,577.5,2646,957.56,3000,639,2050,534.70000000000005,1300,850.81,600,510.51,660,2750,1820,2500,3402,2100,3500,446.68,3462.5,3500,3000,1169.49,2250,3120,1200,802.21,2750,1200,5000,727,500,2550,3000,1134,144.69999999999999,1504.91,2000,556,645,4810.5200000000004,2887.5,2305.8000000000002,531.96,2646,957.56,3150,2050,850.81,600,510.45,165,690,1820,2200,2500,2520,2100,3500,945,2500,450,446.68,3500,420,1040,3120,1200,802.23,2750,1200,6000,656,2205,500,500,2677,3000,1134,3462.5,173.63,1504.91,2000,645,4810.5200000000004,1275,2305.8000000000002,446.51,2646,1902.2,957.56,3000,2050,1300,850.81,600,510.51,660,2750]
["21-24.",4000,4900,2520,4500,3362.85,600,893.38,4847.5,4000,7050,1300,4420,1500,1069.5999999999999,960,8500,805,500,3550,2894.06,3820.16,3675,750,231.52,1961.24,2200,1075,6303.44,1020,498.75,3937.5,2854.8,787.5,3748.5,1276.74,4000,639,3050,534.70000000000005,1690,1021.02,1200,510.51,1100,3850,2080,4000,3969,3150,4500,893.38,4847.5,4000,3500,1461.91,3750,4420,1500,1069.6400000000001,3750,960,7500,955,500,3550,3500,1701,144.69999999999999,1967.96,2200,1112,1075,6303.44,3937.5,2854.8,759.96,3748.5,1276.75,4000,3050,1021.02,1200,510.45,330,1150,2080,3050,4000,3136,3150,4500,1050,2700,600,893.38,4000,525,1300,4420,1500,1337.04,3750,960,8500,875,2894.06,500,750,3725,3675,1701,4847.5,231.52,1961.24,2200,1075,6303.44,1020,2854.8,521.48,3748.5,3631.55,1276.74,4000,3050,1690,1021.02,1200,510.51,1100,3850]
["21-25.",525,330.59,210,316,624.16,600,335.01,277,370.44,570,260,260,300,254.6,500,1000,218,250,283,525,416.74,600,375,173.63,225.63,285,118,331.76,577.5,99.75,525,768.6,300,230.42,159.6,357.34,319.5,315,133.69,286.5,170.15,600,255.22,440,275,500,525,315.06,315,330,335.01,277,352.8,265,292.42,315,260,300,242.55,300,500,1000,262,250,280,600,540,144.69999999999999,225.63,285,278,118,331.76,525,768.6,303.98,230.42,159.6,357.34,315,170.15,600,255.22,165,440,500,218,525,324.32,315,325,420,262.5,600,335.01,370.4,105,260,273,300,267.39999999999998,300,500,1000,284,525,250,375,309,600,540,277,173.63,225.63,375,118,331.76,577.5,768.6,540,230.42,489,159.6,357.34,315,286.64999999999998,170.15,600,255.22,440,275]
["21-26.",750,463.31,420,316,940.96,600,446.68,145.41999999999999,486.2,870,390,273,450,267.39999999999998,500,1200,320,250,561,850,630,900,375,231.52,358.69,525,235,331.76,630,99.75,1000,1207.8,350,229.32,319.2,357.34,319.5,315,267.39999999999998,286.5,340.3,800,382.87,440,550,700,750,463.41,525,330,446.68,145.41999999999999,463.05,525,438.58,315,273,450,254.67,550,500,1200,363,250,535,900,1080,144.69999999999999,358.69,525,556,235,331.76,1000,1207.8,303.98,229.32,319.2,357.34,315,340.3,800,382.87,330,460,700,449,750,458.82,525,325,800,262.5,600,446.68,486.16,175,390,273,450,267.39999999999998,550,500,1200,364,850,250,375,561,900,1080,145.41999999999999,231.52,358.69,525,235,331.76,630,1207.8,675,230.42,665.33,319.2,357.34,315,286.64999999999998,340.3,800,382.87,440,550]
["21-27.",1500,1165.25,630,1264,3383.3,600,446.68,145.41999999999999,1212.75,2010,520,955.5,600,1018.7,595,3000,510,500,1110,1150,1111.32,1800,500,289.39999999999998,601.91,1050,430,1327.04,637,199.5,2000,2086.1999999999998,577.5,913.97,638.37,1148.6400000000001,319.5,1200,401.1,1040,510.45,1500,446.64,1100,1100,1200,1500,1153.82,840,1264,446.68,145.41999999999999,1212.75,995.81,584.85,1200,955.5,600,970.19,1200,595,3000,612,500,1060,1800,1134,144.69999999999999,601.91,1050,819,430,1327.04,2000,2086.1999999999998,379.96,913.97,638.37,1148.6400000000001,1200,510.45,1000,446.64,496,1100,1200,875,1500,1131.2,840,1264,945,882,600,446.68,1212.6300000000001,250,520,955.5,600,1069.6400000000001,1200,595,3000,656,1150,500,500,1110,1800,1134,145.41999999999999,289.39999999999998,601.91,1050,430,1327.04,637.5,2086.1999999999998,818.05,913.97,864.65,638.37,1148.6400000000001,1200,1040,510.45,1000,446.64,1100,1100]
["21-28.",2000,2100,840,2500,4526.05,750,446.68,145.41999999999999,1967.96,4200,780,2080,900,802.2,475,5000,603,500,1620,1504.91,2205,2400,750,289.39999999999998,983.51,1500,645,3151.72,510,399,2500,2305.8000000000002,577.5,1653.75,957.56,2205,479.25,1350,534.80999999999995,1300,680.66,2000,478.54,660,1650,1500,2000,2142,1050,2500,446.68,145.41999999999999,1874.25,2495,877.17,2250,2080,900,764.02,1650,475,4000,656,500,1550,2400,1701,144.69999999999999,983.51,1500,1092,645,3151.72,2500,2305.8000000000002,455.96,1653.75,957.55,2205,1350,680.66,2000,478.54,496,690,1500,1732,2000,1606.5,1050,2500,1155,1500,750,446.68,1967.78,365,780,2080,900,802.23,1650,475,5000,656,1504.91,500,750,1625,2400,1701,145.41999999999999,289.39999999999998,983.51,1500,645,3151.72,510,2305.8000000000002,892.5,1653.75,1210.5,957.56,2205,1350,1300,680.66,2000,478.54,660,1650]
["21-29.",393.75,165.29,210,158,576.21,540,385.87,277,439.89,270,520,143.30000000000001,150,127.3,500,750,204,250,283,500,277.83,315,250,173.63,150.41999999999999,500,235,165.88,577.5,99.75,750,549,295,114.66,319.2,520.91999999999996,319.5,315,198.45,273,340.3,450,382.87,330,275,500,393.75,165.3,315,165,385.87,277,418.95,265,520,315,143.30000000000001,150,242.55,300,500,750,204,250,270,300,810,144.69999999999999,150.41999999999999,500,520,235,165.88,750,549,227.97,114.66,319.2,520.91999999999996,315,340.3,450,382.87,165,330,500,416.74,393.75,165.3,315,162.5,525,135,540,385.87,439.86,315,520,143.30000000000001,150,133.69,300,500,750,204,500,250,250,290,315,810,277,173.63,150.41999999999999,500,235,165.88,577.5,549,357,114.66,664.35,319.2,520.91999999999996,315,273,340.3,450,382.87,330,275]
["21-30.",750,599.76,840,474,1260.24,750,446.68,436.17,555.66,840,520,409.5,600,382,625,1500,428,250,560,725,416.74,630,500,173.63,312.38,1000,355,663.52,765,149.62,1000,1207.8,367.5,341.77,319.2,752.45,608.58000000000004,460,401.1,409.5,510.45,800,382.87,440,550,600,750,611.82000000000005,1050,490,446.68,436.17,529.20000000000005,525,584.85,900,409.5,600,363.82,575,625,1500,415,250,535,600,1080,144.69999999999999,312.38,1000,546,355,663.52,1000,1207.8,455.96,341.77,319.2,752.45,460,510.45,800,382.87,330,460,600,218,750,599.76,1050,487,750,393.75,750,446.68,555.61,315,520,409.5,600,401.11,575,625,1500,437,725,250,500,585,630,1080,436.17,173.63,312.38,1000,355,663.52,765,1207.8,595.35,341.77,776.21,319.2,752.45,460,409.5,510.45,800,382.87,440,550]
["21-31.",656.25,840,630,316,2346.7199999999998,750,446.68,145.41999999999999,370.44,1200,390,286.5,600,254.6,435,2500,320,250,430,694.57,416.74,210,500,115.76,225.63,1000,235,663.52,510,199.5,1000,1427.4,367.5,341.77,319.2,716.62,596.98,315,401.1,409.5,340.3,800,446.64,330,410,600,656.25,840,840,330,446.68,145.41999999999999,352.8,0,438.58,1000,286.5,600,242.55,450,435,2500,320,250,450,200,1080,144.69999999999999,225.63,1000,273,235,663.52,1000,1427.4,455.96,341.77,319.2,716.62,315,340.3,800,446.64,496,345,600,416,656.25,680.4,840,325,950,262.5,750,446.68,370.4,420,390,286.5,600,267.39999999999998,450,450,2500,364,661.5,250,500,455,210,1080,145.41999999999999,115.76,225.63,1000,235,663.52,510,1427.4,446.51,341.77,739.25,319.2,752.45,315,409.5,340.3,800,446.64,330,410]
["21-32.",1050,1400,840,1200,1784.88,600,446.68,145.41999999999999,740.88,1200,390,1430,600,509.3,650,1500,364,250,296,694.57,1008,420,375,115.76,381.83,1000,355,1990.56,765,249.37,525,1756.8,367.5,457.53,319.2,1041.8599999999999,319.5,825,267.39999999999998,780,680.66,900,446.64,880,275,273,1050,1400,1050,1200,446.68,145.41999999999999,705.6,1200,438.58,1200,1430,600,534.80999999999995,350,650,1500,379,250,311,400,2160,144.69999999999999,381.83,1000,546,355,1990.56,525,1756.8,303.98,457.53,319.2,1041.8599999999999,825,680.66,900,446.64,165,825,273,228,1050,952,1050,1200,735,1050,600,446.68,740.81,315,390,1430,600,534.80999999999995,350,680,1500,402,694.57,250,375,310,420,2160,145.41999999999999,115.76,381.83,1000,355,1990.56,765,1756.8,446.51,457.53,778.18,319.2,1041.8599999999999,825,780,680.66,900,446.64,875,275]
["21-33.",393.75,293.88,210,158,400,540,309.95,290.85000000000002,314.87,502.5,390,136.5,300,127.3,380,450,189,250,290,347.28,277.83,210,241.5,115.76,150.41999999999999,375,118,152.6,420,99.75,750,549,350,114.66,312.25,175.46,313.41000000000003,315,133.69,214.85,340.3,300,280.77,230,275,260,375,294,315,165,300.98,290.85000000000002,299.88,265,292.42,210,136.5,300,133.68,350,380,450,188,250,270,200,1458,144.69999999999999,150.41999999999999,375,273,118,152.6,500,549,151.97,114.66,312.25,175.46,315,324.13,250,280.77,165,230,260,218,393.75,302.73,315,162.5,367.5,135,540,325.48,314.83999999999997,175,390,136.5,300,133.69,350,380,450,189,347.28,250,241.5,280,210,1620,290.85000000000002,115.76,150.41999999999999,375,118,152.6,420,549,405,114.66,443.55,312.25,175.46,315,214.85,340.3,250,280.77,230,275]
["21-34.",500,548.79999999999995,420,158,1060.32,750,436.02,290.85000000000002,370.44,570,390,136.5,150,127.3,415,600,218,250,435,500,277.83,525,460,173.63,150.41999999999999,500,235,457.8,510,199.5,1000,768.6,367.5,452.02,312.25,546.96,552,155,266.77,204.5,425.35,700,280.77,355,410,520,500,548.79999999999995,525,165,427.68,290.85000000000002,352.8,525,438.58,440,136.5,150,133.68,425,415,600,218,250,395,500,1080,144.69999999999999,150.41999999999999,500,273,235,457.8,1000,768.6,379.96,452.02,312.25,546.96,155,425.35,650,280.77,330,355,520,416,500,495.29,525,162.5,472.5,459.38,750,429.82,370.4,315,390,136.5,150,133.69,425,415,600,218,500,250,460,410,525,1080,290.85000000000002,173.63,150.41999999999999,500,235,457.8,510,768.6,540,452.02,665.33,312.25,546.96,155,204.5,425.35,500,280.77,355,410]
["21-35.",600,785.4,450,319.16000000000003,950,550,478.59,800,900,350,800,286.64999999999998,300,254.6,630,800,486,500,550,900,900,315,250,289.39999999999998,634.23,750,810,366.08,752,401,787.5,630,367.5,578.80999999999995,319.2,510.5,870,315,401.1,520,607.74,500,319.06,815,550,500,600,770,450,330,478.59,800,787.5,350,815.32,800,286.64999999999998,300,267.39999999999998,800,630,800,486,500,550,300,682.5,800,634.23,750,735,810,366.08,787.5,630,795,578.80999999999995,319.2,510.51,315,607.74,500,319.06,551,770,500,749.3,600,708.82,450,328,787.5,1000,550,478.59,900,750,800,286.64999999999998,300,267.39999999999998,950,630,800,486,900,500,250,570,315,810,800,289.39999999999998,634.23,1000,810,366.08,752,1000,800,578.80999999999995,777.04,319.2,510.51,315,520,607.74,500,319.06,815,550]
["21-36.",330.75,330.61,450,319.16000000000003,400,400,420,262.5,347.28,500,350,260,300,254.6,400,500,182,250,375,400,405.16,315,131.25,173.63,317.10000000000002,500,230,298.69,498.75,300.75,500,367.5,350,347.28,319.2,319.05,465,315,388.05,214.85,170.15,350,319.06,475,137,260,330.75,318.14999999999998,450,330,420,262.5,330.75,450,500,375,260,300,267.39999999999998,475,400,500,182,250,375,300,472.5,500,317.10000000000002,500,347.5,230,298.69,500,367.5,492.38,347.28,319.2,319.06,315,170.16,350,319.06,275.5,450,260,344,330.75,324.32,450,328,550,420,550,420,347.25,315,350,260,300,267.39999999999998,375,400,500,182,400,250,157.5,550,315,540,262.5,173.63,317.10000000000002,500,230,298.69,550,367.5,354.9,347.28,345.84,319.2,319.06,315,214.85,170.16,350,319.06,475,137]

{"sheet":"Lookups","index":3,"n_rows":132,"n_cols":4,"rows_kept":132,"cut":false,"hidden":true,"merged":[]}
["GC#","Region","CID#","Name"]
["GC728","Central",462,"Advanced Environmental Technologies, LLC"]
["GC729","Central",236,"AECOM Technical Services, Inc."]
["GC730","Central",1364,"Aerostar SES LLC"]
["GC731","Central",1259,"Wood Environment & Infrastructure Solutions, Inc."]
["GC732","Central",6,"American Compliance Technologies, Inc. d/b/a ACT Environmental & Infrastructure"]
["GC733","Central",431,"Andreyev Engineering, Inc."]
["GC734","Central",1224,"Apex Companies, LLC"]
["GC735","Central",1395,"AHS-GEAR LLC"]
["GC737","Central",145,"ARCADIS U.S., Inc."]
["GC738","Central",896,"Ardaman & Associates, Inc."]
["GC739","Central",787,"ATC Group Services, LLC dba Atlas Technical"]
["GC741","Central",311,"GHD Services, Inc"]
["GC742","Central",453,"Creative Environmental Solutions, Inc."]
["GC743","Central",299,"Earth Systems, Inc."]
["GC745","Central",1373,"EcoTech Environmental Services, Inc."]
["GC746","Central",1158,"ECS-Florida, LLC"]
["GC748","Central",80,"Environmental Consulting & Technology, Inc."]
["GC749","Central",440,"EnviroTrac Ltd., Inc."]
["GC750","Central",1317,"Fourtune 4, Inc. dba EAC-Environmental Assessment & Consulting"]
["GC751","Central",542,"Environmental Risk Management, Inc."]
["GC752","Central",1397,"Envisors-Ensouth Joint Venture, LLC"]
["GC753","Central",1147,"FRS Environmental Remediation, Inc. d/b/a Montrose Environmental Solutions"]
["GC755","Central",269,"Florida Geotechnical Engineering, Inc."]
["GC757","Central",1200,"Geo Resources & Engineering, Inc."]
["GC758","Central",360,"Geosyntec Consultants, Inc."]
["GC759","Central",144,"GLE Associates, Inc."]
["GC761","Central",1070,"Groundwater & Environmental Services, Inc."]
["GC762","Central",1184,"Handex Consulting & Remediation-Southeast, LLC"]
["GC763","Central",1380,"HLM Environmental Remediation, Inc."]
["GC764","Central",163,"HSW Consulting, LLC"]
["GC765","Central",921,"Hydro-Logic Associates, Inc."]
["GC766","Central",169,"Imperial Testing and Engineering, Inc."]
["GC768","Central",1409,"RNA Consulting Group, LLC"]
["GC769","Central",600,"MDM Services, Inc."]
["GC770","Central",1025,"PPM Consultants, Inc."]
["GC771","Central",222,"Professional Service Industries, Inc."]
["GC772","Central",302,"S&ME, Inc."]
["GC773","Central",1077,"Aptim Environment & Infrastructure, LLC"]
["GC774","Central",1244,"Southeastern Petroleum Contractors, Inc."]
["GC776","Central",1354,"Taylor Environmental Consulting LLC"]
["GC777","Central",559,"TERRA-COM Environmental Consulting, Inc."]
["GC778","Central",1128,"Terracon Consultants, Inc."]
["GC779","Central",1338,"Trident Treatment & Dewatering LLC d/b/a MAS Environmental LLC"]
["GC781","Central",433,"UNIVERSAL Solutions, Inc."]
["GC783","Central",1010,"Value Environmental Services, Inc."]
["GC784","Central",274,"Water & Air Research, Inc."]
["GC785","North",462,"Advanced Environmental Technologies, LLC"]
["GC786","North",236,"AECOM Technical Services, Inc."]
["GC787","North",1364,"Aerostar SES LLC"]
["GC788","North",1259,"Wood Environment & Infrastructure Solutions, Inc."]
["GC789","North",1224,"Apex Companies, LLC"]
["GC790","North",1395,"AHS-GEAR LLC"]
["GC792","North",145,"ARCADIS U.S., Inc."]
["GC793","North",1043,"Cameron-Cole, LLC"]
["GC794","North",787,"ATC Group Services, LLC dba Atlas Technical"]
["GC796","North",1185,"CDG Engineers & Associates, Inc."]
["GC797","North",311,"GHD Services, Inc"]
["GC798","North",453,"Creative Environmental Solutions, Inc."]
["GC799","North",299,"Earth Systems, Inc."]
["GC800","North",1118,"East Coast Environmental, Inc."]
["GC801","North",1373,"EcoTech Environmental Services, Inc."]
["GC802","North",1158,"ECS-Florida, LLC"]
["GC805","North",80,"Environmental Consulting & Technology, Inc."]
["GC806","North",440,"EnviroTrac Ltd., Inc."]
["GC807","North",1317,"Fourtune 4, Inc. dba EAC-Environmental Assessment & Consulting"]
["GC808","North",1147,"FRS Environmental Remediation, Inc. d/b/a Montrose Environmental Solutions"]
["GC809","North",81,"Gannett Fleming, Inc."]
["GC810","North",1386,"Georgia Oilmen's Services, Inc."]
["GC811","North",360,"Geosyntec Consultants, Inc."]
["GC812","North",144,"GLE Associates, Inc."]
["GC813","North",560,"Golder Associates, Inc."]
["GC814","North",1070,"Groundwater & Environmental Services, Inc."]
["GC815","North",1184,"Handex Consulting & Remediation-Southeast, LLC"]
["GC816","North",921,"Hydro-Logic Associates, Inc."]
["GC817","North",169,"Imperial Testing and Engineering, Inc."]
["GC818","North",176,"Jim Stidham & Associates, Inc."]
["GC820","North",600,"MDM Services, Inc."]
["GC821","North",1025,"PPM Consultants, Inc."]
["GC822","North",222,"Professional Service Industries, Inc."]
["GC823","North",1077,"Aptim Environment & Infrastructure, LLC"]
["GC824","North",559,"TERRA-COM Environmental Consulting, Inc."]
["GC825","North",1128,"Terracon Consultants, Inc."]
["GC827","North",1338,"Trident Treatment & Dewatering LLC d/b/a MAS Environmental LLC"]
["GC828","North",265,"Universal Engineering Sciences, Inc."]
["GC829","North",433,"UNIVERSAL Solutions, Inc."]
["GC831","North",274,"Water & Air Research, Inc."]
["GC832","North",1366,"WES Environmental, LLC"]
["GC833","South",462,"Advanced Environmental Technologies, LLC"]
["GC834","South",236,"AECOM Technical Services, Inc."]
["GC835","South",1364,"Aerostar SES LLC"]
["GC836","South",1259,"Wood Environment & Infrastructure Solutions, Inc."]
["GC837","South",10,"American Environmental Engineering of Florida, Inc."]
["GC838","South",1163,"American Management Resources Corporation"]
["GC839","South",431,"Andreyev Engineering, Inc."]
["GC840","South",1224,"Apex Companies, LLC"]
["GC842","South",145,"ARCADIS U.S., Inc."]
["GC843","South",1051,"BTEX Engineering, Inc."]
["GC844","South",787,"ATC Group Services, LLC dba Atlas Technical"]
["GC846","South",311,"GHD Services, Inc"]
["GC847","South",1396,"Creative Environmental Contracting, JV, LLC"]
["GC848","South",299,"Earth Systems, Inc."]
["GC849","South",1118,"East Coast Environmental, Inc."]
["GC850","South",1373,"EcoTech Environmental Services, Inc."]
["GC851","South",1158,"ECS-Florida, LLC"]
["GC853","South",80,"Environmental Consulting & Technology, Inc."]
["GC854","South",542,"Environmental Risk Management, Inc."]
["GC855","South",440,"EnviroTrac Ltd., Inc."]
["GC857","South",269,"Florida Geotechnical Engineering, Inc."]
["GC858","South",1317,"Fourtune 4, Inc. dba EAC-Environmental Assessment & Consulting"]
["GC859","South",1147,"FRS Environmental Remediation, Inc. d/b/a Montrose Environmental Solutions"]
["GC860","South",81,"Gannett Fleming, Inc."]
["GC861","South",1402,"AGUA LLC"]
["GC862","South",1200,"Geo Resources & Engineering, Inc."]
["GC863","South",360,"Geosyntec Consultants, Inc."]
["GC864","South",144,"GLE Associates, Inc."]
["GC866","South",1070,"Groundwater & Environmental Services, Inc."]
["GC867","South",1184,"Handex Consulting & Remediation-Southeast, LLC"]
["GC868","South",1380,"HLM Environmental Remediation, Inc."]
["GC870","South",169,"Imperial Testing and Engineering, Inc."]
["GC871","South",1198,"Kimberly Ann Brown and Associates, Inc."]
["GC873","South",600,"MDM Services, Inc."]
["GC874","South",218,"Panhandle Industries, Inc. d/b/a PI Environmental, Inc."]
["GC875","South",1025,"PPM Consultants, Inc."]
["GC876","South",222,"Professional Service Industries, Inc."]
["GC877","South",1077,"Aptim Environment & Infrastructure, LLC"]
["GC879","South",1354,"Taylor Environmental Consulting LLC"]
["GC880","South",559,"TERRA-COM Environmental Consulting, Inc."]
["GC881","South",1128,"Terracon Consultants, Inc."]
["GC883","South",1338,"Trident Treatment & Dewatering LLC d/b/a MAS Environmental LLC"]
["GC885","South",433,"UNIVERSAL Solutions, Inc."]
["GC887","South",1010,"Value Environmental Services, Inc."]